000
CXUS54 KMAF 011110
CF6INK
PRELIMINARY LOCAL CLIMATOLOGICAL DATA (WS FORM: F-6)
STATION: WINK
MONTH: MAY
YEAR: 2022
LATITUDE: 31 46 N
LONGITUDE: 103 12 W
TEMPERATURE IN F: :PCPN: SNOW: WIND :SUNSHINE: SKY :PK WND
================================================================================
1 2 3 4 5 6A 6B 7 8 9 10 11 12 13 14 15 16 17 18
12Z AVG MX 2MIN
DY MAX MIN AVG DEP HDD CDD WTR SNW DPTH SPD SPD DIR MIN PSBL S-S WX SPD DR
================================================================================
1 88 66 77 7 0 12 0.00 M M 20.1 36 140 M M 3 8 44 140
2 95 61 78 8 0 13 0.00 M M 13.4 30 270 M M 0 18 35 260
3 83 55 69 -1 0 4 0.00 M M 13.0 28 150 M M 0 33 150
4 91 67 79 8 0 14 0.00 M M 10.8 22 160 M M 0 18 26 160
5 86 54 70 -1 0 5 0.00 M M 9.3 28 20 M M 0 35 10
6 98 48 73 2 0 8 0.00 M M 6.0 22 280 M M 0 27 270
7 103 53 78 6 0 13 0.00 M M 11.6 35 250 M M 0 46 280
8 101 66 84 12 0 19 0.00 M M 14.8 28 240 M M 0 43 260
9 99 63 81 9 0 16 0.00 M M 13.2 26 250 M M 0 42 270
10 97 63 80 7 0 15 0.00 M M 12.8 35 130 M M 0 8 43 130
11 97 71 84 11 0 19 0.00 M M 22.1 36 140 M M 0 50 150
12 101 70 86 12 0 21 0.01 M M 13.2 30 150 M M 0 36 150
13 99 61 80 6 0 15 0.00 M M 6.2 15 260 M M 0 26 290
14 100 57 79 5 0 14 0.00 M M 7.2 20 160 M M 0 25 150
15 103 61 82 7 0 17 0.00 M M 6.5 15 170 M M 0 19 280
16 102 72 87 12 0 22 0.00 M M 12.9 29 290 M M 0 38 340
17 105 78 92 17 0 27 0.00 M M 16.0 32 140 M M 0 39 140
18 100 61 81 5 0 16 0.00 M M 10.4 23 290 M M 0 26 290
19 104 59 82 6 0 17 0.00 M M 10.7 28 250 M M 0 8 37 260
20 97 61 79 3 0 14 0.00 M M 12.6 29 250 M M 0 34 270
21 85 64 75 -2 0 10 0.00 M M 14.4 28 350 M M 3 8 33 360
22 73 55 64 -13 1 0 0.00 M M 11.1 25 60 M M 4 32 70
23 89 64 77 -1 0 12 0.03 M M 13.8 31 130 M M 2 3 37 140
24 88 55 72 -6 0 7 T M M 13.6 52 20 M M 2 38 60 20
25 80 47 64 -14 1 0 0.00 M M 7.2 16 360 M M 0 21 350
26 96 58 77 -2 0 12 0.00 M M 8.5 18 160 M M 0 23 170
27 103 64 84 5 0 19 0.00 M M 15.4 29 150 M M 0 34 150
28 107 71 89 10 0 24 T M M 13.6 32 160 M M 1 8 46 240
29 105 69 87 7 0 22 0.00 M M 13.6 31 150 M M 0 40 200
30 100 68 84 4 0 19 0.00 M M 12.8 25 250 M M 0 33 210
31 102 74 88 8 0 23 0.00 M M 15.5 32 150 M M 0 37 150
================================================================================
SM 2977 1936 2 449 0.04 M 382.3 M 15
================================================================================
AV 96.0 62.5 12.3 FASTST M M 0 MAX(MPH)
MISC ----> 52 20 60 20
================================================================================
NOTES:
# LAST OF SEVERAL OCCURRENCES
COLUMN 17 PEAK WIND IN M.P.H.
PRELIMINARY LOCAL CLIMATOLOGICAL DATA (WS FORM: F-6) , PAGE 2
STATION: WINK
MONTH: MAY
YEAR: 2022
LATITUDE: 31 46 N
LONGITUDE: 103 12 W
[TEMPERATURE DATA] [PRECIPITATION DATA] SYMBOLS USED IN COLUMN 16
AVERAGE MONTHLY: 79.2 TOTAL FOR MONTH: 0.04 1 = FOG OR MIST
DPTR FM NORMAL: 4.2 DPTR FM NORMAL: -1.36 2 = FOG REDUCING VISIBILITY
HIGHEST: 107 ON 28 GRTST 24HR 0.03 ON 23-23 TO 1/4 MILE OR LESS
LOWEST: 47 ON 25 3 = THUNDER
SNOW, ICE PELLETS, HAIL 4 = ICE PELLETS
TOTAL MONTH: M 5 = HAIL
GRTST 24HR M ON M 6 = FREEZING RAIN OR DRIZZLE
GRTST DEPTH: M ON M 7 = DUSTSTORM OR SANDSTORM:
VSBY 1/2 MILE OR LESS
8 = SMOKE OR HAZE
[NO. OF DAYS WITH] [WEATHER - DAYS WITH] 9 = BLOWING SNOW
X = TORNADO
MAX 32 OR BELOW: 0 0.01 INCH OR MORE: 2
MAX 90 OR ABOVE: 23 0.10 INCH OR MORE: 0
MIN 32 OR BELOW: 0 0.50 INCH OR MORE: 0
MIN 0 OR BELOW: 0 1.00 INCH OR MORE: 0
[HDD (BASE 65) ]
TOTAL THIS MO. 2 CLEAR (SCALE 0-3) 30
DPTR FM NORMAL -11 PTCLDY (SCALE 4-7) 1
TOTAL FM JUL 1 2308 CLOUDY (SCALE 8-10) 0
DPTR FM NORMAL -143
[CDD (BASE 65) ]
TOTAL THIS MO. 449
DPTR FM NORMAL 124 [PRESSURE DATA]
TOTAL FM JAN 1 633 HIGHEST SLP 30.26 ON 22
DPTR FM NORMAL 170 LOWEST SLP 29.30 ON 29
[REMARKS]
#FINAL-05-22#