000
CXUS56 KFGZ 010910
CF6INW
PRELIMINARY LOCAL CLIMATOLOGICAL DATA (WS FORM: F-6)
STATION: WINSLOW AZ AIRPORT
MONTH: MAY
YEAR: 2021
LATITUDE: 35 1 N
LONGITUDE: 110 44 W
TEMPERATURE IN F: :PCPN: SNOW: WIND :SUNSHINE: SKY :PK WND
================================================================================
1 2 3 4 5 6A 6B 7 8 9 10 11 12 13 14 15 16 17 18
12Z AVG MX 2MIN
DY MAX MIN AVG DEP HDD CDD WTR SNW DPTH SPD SPD DIR MIN PSBL S-S WX SPD DR
================================================================================
1 88 47 68 9 0 3 0.00 M M 12.0 29 240 M M 0 36 230
2 83 49 66 7 0 1 0.00 M M 16.1 33 240 M M 0 43 290
3 75 47 61 1 4 0 T M M 11.4 28 260 M M 4 33 240
4 83 38 61 1 4 0 0.00 M M 8.7 23 260 M M 1 8 30 260
5 87 47 67 7 0 2 0.00 M M 5.5 18 40 M M 0 26 40
6 93 41 67 7 0 2 0.00 M M 8.6 26 220 M M 0 35 230
7 89 48 69 8 0 4 0.00 M M 12.4 26 210 M M 0 35 190
8 83 45 64 3 1 0 0.00 M M 11.5 26 260 M M 1 32 270
9 82 46 64 3 1 0 0.00 M M 11.4 29 230 M M 1 39 220
10 82 47 65 3 0 0 0.00 M M 14.3 28 240 M M 0 38 220
11 83 42 63 1 2 0 0.00 M M 7.7 20 270 M M 0 27 320
12 84 44 64 2 1 0 0.00 M M 7.9 17 310 M M 0 26 330
13 91 44 68 5 0 3 0.00 M M 9.3 24 220 M M 0 37 260
14 91 48 70 7 0 5 0.00 M M 9.9 23 210 M M 0 31 200
15 88 50 69 6 0 4 0.00 M M 11.2 26 210 M M 0 35 240
16 82 42 62 -2 3 0 0.00 M M 11.1 31 200 M M 0 41 180
17 75 47 61 -3 4 0 T M M 11.6 32 260 M M 1 39 260
18 85 49 67 3 0 2 0.00 M M 11.4 22 230 M M 0 30 320
19 89 54 72 7 0 7 0.00 M M 11.3 29 230 M M 0 37 230
20 87 60 74 9 0 9 0.00 M M 20.5 35 200 M M 0 44 200
21 76 48 62 -3 3 0 0.00 M M 20.9 40 210 M M 2 51 200
22 78 35 57 -9 8 0 0.00 M M 16.1 47 190 M M 0 8 59 200
23 78 31 55 -11 10 0 0.00 M M 7.8 22 250 M M 0 28 240
24 80 39 60 -6 5 0 0.00 M M 6.9 15 330 M M 0 19 340
25 89 37 63 -4 2 0 0.00 M M 7.6 24 240 M M 0 33 220
26 82 54 68 1 0 3 0.00 M M 9.0 20 240 M M 0 27 220
27 88 42 65 -2 0 0 0.00 M M 6.7 17 230 M M 0 22 230
28 93 47 70 2 0 5 0.00 M M 8.0 23 230 M M 0 29 250
29 92 45 69 1 0 4 0.00 M M 9.8 22 220 M M 0 33 210
30 91 46 69 1 0 4 0.00 M M 8.0 22 240 M M 0 32 180
31 90 49 70 1 0 5 0.00 M M 9.2 30 240 M M 0 37 230
================================================================================
SM 2637 1408 48 63 T M 333.8 M 10
================================================================================
AV 85.1 45.4 10.8 FASTST M M 0 MAX(MPH)
MISC ----> 47 190 59 200
================================================================================
NOTES:
# LAST OF SEVERAL OCCURRENCES
COLUMN 17 PEAK WIND IN M.P.H.
PRELIMINARY LOCAL CLIMATOLOGICAL DATA (WS FORM: F-6) , PAGE 2
STATION: WINSLOW AZ AIRPORT
MONTH: MAY
YEAR: 2021
LATITUDE: 35 1 N
LONGITUDE: 110 44 W
[TEMPERATURE DATA] [PRECIPITATION DATA] SYMBOLS USED IN COLUMN 16
AVERAGE MONTHLY: 65.2 TOTAL FOR MONTH: T 1 = FOG OR MIST
DPTR FM NORMAL: 1.5 DPTR FM NORMAL: -0.30 2 = FOG REDUCING VISIBILITY
HIGHEST: 93 ON 28, 6 GRTST 24HR T ON 3- 3 TO 1/4 MILE OR LESS
LOWEST: 31 ON 23 3 = THUNDER
SNOW, ICE PELLETS, HAIL 4 = ICE PELLETS
TOTAL MONTH: M 5 = HAIL
GRTST 24HR M ON M 6 = FREEZING RAIN OR DRIZZLE
GRTST DEPTH: M ON M 7 = DUSTSTORM OR SANDSTORM:
VSBY 1/2 MILE OR LESS
8 = SMOKE OR HAZE
[NO. OF DAYS WITH] [WEATHER - DAYS WITH] 9 = BLOWING SNOW
X = TORNADO
MAX 32 OR BELOW: 0 0.01 INCH OR MORE: 0
MAX 90 OR ABOVE: 7 0.10 INCH OR MORE: 0
MIN 32 OR BELOW: 1 0.50 INCH OR MORE: 0
MIN 0 OR BELOW: 0 1.00 INCH OR MORE: 0
[HDD (BASE 65) ]
TOTAL THIS MO. 48 CLEAR (SCALE 0-3) 30
DPTR FM NORMAL -58 PTCLDY (SCALE 4-7) 1
TOTAL FM JUL 1 4391 CLOUDY (SCALE 8-10) 0
DPTR FM NORMAL 70
[CDD (BASE 65) ]
TOTAL THIS MO. 63
DPTR FM NORMAL -3 [PRESSURE DATA]
TOTAL FM JAN 1 63 HIGHEST SLP M ON M
DPTR FM NORMAL -7 LOWEST SLP 29.46 ON 2
[REMARKS]
#FINAL-05-21#