000
CXUS55 KFGZ 040456
CLMINW
CLIMATE REPORT
NATIONAL WEATHER SERVICE FLAGSTAFF AZ
956 PM MST MON JUL 03 2023
...................................
...THE WINSLOW AZ AIRPORT CLIMATE SUMMARY FOR THE MONTH OF JUNE 2023...
CLIMATE NORMAL PERIOD 1991 TO 2020
CLIMATE RECORD PERIOD 1915 TO 2023
WEATHER OBSERVED NORMAL DEPART LAST YEAR`S
VALUE DATE(S) VALUE FROM VALUE DATE(S)
NORMAL
................................................................
TEMPERATURE (F)
RECORD
HIGH 108 06/21/2017
06/20/2016
06/26/1970
LOW 29 06/01/1919
HIGHEST 100 102 06/08
06/11
06/16
LOWEST 38 46 06/02
06/20
AVG. MAXIMUM 90.1 92.3 -2.2 94.5
AVG. MINIMUM 51.1 55.2 -4.1 58.9
MEAN 70.6 73.8 -3.2 76.7
DAYS MAX >= 90 17 20.7 -3.7 25
DAYS MAX <= 32 0 0.0 0.0 0
DAYS MIN <= 32 0 0.0 0.0 0
DAYS MIN <= 0 0 0.0 0.0 0
PRECIPITATION (INCHES)
RECORD
MAXIMUM 3.70 1927
MINIMUM 0.00 2017
TOTALS T 0.14 -0.14 0.30
DAILY AVG. T 0.00 -0.00 0.01
DAYS >= .01 0 1.5 -1.5 3
DAYS >= .10 0 0.5 -0.5 2
DAYS >= .50 0 0.0 0.0 0
DAYS >= 1.00 0 0.0 0.0 0
GREATEST
24 HR. TOTAL T 06/01 TO 06/01 0.17
06/02 TO 06/02
06/23 TO 06/23
DEGREE DAYS
HEATING TOTAL 2 8 -6 0
SINCE 7/1 4454 4327 127 MM
COOLING TOTAL 176 270 -94 360
SINCE 1/1 217 340 -123 MM
................................................................
WIND (MPH)
AVERAGE WIND SPEED 10.5
HIGHEST WIND SPEED/DIRECTION 36/210 DATE 06/11
36/210 06/19
HIGHEST GUST SPEED/DIRECTION 51/240 DATE 06/18
SKY COVER
POSSIBLE SUNSHINE (PERCENT) MM
AVERAGE SKY COVER 0.04
NUMBER OF DAYS FAIR 29
NUMBER OF DAYS PC 1
NUMBER OF DAYS CLOUDY 0
AVERAGE RH (PERCENT) 24
WEATHER CONDITIONS. NUMBER OF DAYS WITH
THUNDERSTORM 2 MIXED PRECIP 0
HEAVY RAIN 0 RAIN 0
LIGHT RAIN 2 FREEZING RAIN 0
LT FREEZING RAIN 0 HAIL 0
HEAVY SNOW 0 SNOW 0
LIGHT SNOW 0 SLEET 0
FOG 0 FOG W/VIS <= 1/4 MILE 0
HAZE 2
- INDICATES NEGATIVE NUMBERS.
R INDICATES RECORD WAS SET OR TIED.
MM INDICATES DATA IS MISSING.
T INDICATES TRACE AMOUNT.
$$