000
CXUS55 KDVN 011000
CF6IOW
PRELIMINARY LOCAL CLIMATOLOGICAL DATA (WS FORM: F-6)
STATION: IOWA CITY IA
MONTH: JUNE
YEAR: 2021
LATITUDE: 41 37 N
LONGITUDE: 91 33 W
TEMPERATURE IN F: :PCPN: SNOW: WIND :SUNSHINE: SKY :PK WND
================================================================================
1 2 3 4 5 6A 6B 7 8 9 10 11 12 13 14 15 16 17 18
12Z AVG MX 2MIN
DY MAX MIN AVG DEP HDD CDD WTR SNW DPTH SPD SPD DIR MIN PSBL S-S WX SPD DR
================================================================================
1 78 50 64 -4 1 0 0.00 M M 4.6 12 160 M M 4 12 18 210
2 81 53 67 -2 0 2 0.00 M M 1.9 10 330 M M 1 15 100
3 88 54 71 2 0 6 0.00 M M 6.2 16 250 M M 0 23 260
4 89 63 76 6 0 11 0.00 M M 9.3 20 170 M M 0 27 180
5 92 66 79 9 0 14 0.00 M M 9.3 20 190 M M 1 28 230
6 87 65 76 6 0 11 0.00 M M 7.9 22 170 M M 2 30 180
7 87 68 78 8 0 13 0.00 M M 7.3 20 140 M M 1 26 150
8 90 71 81 10 0 16 0.04 M M 4.5 20 180 M M 1 3 26 180
9 92 68 80 9 0 15 0.00 M M 3.5 12 140 M M 2 15 70
10 95 69 82 11 0 17 0.00 M M 2.4 13 300 M M 1 3 16 310
11 95 71 83 11 0 18 0.00 M M 4.0 23 300 M M 0 30 310
12 91 65 78 6 0 13 0.00 M M 8.4 18 360 M M 2 26 320
13 93 61 77 5 0 12 0.00 M M 4.4 13 10 M M 0 19 330
14 88 63 76 4 0 11 0.00 M M 6.1 14 360 M M 1 19 20
15 89 59 74 2 0 9 0.00 M M 5.5 17 20 M M 0 24 10
16 86 63 75 2 0 10 0.00 M M 6.2 14 150 M M 0 19 150
17 95 66 81 8 0 16 0.09 M M 8.7 28 170 M M 1 3 40 170
18 92 74 83 10 0 18 0.01 M M 5.3 16 40 M M 0 3 21 30
19 92 66 79 6 0 14 0.00 M M 5.9 15 300 M M 0 22 300
20 82 65 74 0 0 9 0.30 M M 9.1 26 280 M M 5 13 42 290
21 72 51 62 -12 3 0 0.00 M M 13.0 28 320 M M 3 39 320
22 81 45 63 -11 2 0 0.77 M M 6.6 21 230 M M 3 13 28 240
23 85 62 74 0 0 9 0.18 M M 11.4 23 190 M M 5 1 33 180
24 84 70 77 3 0 12 0.26 M M 9.3 18 150 M M 5 13 25 150
25 83 72 78 4 0 13 0.45 M M 7.2 15 200 M M 8 13 22 190
26 82 70 76 1 0 11 0.35 M M 8.9 22 280 M M 7 18 29 280
27 81 67 74 -1 0 9 0.00 M M 5.1 14 270 M M 5 18 280
28 82 71 77 2 0 12 T M M 3.9 10 150 M M 6 13 140
29 77 70 74 -1 0 9 0.22 M M 4.5 13 210 M M 8 1 18 200
30 88 68 78 3 0 13 0.00 M M 2.9 10 10 M M 4 12 14 10
================================================================================
SM 2597 1926 6 323 2.67 M 193.3 M 76
================================================================================
AV 86.6 64.2 6.4 FASTST M M 3 MAX(MPH)
MISC ----> # 28 170 42 290
================================================================================
NOTES:
# LAST OF SEVERAL OCCURRENCES
COLUMN 17 PEAK WIND IN M.P.H.
PRELIMINARY LOCAL CLIMATOLOGICAL DATA (WS FORM: F-6) , PAGE 2
STATION: IOWA CITY IA
MONTH: JUNE
YEAR: 2021
LATITUDE: 41 37 N
LONGITUDE: 91 33 W
[TEMPERATURE DATA] [PRECIPITATION DATA] SYMBOLS USED IN COLUMN 16
AVERAGE MONTHLY: 75.4 TOTAL FOR MONTH: 2.67 1 = FOG OR MIST
DPTR FM NORMAL: 3.0 DPTR FM NORMAL: -2.62 2 = FOG REDUCING VISIBILITY
HIGHEST: 95 ON 17,11 GRTST 24HR 0.95 ON 22-23 TO 1/4 MILE OR LESS
LOWEST: 45 ON 22 3 = THUNDER
SNOW, ICE PELLETS, HAIL 4 = ICE PELLETS
TOTAL MONTH: M 5 = HAIL
GRTST 24HR M ON M 6 = FREEZING RAIN OR DRIZZLE
GRTST DEPTH: M ON M 7 = DUSTSTORM OR SANDSTORM:
VSBY 1/2 MILE OR LESS
8 = SMOKE OR HAZE
[NO. OF DAYS WITH] [WEATHER - DAYS WITH] 9 = BLOWING SNOW
X = TORNADO
MAX 32 OR BELOW: 0 0.01 INCH OR MORE: 10
MAX 90 OR ABOVE: 10 0.10 INCH OR MORE: 7
MIN 32 OR BELOW: 0 0.50 INCH OR MORE: 1
MIN 0 OR BELOW: 0 1.00 INCH OR MORE: 0
[HDD (BASE 65) ]
TOTAL THIS MO. 6 CLEAR (SCALE 0-3) 19
DPTR FM NORMAL -7 PTCLDY (SCALE 4-7) 11
TOTAL FM JUL 1 6326 CLOUDY (SCALE 8-10) 0
DPTR FM NORMAL 214
[CDD (BASE 65) ]
TOTAL THIS MO. 323
DPTR FM NORMAL 90 [PRESSURE DATA]
TOTAL FM JAN 1 415 HIGHEST SLP 30.24 ON 1
DPTR FM NORMAL 101 LOWEST SLP 29.49 ON 20
[REMARKS]
#FINAL-06-21#