000
CXUS51 KCTP 010900
CF6IPT
PRELIMINARY LOCAL CLIMATOLOGICAL DATA (WS FORM: F-6)
STATION: WILLIAMSPORT PA
MONTH: JANUARY
YEAR: 2024
LATITUDE: 41 15 N
LONGITUDE: 76 55 W
TEMPERATURE IN F: :PCPN: SNOW: WIND :SUNSHINE: SKY :PK WND
================================================================================
1 2 3 4 5 6A 6B 7 8 9 10 11 12 13 14 15 16 17 18
12Z AVG MX 2MIN
DY MAX MIN AVG DEP HDD CDD WTR SNW DPTH SPD SPD DIR MIN PSBL S-S WX SPD DR
================================================================================
1 40 34 37 8 28 0 0.04 T 0 3.3 10 330 M M 10 1 16 330
2 39 28 34 5 31 0 0.00 0.0 0 8.0 18 290 M M 7 24 280
3 38 27 33 4 32 0 0.00 0.0 0 3.0 12 280 M M 10 17 280
4 41 24 33 4 32 0 T 0.1 0 9.0 21 320 M M 6 1 30 310
5 38 22 30 2 35 0 0.00 0.0 T 4.1 14 240 M M 4 17 240
6 35 21 28 0 37 0 0.54 3.9 0 4.3 18 60 M M 6 126 24 60
7 38 31 35 7 30 0 0.14 0.6 4 5.9 12 270 M M 10 16 17 290
8 40 28 34 6 31 0 0.00 0.0 3 3.5 12 260 M M 9 1 16 260
9 53 28 41 13 24 0 2.06 1.0 2 14.2 31 90 M M 8 12 45 100
10 53 38 46 18 19 0 0.03 0.0 T 13.5 31 250 M M 9 1 44 270
11 45 37 41 13 24 0 0.00 0.0 0 7.5 17 280 M M 10 23 290
12 46 31 39 11 26 0 0.63 0.0 0 10.6 28 110 M M 5 1 39 120
13 47 31 39 11 26 0 0.33 T 0 14.7 35 260 M M 9 1 56 250
14 36 17 27 -1 38 0 T T 0 15.8 35 260 M M 4 50 240
15 26 13 20 -7 45 0 T T 0 3.6 17 260 M M 4 24 260
16 24 14 19 -8 46 0 0.28 5.2 3 7.5 21 300 M M 7 1 28 280
17 22 7 15 -12 50 0 0.00 0.0 3 9.0 23 250 M M 0 30 250
18 27 5 16 -11 49 0 0.00 0.0 2 1.4 9 140 M M 5 15 110
19 29 20 25 -2 40 0 0.17 1.5 3 3.9 12 320 M M 9 18 17 310
20 23 15 19 -8 46 0 T T 4 12.8 23 310 M M 8 34 290
21 32 15 24 -3 41 0 0.00 0.0 3 10.0 23 310 M M 4 32 300
22 32 8 20 -7 45 0 0.00 0.0 3 2.1 9 130 M M 3 14 130
23 36 30 33 6 32 0 0.20 0.0 3 0.7 6 80 M M 10 16 8 40
24 41 34 38 11 27 0 0.20 0.0 2 4.7 15 80 M M 10 18 25 70
25 48 36 42 15 23 0 0.08 0.0 0 1.2 7 240 M M 10 12 8 250
26 58 42 50 23 15 0 0.24 0.0 0 6.6 18 80 M M 10 1 26 140
27 48 38 43 16 22 0 0.03 0.0 0 2.9 12 90 M M 10 15 100
28 43 33 38 11 27 0 1.16 0.3 0 6.2 13 260 M M 10 1 17 70
29 40 35 38 11 27 0 0.00 T T 9.3 20 320 M M 10 29 330
30 37 33 35 8 30 0 0.00 0.0 0 6.8 20 160 M M 10 26 160
31 41 30 36 8 29 0 0.00 0.0 0 2.1 12 70 M M 9 16 110
================================================================================
SM 1196 805 1007 0 6.13 12.6 208.2 M 236
================================================================================
AV 38.6 26.0 6.7 FASTST M M 8 MAX(MPH)
MISC ----> # 35 260 56 250
================================================================================
NOTES:
# LAST OF SEVERAL OCCURRENCES
COLUMN 17 PEAK WIND IN M.P.H.
PRELIMINARY LOCAL CLIMATOLOGICAL DATA (WS FORM: F-6) , PAGE 2
STATION: WILLIAMSPORT PA
MONTH: JANUARY
YEAR: 2024
LATITUDE: 41 15 N
LONGITUDE: 76 55 W
[TEMPERATURE DATA] [PRECIPITATION DATA] SYMBOLS USED IN COLUMN 16
AVERAGE MONTHLY: 32.3 TOTAL FOR MONTH: 6.13 1 = FOG OR MIST
DPTR FM NORMAL: 4.6 DPTR FM NORMAL: 3.17 2 = FOG REDUCING VISIBILITY
HIGHEST: 58 ON 26 GRTST 24HR 2.06 ON 9- 9 TO 1/4 MILE OR LESS
LOWEST: 5 ON 18 3 = THUNDER
SNOW, ICE PELLETS, HAIL 4 = ICE PELLETS
TOTAL MONTH: 12.6 INCHES 5 = HAIL
GRTST 24HR 5.2 ON 16-16 6 = FREEZING RAIN OR DRIZZLE
GRTST DEPTH: 4 ON 20, 7 7 = DUSTSTORM OR SANDSTORM:
VSBY 1/2 MILE OR LESS
8 = SMOKE OR HAZE
[NO. OF DAYS WITH] [WEATHER - DAYS WITH] 9 = BLOWING SNOW
X = TORNADO
MAX 32 OR BELOW: 8 0.01 INCH OR MORE: 15
MAX 90 OR ABOVE: 0 0.10 INCH OR MORE: 11
MIN 32 OR BELOW: 21 0.50 INCH OR MORE: 4
MIN 0 OR BELOW: 0 1.00 INCH OR MORE: 2
[HDD (BASE 65) ]
TOTAL THIS MO. 1007 CLEAR (SCALE 0-3) 2
DPTR FM NORMAL -149 PTCLDY (SCALE 4-7) 12
TOTAL FM JUL 1 2829 CLOUDY (SCALE 8-10) 17
DPTR FM NORMAL -504
[CDD (BASE 65) ]
TOTAL THIS MO. 0
DPTR FM NORMAL 0 [PRESSURE DATA]
TOTAL FM JAN 1 0 HIGHEST SLP 30.61 ON 22
DPTR FM NORMAL 0 LOWEST SLP 28.98 ON 10
[REMARKS]
#FINAL-01-24#