000
CXUS53 KEAX 010836
CF6IRK
PRELIMINARY LOCAL CLIMATOLOGICAL DATA (WS FORM: F-6)
STATION: KIRKSVILLE MO
MONTH: FEBRUARY
YEAR: 2022
LATITUDE: 40 5 N
LONGITUDE: 92 33 W
TEMPERATURE IN F: :PCPN: SNOW: WIND :SUNSHINE: SKY :PK WND
================================================================================
1 2 3 4 5 6A 6B 7 8 9 10 11 12 13 14 15 16 17 18
12Z AVG MX 2MIN
DY MAX MIN AVG DEP HDD CDD WTR SNW DPTH SPD SPD DIR MIN PSBL S-S WX SPD DR
================================================================================
1 47 18 33 7 32 0 0.05 M M 12.5 25 360 M M 7 18 34 10
2 18 10 14 -13 51 0 0.14 M M 18.5 24 360 M M 9 18 34 10
3 17 5 11 -16 54 0 0.00 M M 13.5 23 10 M M 7 31 10
4 27 -2 13 -14 52 0 0.00 M M 9.0 20 300 M M 1 29 270
5 33 2 18 -9 47 0 0.00 M M 10.6 21 190 M M 0 29 190
6 46 24 35 8 30 0 0.00 M M 10.5 17 340 M M 2 26 210
7 37 14 26 -2 39 0 0.00 M M 5.5 12 210 M M 5 15 200
8 54 31 43 15 22 0 0.00 M M 8.9 18 210 M M 0 26 210
9 49 26 38 10 27 0 0.00 M M 9.0 24 290 M M 3 34 290
10 43 24 34 6 31 0 0.01 M M 9.3 17 210 M M 2 27 220
11 49 17 33 4 32 0 0.37 M M 13.9 25 310 M M 9 1 38 300
12 23 7 15 -14 50 0 T M M 8.9 20 330 M M 2 28 350
13 24 14 19 -10 46 0 0.00 M M 8.1 20 350 M M 4 8 26 340
14 42 13 28 -2 37 0 0.00 M M 7.1 14 320 M M 2 18 320
15 55 23 39 9 26 0 0.00 M M 12.5 22 180 M M 0 33 180
16 60 31 46 16 19 0 0.61 M M 14.2 23 200 M M 7 13 35 210
17 31 1 16 -15 49 0 0.12 M M 15.7 28 360 M M 7 1268 39 350
18 34 -2 16 -15 49 0 0.00 M M 12.7 23 230 M M 1 35 220
19 33 12 23 -8 42 0 0.00 M M 9.7 22 340 M M 1 31 340
20 55 21 38 6 27 0 0.00 M M 12.9 28 220 M M 0 43 220
21 62 33 48 16 17 0 0.00 M M 9.7 22 180 M M 0 29 160
22 50 11 31 -1 34 0 0.03 M M 14.8 23 290 M M 9 138 32 280
23 19 4 12 -21 53 0 0.00 M M 10.9 17 350 M M 2 25 350
24 22 14 18 -15 47 0 0.02 M M 9.1 17 40 M M 10 18 22 290
25 26 12 19 -15 46 0 0.00 M M 6.6 16 310 M M 7 18 23 320
26 38 10 24 -10 41 0 0.00 M M 5.0 13 210 M M 0 1 17 220
27 50 23 37 3 28 0 0.00 M M 6.3 15 270 M M 0 19 300
28 61 31 46 11 19 0 0.00 M M 7.8 14 260 M M 0 20 240
================================================================================
SM 1105 427 1047 0 1.35 M 293.2 M 97
================================================================================
AV 39.5 15.3 10.5 FASTST M M 3 MAX(MPH)
MISC ----> # 28 360 43 220
================================================================================
NOTES:
# LAST OF SEVERAL OCCURRENCES
COLUMN 17 PEAK WIND IN M.P.H.
PRELIMINARY LOCAL CLIMATOLOGICAL DATA (WS FORM: F-6) , PAGE 2
STATION: KIRKSVILLE MO
MONTH: FEBRUARY
YEAR: 2022
LATITUDE: 40 5 N
LONGITUDE: 92 33 W
[TEMPERATURE DATA] [PRECIPITATION DATA] SYMBOLS USED IN COLUMN 16
AVERAGE MONTHLY: 27.4 TOTAL FOR MONTH: 1.35 1 = FOG OR MIST
DPTR FM NORMAL: -2.7 DPTR FM NORMAL: -0.42 2 = FOG REDUCING VISIBILITY
HIGHEST: 62 ON 21 GRTST 24HR 0.73 ON 16-17 TO 1/4 MILE OR LESS
LOWEST: -2 ON 18, 4 3 = THUNDER
SNOW, ICE PELLETS, HAIL 4 = ICE PELLETS
TOTAL MONTH: M 5 = HAIL
GRTST 24HR M ON M 6 = FREEZING RAIN OR DRIZZLE
GRTST DEPTH: M ON M 7 = DUSTSTORM OR SANDSTORM:
VSBY 1/2 MILE OR LESS
8 = SMOKE OR HAZE
[NO. OF DAYS WITH] [WEATHER - DAYS WITH] 9 = BLOWING SNOW
X = TORNADO
MAX 32 OR BELOW: 9 0.01 INCH OR MORE: 8
MAX 90 OR ABOVE: 0 0.10 INCH OR MORE: 4
MIN 32 OR BELOW: 27 0.50 INCH OR MORE: 1
MIN 0 OR BELOW: 2 1.00 INCH OR MORE: 0
[HDD (BASE 65) ]
TOTAL THIS MO. 1047 CLEAR (SCALE 0-3) 17
DPTR FM NORMAL 69 PTCLDY (SCALE 4-7) 7
TOTAL FM JUL 1 4129 CLOUDY (SCALE 8-10) 4
DPTR FM NORMAL -312
[CDD (BASE 65) ]
TOTAL THIS MO. 0
DPTR FM NORMAL 0 [PRESSURE DATA]
TOTAL FM JAN 1 0 HIGHEST SLP 30.69 ON 23
DPTR FM NORMAL 0 LOWEST SLP 29.62 ON 11
[REMARKS]
#FINAL-02-22#