000
CXUS52 TJSJ 021450
CF6IST
PRELIMINARY LOCAL CLIMATOLOGICAL DATA (WS FORM: F-6)
STATION: CYRIL E. KING AP/ST THOMAS
MONTH: APRIL
YEAR: 2022
LATITUDE: 18 19 N
LONGITUDE: 64 58 W
TEMPERATURE IN F: :PCPN: SNOW: WIND :SUNSHINE: SKY :PK WND
================================================================================
1 2 3 4 5 6A 6B 7 8 9 10 11 12 13 14 15 16 17 18
12Z AVG MX 2MIN
DY MAX MIN AVG DEP HDD CDD WTR SNW DPTH SPD SPD DIR MIN PSBL S-S WX SPD DR
================================================================================
1 85 75 80 0 0 15 0.00 M M 14.4 22 70 M M 2 30 90
2 83 72 78 -2 0 13 0.14 M M 12.0 25 110 M M 5 1 31 110
3 83 73 78 -2 0 13 0.00 M M 13.0 20 100 M M 3 23 140
4 83 76 80 0 0 15 0.00 M M 12.1 18 120 M M 1 22 110
5 84 74 79 -1 0 14 0.00 M M 11.5 20 120 M M 2 24 140
6 83 72 78 -2 0 13 0.20 M M 11.5 22 80 M M 4 18 27 90
7 84 74 79 -1 0 14 T M M 12.2 21 140 M M 3 27 150
8 83 72 78 -2 0 13 0.21 M M 13.2 22 120 M M 2 18 28 120
9 84 75 80 0 0 15 T M M 12.7 21 130 M M 1 26 130
10 83 75 79 -1 0 14 T M M 10.4 17 110 M M 1 21 130
11 83 75 79 -1 0 14 0.27 M M 7.0 16 60 M M 2 1 20 50
12 84 74 79 -1 0 14 T M M 10.6 20 130 M M 3 24 130
13 84 74 79 -1 0 14 0.00 M M 14.1 23 120 M M 2 30 140
14 85 73 79 -1 0 14 0.02 M M 10.5 20 80 M M 3 25 80
15 86 73 80 -1 0 15 T M M 11.6 21 90 M M 2 29 90
16 84 72 78 -3 0 13 0.21 M M 13.3 23 110 M M 4 1 32 110
17 84 75 80 -1 0 15 T M M 15.0 22 120 M M 2 28 110
18 84 75 80 -1 0 15 0.01 M M 15.0 23 100 M M 4 30 120
19 84 77 81 0 0 16 0.00 M M 17.3 25 120 M M 5 34 110
20 84 75 80 -1 0 15 0.13 M M 13.8 22 130 M M 2 27 120
21 83 73 78 -3 0 13 0.26 M M 10.2 21 80 M M 4 8 25 130
22 85 72 79 -2 0 14 0.02 M M 11.2 20 90 M M 5 1 25 100
23 84 73 79 -2 0 14 T M M 8.6 17 50 M M 3 23 60
24 85 73 79 -2 0 14 T M M 10.7 20 40 M M 2 26 70
25 85 75 80 -1 0 15 T M M 12.1 21 80 M M 3 26 60
26 84 74 79 -2 0 14 0.00 M M 8.4 17 10 M M 3 30 350
27 82 74 78 -3 0 13 0.00 M M 9.5 18 50 M M 4 28 70
28 83 71 77 -4 0 12 0.00 M M 8.0 16 100 M M 3 24 70
29 85 73 79 -2 0 14 0.00 M M 10.9 20 60 M M 4 26 30
30 82 73 78 -3 0 13 0.96 M M 6.0 12 90 M M 8 1 15 100
================================================================================
SM 2515 2212 0 420 2.43 M 346.8 M 92
================================================================================
AV 83.8 73.7 11.6 FASTST M M 3 MAX(MPH)
MISC ----> # 25 110 34 110
================================================================================
NOTES:
# LAST OF SEVERAL OCCURRENCES
COLUMN 17 PEAK WIND IN M.P.H.
PRELIMINARY LOCAL CLIMATOLOGICAL DATA (WS FORM: F-6) , PAGE 2
STATION: CYRIL E. KING AP/ST THOMAS
MONTH: APRIL
YEAR: 2022
LATITUDE: 18 19 N
LONGITUDE: 64 58 W
[TEMPERATURE DATA] [PRECIPITATION DATA] SYMBOLS USED IN COLUMN 16
AVERAGE MONTHLY: 78.8 TOTAL FOR MONTH: 2.43 1 = FOG OR MIST
DPTR FM NORMAL: -1.8 DPTR FM NORMAL: 0.19 2 = FOG REDUCING VISIBILITY
HIGHEST: 86 ON 15 GRTST 24HR 0.96 ON 30-30 TO 1/4 MILE OR LESS
LOWEST: 71 ON 28 3 = THUNDER
SNOW, ICE PELLETS, HAIL 4 = ICE PELLETS
TOTAL MONTH: M 5 = HAIL
GRTST 24HR M ON M 6 = FREEZING RAIN OR DRIZZLE
GRTST DEPTH: M ON M 7 = DUSTSTORM OR SANDSTORM:
VSBY 1/2 MILE OR LESS
8 = SMOKE OR HAZE
[NO. OF DAYS WITH] [WEATHER - DAYS WITH] 9 = BLOWING SNOW
X = TORNADO
MAX 32 OR BELOW: 0 0.01 INCH OR MORE: 11
MAX 90 OR ABOVE: 0 0.10 INCH OR MORE: 8
MIN 32 OR BELOW: 0 0.50 INCH OR MORE: 1
MIN 0 OR BELOW: 0 1.00 INCH OR MORE: 0
[HDD (BASE 65) ]
TOTAL THIS MO. 0 CLEAR (SCALE 0-3) 16
DPTR FM NORMAL 0 PTCLDY (SCALE 4-7) 14
TOTAL FM JUL 1 0 CLOUDY (SCALE 8-10) 0
DPTR FM NORMAL 0
[CDD (BASE 65) ]
TOTAL THIS MO. 420
DPTR FM NORMAL -48 [PRESSURE DATA]
TOTAL FM JAN 1 1625 HIGHEST SLP 30.10 ON 1
DPTR FM NORMAL -100 LOWEST SLP 29.90 ON 28
[REMARKS]
#FINAL-04-22#