000
CXUS53 KIWX 230810
CF6IWX
PRELIMINARY LOCAL CLIMATOLOGICAL DATA (WS FORM: F-6)
STATION: NORTH WEBSTER WFO
MONTH: APRIL
YEAR: 2024
LATITUDE: 41 21 N
LONGITUDE: 85 42 W
TEMPERATURE IN F: :PCPN: SNOW: WIND :SUNSHINE: SKY :PK WND
================================================================================
1 2 3 4 5 6A 6B 7 8 9 10 11 12 13 14 15 16 17 18
12Z AVG MX 2MIN
DY MAX MIN AVG DEP HDD CDD WTR SNW DPTH SPD SPD DIR MIN PSBL S-S WX SPD DR
================================================================================
1 48 40 44 0 21 0 0.97 0.0 0 M M M M M M M M
2 57 36 47 3 18 0 0.37 T 0 M M M M M M M M
3 40 33 37 -8 28 0 0.25 T 0 M M M M M M M M
4 43 33 38 -7 27 0 0.07 T 0 M M M M M M M M
5 51 31 41 -5 24 0 T 0.0 0 M M M M M M M M
6 57 29 43 -3 22 0 0.00 0.0 0 M M M M M M M M
7 57 36 47 1 18 0 0.20 0.0 0 M M M M M M M M
8 73 44 59 12 6 0 0.00 0.0 0 M M M M M M M M
9 73 51 62 15 3 0 0.00 0.0 0 M M M M M M M M
10 66 44 55 7 10 0 0.17 0.0 0 M M M M M M M M
11 51 45 48 0 17 0 0.87 0.0 0 M M M M M M M M
12 59 42 51 3 14 0 T 0.0 0 M M M M M M M M
13 67 36 52 3 13 0 0.00 0.0 0 M M M M M M M M
14 81 56 69 20 0 4 0.00 0.0 0 M M M M M M M M
15 74 50 62 13 3 0 0.00 0.0 0 M M M M M M M M
16 78 45 62 12 3 0 0.04 0.0 0 M M M M M M M M
17 71 54 63 13 2 0 0.34 0.0 0 M M M M M M 3 M M
18 63 44 54 4 11 0 0.25 0.0 0 M M M M M M 3 M M
19 58 44 51 0 14 0 0.35 0.0 0 M M M M M M 13 M M
20 49 35 42 -9 23 0 0.00 0.0 0 M M M M M M M M
21 56 37 47 -5 18 0 0.00 0.0 0 M M M M M M M M
22 65 35 50 -2 15 0 0.00 0.0 0 M M M M M M M M
================================================================================
SM 1337 900 310 4 3.88 T M M M
================================================================================
AV 60.8 40.9 M FASTST M M M MAX(MPH)
MISC ----> M M M M
================================================================================
NOTES:
# LAST OF SEVERAL OCCURRENCES
COLUMN 17 PEAK WIND IN M.P.H.
PRELIMINARY LOCAL CLIMATOLOGICAL DATA (WS FORM: F-6) , PAGE 2
STATION: NORTH WEBSTER WFO
MONTH: APRIL
YEAR: 2024
LATITUDE: 41 21 N
LONGITUDE: 85 42 W
[TEMPERATURE DATA] [PRECIPITATION DATA] SYMBOLS USED IN COLUMN 16
AVERAGE MONTHLY: 50.8 TOTAL FOR MONTH: 3.88 1 = FOG OR MIST
DPTR FM NORMAL: 2.8 DPTR FM NORMAL: 0.87 2 = FOG REDUCING VISIBILITY
HIGHEST: 81 ON 14 GRTST 24HR 0.97 ON 1- 1 TO 1/4 MILE OR LESS
LOWEST: 29 ON 6 3 = THUNDER
SNOW, ICE PELLETS, HAIL 4 = ICE PELLETS
TOTAL MONTH: T 5 = HAIL
GRTST 24HR T ON 2- 2 6 = FREEZING RAIN OR DRIZZLE
GRTST DEPTH: 0 7 = DUSTSTORM OR SANDSTORM:
VSBY 1/2 MILE OR LESS
8 = SMOKE OR HAZE
[NO. OF DAYS WITH] [WEATHER - DAYS WITH] 9 = BLOWING SNOW
X = TORNADO
MAX 32 OR BELOW: 0 0.01 INCH OR MORE: 11
MAX 90 OR ABOVE: 0 0.10 INCH OR MORE: 9
MIN 32 OR BELOW: 2 0.50 INCH OR MORE: 2
MIN 0 OR BELOW: 0 1.00 INCH OR MORE: 0
[HDD (BASE 65) ]
TOTAL THIS MO. 310 CLEAR (SCALE 0-3) 0
DPTR FM NORMAL -65 PTCLDY (SCALE 4-7) 0
TOTAL FM JUL 1 4926 CLOUDY (SCALE 8-10) 22
DPTR FM NORMAL -911
[CDD (BASE 65) ]
TOTAL THIS MO. 4
DPTR FM NORMAL 4 [PRESSURE DATA]
TOTAL FM JAN 1 4 HIGHEST SLP M ON M
DPTR FM NORMAL 2 LOWEST SLP M ON M
[REMARKS]