000
CXUS53 KIWX 112111
CF6IWX
PRELIMINARY LOCAL CLIMATOLOGICAL DATA (WS FORM: F-6)
STATION: NORTH WEBSTER WFO
MONTH: AUGUST
YEAR: 2021
LATITUDE: 41 21 N
LONGITUDE: 85 42 W
TEMPERATURE IN F: :PCPN: SNOW: WIND :SUNSHINE: SKY :PK WND
================================================================================
1 2 3 4 5 6A 6B 7 8 9 10 11 12 13 14 15 16 17 18
12Z AVG MX 2MIN
DY MAX MIN AVG DEP HDD CDD WTR SNW DPTH SPD SPD DIR MIN PSBL S-S WX SPD DR
================================================================================
1 76 59 68 -4 0 3 0.00 0.0 0 M M M M M M M M
2 75 52 64 -8 1 0 0.00 0.0 0 M M M M M M M M
3 80 57 69 -3 0 4 0.00 0.0 0 M M M M M M M M
4 80 58 69 -3 0 4 0.00 0.0 0 M M M M M M M M
5 82 63 73 1 0 8 0.00 0.0 0 M M M M M M M M
6 81 64 73 1 0 8 0.22 0.0 0 M M M M M M 3 M M
7 83 61 72 0 0 7 1.45 0.0 0 M M M M M M M M
8 84 68 76 4 0 11 0.00 0.0 0 M M M M M M M M
9 79 70 75 3 0 10 0.02 0.0 0 M M M M M M M M
10 89 69 79 7 0 14 0.82 0.0 0 M M M M M M 13 M M
11 83 67 75 3 0 10 0.77 0.0 0 M M M M M M 13 M M
12 80 67 74 2 0 9 0.72 0.0 0 M M M M M M 13 M M
13 79 60 70 -2 0 5 T 0.0 0 M M M M M M M M
14 75 57 66 -6 0 1 0.00 0.0 0 M M M M M M M M
15 75 54 65 -6 0 0 0.00 0.0 0 M M M M M M M M
16 77 57 67 -4 0 2 0.00 0.0 0 M M M M M M M M
17 79 63 71 0 0 6 0.00 0.0 0 M M M M M M M M
18 83 67 75 4 0 10 0.00 0.0 0 M M M M M M 12 M M
19 85 67 76 5 0 11 0.00 0.0 0 M M M M M M 18 M M
20 86 69 78 7 0 13 0.00 0.0 0 M M M M M M M M
21 86 68 77 6 0 12 0.00 0.0 0 M M M M M M M M
22 88 68 78 8 0 13 0.00 0.0 0 M M M M M M M M
23 87 63 75 5 0 10 0.00 0.0 0 M M M M M M 1 M M
24 90 70 80 10 0 15 0.07 0.0 0 M M M M M M 3 M M
25 90 68 79 9 0 14 0.41 0.0 0 M M M M M M 3 M M
26 83 68 76 6 0 11 0.24 0.0 0 M M M M M M 3 M M
27 86 68 77 7 0 12 0.01 0.0 0 M M M M M M M M
28 88 70 79 10 0 14 0.00 0.0 0 M M M M M 0 M M
29 87 72 80 11 0 15 0.00 0.0 0 M M M M M M M M
30 86 63 75 6 0 10 0.00 0.0 0 M M M M M M M M
31 79 60 70 1 0 5 0.00 0.0 0 M M M M M M M M
================================================================================
SM 2561 1987 1 267 4.73 0.0 M M 0
================================================================================
AV 82.6 64.1 M FASTST M M 0 MAX(MPH)
MISC ----> M M M M
================================================================================
NOTES:
# LAST OF SEVERAL OCCURRENCES
COLUMN 17 PEAK WIND IN M.P.H.
PRELIMINARY LOCAL CLIMATOLOGICAL DATA (WS FORM: F-6) , PAGE 2
STATION: NORTH WEBSTER WFO
MONTH: AUGUST
YEAR: 2021
LATITUDE: 41 21 N
LONGITUDE: 85 42 W
[TEMPERATURE DATA] [PRECIPITATION DATA] SYMBOLS USED IN COLUMN 16
AVERAGE MONTHLY: 73.4 TOTAL FOR MONTH: 4.73 1 = FOG OR MIST
DPTR FM NORMAL: 2.4 DPTR FM NORMAL: 0.54 2 = FOG REDUCING VISIBILITY
HIGHEST: 90 ON 25,24 GRTST 24HR 1.45 ON 7- 7 TO 1/4 MILE OR LESS
LOWEST: 52 ON 2 3 = THUNDER
SNOW, ICE PELLETS, HAIL 4 = ICE PELLETS
TOTAL MONTH: 0.0 INCH 5 = HAIL
GRTST 24HR 0.0 6 = FREEZING RAIN OR DRIZZLE
GRTST DEPTH: 0 7 = DUSTSTORM OR SANDSTORM:
VSBY 1/2 MILE OR LESS
8 = SMOKE OR HAZE
[NO. OF DAYS WITH] [WEATHER - DAYS WITH] 9 = BLOWING SNOW
X = TORNADO
MAX 32 OR BELOW: 0 0.01 INCH OR MORE: 10
MAX 90 OR ABOVE: 2 0.10 INCH OR MORE: 7
MIN 32 OR BELOW: 0 0.50 INCH OR MORE: 4
MIN 0 OR BELOW: 0 1.00 INCH OR MORE: 1
[HDD (BASE 65) ]
TOTAL THIS MO. 1 CLEAR (SCALE 0-3) 1
DPTR FM NORMAL -11 PTCLDY (SCALE 4-7) 0
TOTAL FM JUL 1 2 CLOUDY (SCALE 8-10) 30
DPTR FM NORMAL -11
[CDD (BASE 65) ]
TOTAL THIS MO. 267
DPTR FM NORMAL 69 [PRESSURE DATA]
TOTAL FM JAN 1 772 HIGHEST SLP M ON M
DPTR FM NORMAL 117 LOWEST SLP M ON M
[REMARKS]
#FINAL-08-21#