000
CXUS52 KJAX 011413
CLMJAX
CLIMATE REPORT
NATIONAL WEATHER SERVICE JACKSONVILLE FL
913 AM EST FRI DEC 01 2023
...................................
...THE JACKSONVILLE CLIMATE SUMMARY FOR THE MONTH OF NOVEMBER 2023...
CLIMATE NORMAL PERIOD: 1991 TO 2020
CLIMATE RECORD PERIOD: 1871 TO 2023
WEATHER OBSERVED NORMAL DEPART LAST YEAR`S
VALUE DATE(S) VALUE FROM VALUE DATE(S)
NORMAL
................................................................
TEMPERATURE (F)
RECORD
HIGH 89 11/03/2015
LOW 21 11/25/1970
HIGHEST 86 11/10 85 1 86 11/01
LOWEST 32 11/30 33 -1 37 11/18
AVG. MAXIMUM 72.0 73.2 -1.2 75.0
AVG. MINIMUM 51.2 51.3 -0.1 56.6
MEAN 61.6 62.3 -0.7 65.8
DAYS MAX >= 90 0 0.0 0.0 0
DAYS MIN <= 32 1 0.8 0.2 0
PRECIPITATION (INCHES)
RECORD
MAXIMUM 7.12 1947
MINIMUM T 1970
TOTALS 3.95 2.00 1.95 3.02
DAILY AVG. 0.13 0.07 0.06 0.10
DAYS >= .01 8 6.6 1.4 5
DAYS >= .10 5 3.9 1.1 2
DAYS >= .50 2 1.2 0.8 1
DAYS >= 1.00 1 0.5 0.5 1
GREATEST
24 HR. TOTAL 2.28 11/26 TO 11/26
SNOWFALL (INCHES)
RECORDS
TOTAL T 1911
TOTALS 0.0 0.0 0.0 0.0
DEGREE DAYS
HEATING TOTAL 132 144 -12 86
SINCE 7/1 153 169 -16 MM
COOLING TOTAL 40 61 -21 118
SINCE 1/1 3094 2777 317 MM
................................................................
WIND (MPH)
AVERAGE WIND SPEED 6.6
HIGHEST WIND SPEED/DIRECTION 25/050 DATE 11/02
HIGHEST GUST SPEED/DIRECTION 33/010 DATE 11/02
SKY COVER
AVERAGE SKY COVER 0.64
AVERAGE RH (PERCENT) 74
WEATHER CONDITIONS. NUMBER OF DAYS WITH
THUNDERSTORM 0 MIXED PRECIP 0
HEAVY RAIN 2 RAIN 5
LIGHT RAIN 12 FREEZING RAIN 0
LT FREEZING RAIN 0 HAIL 0
HEAVY SNOW 0 SNOW 0
LIGHT SNOW 0 SLEET 0
FOG 17 FOG W/VIS <= 1/4 MILE 0
HAZE 0
- INDICATES NEGATIVE NUMBERS.
R INDICATES RECORD WAS SET OR TIED.
MM INDICATES DATA IS MISSING.
T INDICATES TRACE AMOUNT.
$$