000
CXUS54 KSJT 011100
CF6JCT
PRELIMINARY LOCAL CLIMATOLOGICAL DATA (WS FORM: F-6)
STATION: JUNCTION
MONTH: FEBRUARY
YEAR: 2022
LATITUDE: 30 18 N
LONGITUDE: 99 28 W
TEMPERATURE IN F: :PCPN: SNOW: WIND :SUNSHINE: SKY :PK WND
================================================================================
1 2 3 4 5 6A 6B 7 8 9 10 11 12 13 14 15 16 17 18
12Z AVG MX 2MIN
DY MAX MIN AVG DEP HDD CDD WTR SNW DPTH SPD SPD DIR MIN PSBL S-S WX SPD DR
================================================================================
1 74 50 62 12 3 0 0.00 0.0 0 4.7 12 220 M M 5 1 18 210
2 55 32 44 -6 21 0 0.12 0.0 0 8.0 17 10 M M 7 168 24 360
3 32 20 26 -24 39 0 0.32 0.0 0 11.5 20 330 M M 8 168 29 330
4 39 20 30 -20 35 0 0.00 0.0 0 8.7 20 360 M M 4 27 360
5 53 17 35 -15 30 0 0.00 0.0 0 3.2 13 170 M M 0 17 210
6 63 24 44 -7 21 0 0.00 0.0 0 3.8 15 30 M M 0 8 20 50
7 58 30 44 -7 21 0 0.00 0.0 0 5.9 18 320 M M 0 8 27 320
8 67 23 45 -6 20 0 0.00 0.0 0 3.9 16 220 M M 0 26 220
9 70 25 48 -3 17 0 0.00 0.0 0 3.7 12 100 M M 0 8 16 110
10 73 28 51 0 14 0 0.00 0.0 0 2.4 9 40 M M 0 8 13 50
11 77 32 55 3 10 0 0.00 0.0 0 5.8 23 210 M M 1 18 32 200
12 56 28 42 -10 23 0 0.00 0.0 0 13.4 30 30 M M 2 42 30
13 66 20 43 -9 22 0 0.00 0.0 0 4.5 13 300 M M 0 8 19 300
14 71 24 48 -4 17 0 0.00 0.0 0 7.3 18 210 M M 0 29 180
15 73 37 55 3 10 0 0.00 0.0 0 9.2 24 170 M M 0 34 190
16 78 58 68 16 0 3 0.00 0.0 0 12.6 23 150 M M 5 36 160
17 67 33 50 -3 15 0 0.03 0.0 0 12.0 25 340 M M 2 8 41 330
18 60 25 43 -10 22 0 0.00 0.0 0 3.9 10 130 M M 0 8 16 130
19 67 23 45 -8 20 0 0.00 0.0 0 4.7 13 130 M M 0 8 19 130
20 70 35 53 0 12 0 0.00 0.0 0 6.5 22 220 M M 1 8 32 210
21 88 50 69 15 0 4 0.00 0.0 0 9.3 23 180 M M 2 35 160
22 79 45 62 8 3 0 0.00 0.0 0 9.1 20 50 M M 1 18 27 190
23 45 25 35 -19 30 0 0.00 0.0 0 12.4 21 40 M M 10 18 26 10
24 39 25 32 -22 33 0 0.00 0.0 0 6.5 14 20 M M 8 18 17 10
25 38 26 32 -22 33 0 0.00 0.0 0 9.8 16 30 M M 9 21 40
26 39 32 36 -19 29 0 0.01 0.0 0 7.1 12 30 M M 10 18 15 30
27 63 29 46 -9 19 0 0.00 0.0 0 5.6 16 20 M M 2 1 22 30
28 72 20 46 -9 19 0 0.00 0.0 0 2.2 9 250 M M 0 8 14 120
================================================================================
SM 1732 836 538 7 0.48 0.0 197.7 M 77
================================================================================
AV 61.9 29.9 7.1 FASTST M M 3 MAX(MPH)
MISC ----> 30 30 42 30
================================================================================
NOTES:
# LAST OF SEVERAL OCCURRENCES
COLUMN 17 PEAK WIND IN M.P.H.
PRELIMINARY LOCAL CLIMATOLOGICAL DATA (WS FORM: F-6) , PAGE 2
STATION: JUNCTION
MONTH: FEBRUARY
YEAR: 2022
LATITUDE: 30 18 N
LONGITUDE: 99 28 W
[TEMPERATURE DATA] [PRECIPITATION DATA] SYMBOLS USED IN COLUMN 16
AVERAGE MONTHLY: 45.9 TOTAL FOR MONTH: 0.48 1 = FOG OR MIST
DPTR FM NORMAL: -6.4 DPTR FM NORMAL: -0.64 2 = FOG REDUCING VISIBILITY
HIGHEST: 88 ON 21 GRTST 24HR 0.44 ON 2- 3 TO 1/4 MILE OR LESS
LOWEST: 17 ON 5 3 = THUNDER
SNOW, ICE PELLETS, HAIL 4 = ICE PELLETS
TOTAL MONTH: 0.0 INCH 5 = HAIL
GRTST 24HR 0.0 6 = FREEZING RAIN OR DRIZZLE
GRTST DEPTH: 0 7 = DUSTSTORM OR SANDSTORM:
VSBY 1/2 MILE OR LESS
8 = SMOKE OR HAZE
[NO. OF DAYS WITH] [WEATHER - DAYS WITH] 9 = BLOWING SNOW
X = TORNADO
MAX 32 OR BELOW: 1 0.01 INCH OR MORE: 4
MAX 90 OR ABOVE: 0 0.10 INCH OR MORE: 2
MIN 32 OR BELOW: 21 0.50 INCH OR MORE: 0
MIN 0 OR BELOW: 0 1.00 INCH OR MORE: 0
[HDD (BASE 65) ]
TOTAL THIS MO. 538 CLEAR (SCALE 0-3) 19
DPTR FM NORMAL 175 PTCLDY (SCALE 4-7) 5
TOTAL FM JUL 1 1533 CLOUDY (SCALE 8-10) 4
DPTR FM NORMAL -233
[CDD (BASE 65) ]
TOTAL THIS MO. 7
DPTR FM NORMAL -1 [PRESSURE DATA]
TOTAL FM JAN 1 7 HIGHEST SLP 30.65 ON 4
DPTR FM NORMAL 3 LOWEST SLP 29.61 ON 21
[REMARKS]
#FINAL-02-22#