000
CXUS51 KOKX 010702
CF6JFK
PRELIMINARY LOCAL CLIMATOLOGICAL DATA (WS FORM: F-6)
STATION: KENNEDY NY
MONTH: AUGUST
YEAR: 2020
LATITUDE: 40 39 N
LONGITUDE: 73 47 W
TEMPERATURE IN F: :PCPN: SNOW: WIND :SUNSHINE: SKY :PK WND
================================================================================
1 2 3 4 5 6A 6B 7 8 9 10 11 12 13 14 15 16 17 18
12Z AVG MX 2MIN
DY MAX MIN AVG DEP HDD CDD WTR SNW DPTH SPD SPD DIR MIN PSBL S-S WX SPD DR
================================================================================
1 86 71 79 3 0 14 0.00 0.0 0 7.7 16 170 M M 5 18 20 160
2 85 76 81 5 0 16 0.00 0.0 0 16.3 28 180 M M 8 35 180
3 88 71 80 4 0 15 0.13 0.0 0 11.7 43 210 M M 6 13 52 200
4 82 72 77 1 0 12 0.12 0.0 0 18.0 54 150 M M 9 138 70 160
5 88 70 79 3 0 14 T 0.0 0 8.8 17 230 M M 4 23 230
6 79 69 74 -2 0 9 0.03 0.0 0 5.1 14 160 M M 8 3 16 180
7 80 68 74 -2 0 9 0.36 0.0 0 7.5 16 120 M M 9 138 19 120
8 83 71 77 1 0 12 T 0.0 0 5.3 14 150 M M 7 16 150
9 82 70 76 0 0 11 0.00 0.0 0 10.7 22 180 M M 5 27 190
10 87 74 81 5 0 16 0.00 0.0 0 10.8 23 190 M M 2 1 27 180
11 83 72 78 2 0 13 0.00 0.0 0 11.0 24 180 M M 6 128 29 180
12 86 74 80 5 0 15 0.50 0.0 0 6.0 14 190 M M 7 138 16 180
13 80 74 77 2 0 12 0.01 0.0 0 3.8 12 40 M M 10 138 13 30
14 86 72 79 4 0 14 0.00 0.0 0 8.2 21 110 M M 7 18 25 100
15 85 70 78 3 0 13 0.00 0.0 0 11.3 18 60 M M 8 23 70
16 71 67 69 -6 0 4 0.29 0.0 0 13.2 22 20 M M 10 1 26 10
17 78 63 71 -4 0 6 0.06 0.0 0 10.8 23 190 M M 5 13 28 200
18 84 62 73 -2 0 8 0.07 0.0 0 9.2 24 280 M M 6 29 280
19 76 66 71 -4 0 6 0.35 0.0 0 4.3 13 40 M M 7 13 16 290
20 79 62 71 -4 0 6 0.00 0.0 0 7.7 15 180 M M 4 19 170
21 82 69 76 2 0 11 0.00 0.0 0 13.0 23 190 M M 6 27 190
22 86 73 80 6 0 15 T 0.0 0 10.6 21 190 M M 7 24 190
23 83 70 77 3 0 12 0.00 0.0 0 8.0 15 190 M M 6 20 180
24 88 73 81 7 0 16 0.00 0.0 0 9.0 17 260 M M 5 22 250
25 92 72 82 8 0 17 0.08 0.0 0 13.3 35 310 M M 4 38 44 310
26 81 68 75 1 0 10 0.00 0.0 0 13.8 25 310 M M 5 31 300
27 92 68 80 6 0 15 0.69 0.0 0 8.9 41 360 M M 8 13 50 330
28 87 71 79 6 0 14 0.03 0.0 0 11.5 22 190 M M 6 13 25 190
29 79 72 76 3 0 11 0.10 0.0 0 11.3 18 300 M M 8 1 25 300
30 82 63 73 0 0 8 0.00 0.0 0 13.0 24 300 M M 4 34 310
31 75 60 68 -5 0 3 T 0.0 0 6.6 10 140 M M 7 14 140
================================================================================
SM 2575 2153 0 357 2.82 0.0 306.4 M 199
================================================================================
AV 83.1 69.5 9.9 FASTST M M 6 MAX(MPH)
MISC ----> # 54 150 # 70 160
================================================================================
NOTES:
# LAST OF SEVERAL OCCURRENCES
COLUMN 17 PEAK WIND IN M.P.H.
PRELIMINARY LOCAL CLIMATOLOGICAL DATA (WS FORM: F-6) , PAGE 2
STATION: KENNEDY NY
MONTH: AUGUST
YEAR: 2020
LATITUDE: 40 39 N
LONGITUDE: 73 47 W
[TEMPERATURE DATA] [PRECIPITATION DATA] SYMBOLS USED IN COLUMN 16
AVERAGE MONTHLY: 76.3 TOTAL FOR MONTH: 2.82 1 = FOG OR MIST
DPTR FM NORMAL: 1.4 DPTR FM NORMAL: -0.86 2 = FOG REDUCING VISIBILITY
HIGHEST: 92 ON 27,25 GRTST 24HR 1.07 ON 31- 1 TO 1/4 MILE OR LESS
LOWEST: 60 ON 31 3 = THUNDER
SNOW, ICE PELLETS, HAIL 4 = ICE PELLETS
TOTAL MONTH: 0.0 INCH 5 = HAIL
GRTST 24HR 0.0 6 = FREEZING RAIN OR DRIZZLE
GRTST DEPTH: 0 7 = DUSTSTORM OR SANDSTORM:
VSBY 1/2 MILE OR LESS
8 = SMOKE OR HAZE
[NO. OF DAYS WITH] [WEATHER - DAYS WITH] 9 = BLOWING SNOW
X = TORNADO
MAX 32 OR BELOW: 0 0.01 INCH OR MORE: 14
MAX 90 OR ABOVE: 2 0.10 INCH OR MORE: 8
MIN 32 OR BELOW: 0 0.50 INCH OR MORE: 2
MIN 0 OR BELOW: 0 1.00 INCH OR MORE: 0
[HDD (BASE 65) ]
TOTAL THIS MO. 0 CLEAR (SCALE 0-3) 1
DPTR FM NORMAL -1 PTCLDY (SCALE 4-7) 26
TOTAL FM JUL 1 0 CLOUDY (SCALE 8-10) 4
DPTR FM NORMAL -1
[CDD (BASE 65) ]
TOTAL THIS MO. 357
DPTR FM NORMAL 51 [PRESSURE DATA]
TOTAL FM JAN 1 1026 HIGHEST SLP M ON M
DPTR FM NORMAL 165 LOWEST SLP 29.43 ON 4
[REMARKS]
#FINAL-08-20#