000
CXUS53 KJKL 011525
CLMJKL
CLIMATE REPORT
NATIONAL WEATHER SERVICE JACKSON KY
1125 AM EDT MON MAY 01 2023
...................................
...THE JACKSON KY CLIMATE SUMMARY FOR THE MONTH OF APRIL 2023...
CLIMATE NORMAL PERIOD 1991 TO 2020
CLIMATE RECORD PERIOD 1981 TO 2023
WEATHER OBSERVED NORMAL DEPART LAST YEAR`S
VALUE DATE(S) VALUE FROM VALUE DATE(S)
NORMAL
................................................................
TEMPERATURE (F)
RECORD
HIGH 92 04/27/1986
LOW 20 04/07/1982
HIGHEST 89 04/05 86 3 87 04/23
LOWEST 34 04/24 29 5 32 04/02
04/10
AVG. MAXIMUM 70.8 69.2 1.6 67.0
AVG. MINIMUM 47.4 47.3 0.1 46.4
MEAN 59.1 58.2 0.9 56.7
DAYS MAX >= 90 0 0.0 0.0 0
DAYS MAX <= 32 0 0.0 0.0 0
DAYS MIN <= 32 0 2.1 -2.1 2
DAYS MIN <= 0 0 0.0 0.0 0
PRECIPITATION (INCHES)
RECORD
MAXIMUM 10.29 2015
MINIMUM 0.78 1985
TOTALS 3.15 4.54 -1.39 3.60
DAILY AVG. 0.11 0.15 -0.04 0.12
DAYS >= .01 12 13.2 -1.2 16
DAYS >= .10 9 8.7 0.3 7
DAYS >= .50 1 3.4 -2.4 2
DAYS >= 1.00 0 0.8 -0.8 0
GREATEST
24 HR. TOTAL 0.67 04/27 TO 04/28 0.87
SNOWFALL (INCHES)
RECORDS
TOTAL 17.8 1987
TOTALS T* 0.4 -0.4 T
SINCE 7/1 3.4 23.4 -20.0 22.1
SNOWDEPTH AVG. 0 0
DAYS >= 1.0 0 0.2 -0.2 0
GREATEST
SNOW DEPTH 0 0
24 HR TOTAL MM* T
DEGREE DAYS
HEATING TOTAL 207 244 -37 284
SINCE 7/1 3352 3969 -617 3544
COOLING TOTAL 39 41 -2 43
SINCE 1/1 45 50 -5 46
................................................................
WIND (MPH)
AVERAGE WIND SPEED 4.4
HIGHEST WIND SPEED/DIRECTION 28/280 DATE 04/01
HIGHEST GUST SPEED/DIRECTION 59/250 DATE 04/01
SKY COVER
POSSIBLE SUNSHINE (PERCENT) MM
AVERAGE SKY COVER 0.33
NUMBER OF DAYS FAIR 18
NUMBER OF DAYS PC 9
NUMBER OF DAYS CLOUDY 3
AVERAGE RH (PERCENT) 52
WEATHER CONDITIONS. NUMBER OF DAYS WITH
THUNDERSTORM 7 MIXED PRECIP 0
HEAVY RAIN 6 RAIN 7
LIGHT RAIN 11 FREEZING RAIN 0
LT FREEZING RAIN 0 HAIL 2
HEAVY SNOW 0 SNOW 0
LIGHT SNOW 0 SLEET 0
FOG 12 FOG W/VIS <= 1/4 MILE 2
HAZE 2
- INDICATES NEGATIVE NUMBERS.
R INDICATES RECORD WAS SET OR TIED.
MM INDICATES DATA IS MISSING.
T INDICATES TRACE AMOUNT.
&&
...*TRACE SNOWFALL WAS ACTUALLY HAIL THAT OCCURRED ON THE 4TH AND 22ND...
$$
CARICO