000
CXUS53 KJKL 011612
CLSJKL
CLIMATE REPORT
NATIONAL WEATHER SERVICE JACKSON KY
1212 PM EDT TUE JUN 01 2021
...................................
...THE JACKSON KY CLIMATE SUMMARY FOR THE SEASON, FROM
3/1/2021 TO 5/31/2021...
CLIMATE NORMAL PERIOD 1991 TO 2020
CLIMATE RECORD PERIOD 1981 TO 2021
WEATHER OBSERVED NORMAL DEPART LAST YEAR`S
VALUE DATE(S) VALUE FROM VALUE DATE(S)
NORMAL
................................................................
TEMPERATURE (F)
RECORD
HIGH 92 04/27/1986
LOW 7 03/09/1996
HIGHEST 89 05/25 MM MM 88 05/25
LOWEST 24 03/05 MM MM 29 03/01
AVG. MAXIMUM 68.3 67.6 0.7 66.8
AVG. MINIMUM 47.3 46.8 0.5 47.6
MEAN 57.8 57.2 0.6 57.2
DAYS MAX >= 90 0 0.2 -0.2 0
DAYS MAX <= 32 0 0.8 -0.8 0
DAYS MIN <= 32 12 13.6 -1.6 5
DAYS MIN <= 0 0 0.0 0.0 0
PRECIPITATION (INCHES)
RECORD
MAXIMUM 21.63 2011
MINIMUM 4.93 1986
TOTALS 11.07 14.42 -3.35 19.09
DAILY AVG. 0.12 0.16 -0.04 0.21
DAYS >= .01 33 41.4 -8.4 50
DAYS >= .10 21 27.2 -6.2 32
DAYS >= .50 7 10.2 -3.2 18
DAYS >= 1.00 3 3.4 -0.4 4
GREATEST
24 HR. TOTAL 1.55 03/27 TO 03/28 1.78
SNOWFALL (INCHES)
RECORDS
TOTAL 22.1 1993
24 HR TOTAL 19.8 03/13/1993 TO 03/13/1993
TOTALS 0.2 4.4 -4.2 0.5
SINCE 7/1 28.6 23.4 5.2 7.1
SNOWDEPTH AVG. 0 0
DAYS >= 1.0 0 1.3 -1.3 0
GREATEST
24 HR TOTAL 0.1 04/01 0.4
04/21
DEGREE DAYS
HEATING TOTAL 773 874 -101 851
SINCE 7/1 3869 4059 -190 3320
COOLING TOTAL 136 159 -23 161
SINCE 1/1 136 159 -23 137
................................................................
WIND (MPH)
AVERAGE WIND SPEED 3.8
RESULTANT WIND SPEED/DIRECTION 1/160
HIGHEST WIND SPEED/DIRECTION 24/280 DATE 03/28
HIGHEST GUST SPEED/DIRECTION 41/280 DATE 03/28
SKY COVER
POSSIBLE SUNSHINE (PERCENT) MM
NUMBER OF DAYS FAIR 50
NUMBER OF DAYS PC 29
NUMBER OF DAYS CLOUDY 13
AVERAGE RH (PERCENT) 55
WEATHER CONDITIONS. NUMBER OF DAYS WITH
THUNDERSTORM 6 MIXED PRECIP 0
HEAVY RAIN 13 RAIN 21
LIGHT RAIN 39 FREEZING RAIN 0
LT FREEZING RAIN 0 HAIL 0
HEAVY SNOW 1 SNOW 0
LIGHT SNOW 2 SLEET 1
FOG 34 FOG W/VIS <= 1/4 MILE 8
HAZE 2
- INDICATES NEGATIVE NUMBERS.
R INDICATES RECORD WAS SET OR TIED.
MM INDICATES DATA IS MISSING.
T INDICATES TRACE AMOUNT.
$$
CARICO