000
CXHW50 PHFO 011952
CF6JRF
PRELIMINARY LOCAL CLIMATOLOGICAL DATA (WS FORM: F-6)
STATION: KALAELOA ARPT/OAHU HI
MONTH: DECEMBER
YEAR: 2023
LATITUDE: 21 19 N
LONGITUDE: 158 4 W
TEMPERATURE IN F: :PCPN: SNOW: WIND :SUNSHINE: SKY :PK WND
================================================================================
1 2 3 4 5 6A 6B 7 8 9 10 11 12 13 14 15 16 17 18
12Z AVG MX 2MIN
DY MAX MIN AVG DEP HDD CDD WTR SNW DPTH SPD SPD DIR MIN PSBL S-S WX SPD DR
================================================================================
1 75 71 73 -3 0 8 T M M 3.1 8 50 M M 2 13 40
2 85 66 76 0 0 11 0.00 M M 4.4 15 130 M M 1 20 130
3 84 67 76 1 0 11 0.00 M M 4.5 12 330 M M 2 17 110
4 87 71 79 4 0 14 0.00 M M 5.5 13 30 M M 2 23 80
5 85 74 80 5 0 15 T M M 7.5 14 70 M M 7 8 25 80
6 86 69 78 3 0 13 0.00 M M 5.5 15 110 M M 3 24 100
7 84 70 77 2 0 12 0.00 M M 5.0 13 150 M M 5 16 150
8 83 65 74 -1 0 9 0.00 M M 6.2 14 290 M M 1 19 310
9 85 65 75 0 0 10 0.00 M M 6.2 15 130 M M 0 22 130
10 87 68 78 3 0 13 0.00 M M 5.8 15 120 M M 2 21 110
11 86 71 79 4 0 14 0.00 M M 5.5 16 140 M M 5 22 110
12 85 71 78 3 0 13 0.01 M M 6.0 14 50 M M 4 1 24 110
13 83 70 77 2 0 12 0.03 M M 7.3 16 30 M M 6 18 31 30
14 78 68 73 -2 0 8 0.01 M M 9.3 17 40 M M 6 8 32 50
15 80 66 73 -2 0 8 T M M 6.9 17 50 M M 6 29 40
16 81 63 72 -2 0 7 0.01 M M 6.1 14 30 M M 7 18 24 60
17 81 61 71 -3 0 6 T M M 5.1 15 30 M M 5 23 40
18 74 67 71 -3 0 6 0.03 M M 4.9 12 40 M M 7 18 19 20
19 81 69 75 1 0 10 0.01 M M 7.8 15 50 M M 6 1 29 40
20 76 71 74 0 0 9 0.21 M M 7.3 16 30 M M 5 1 26 30
21 81 72 77 3 0 12 0.00 M M 7.1 15 50 M M 3 26 50
22 82 70 76 2 0 11 T M M 6.1 14 50 M M 2 25 80
23 81 64 73 -1 0 8 T M M 6.2 16 70 M M 3 8 29 80
24 84 62 73 -1 0 8 0.00 M M 4.8 12 50 M M 1 19 30
25 82 62 72 -2 0 7 0.00 M M 3.9 10 290 M M 5 16 30
26 84 66 75 1 0 10 0.00 M M 5.5 13 80 M M 2 21 70
27 83 62 73 -1 0 8 0.00 M M 6.0 16 290 M M 2 21 280
28 81 59 70 -4 0 5 0.00 M M 6.6 13 30 M M 3 22 50
29 84 67 76 2 0 11 0.00 M M 5.7 13 120 M M 3 19 120
30 82 65 74 1 0 9 0.00 M M 6.2 15 120 M M 2 23 120
31 85 60 73 0 0 8 0.00 M M 6.0 20 300 M M 0 25 290
================================================================================
SM 2555 2072 0 306 0.31 M 184.0 M 108
================================================================================
AV 82.4 66.8 5.9 FASTST M M 3 MAX(MPH)
MISC ----> 20 300 32 50
================================================================================
NOTES:
# LAST OF SEVERAL OCCURRENCES
COLUMN 17 PEAK WIND IN M.P.H.
PRELIMINARY LOCAL CLIMATOLOGICAL DATA (WS FORM: F-6) , PAGE 2
STATION: KALAELOA ARPT/OAHU HI
MONTH: DECEMBER
YEAR: 2023
LATITUDE: 21 19 N
LONGITUDE: 158 4 W
[TEMPERATURE DATA] [PRECIPITATION DATA] SYMBOLS USED IN COLUMN 16
AVERAGE MONTHLY: 74.6 TOTAL FOR MONTH: 0.31 1 = FOG OR MIST
DPTR FM NORMAL: 0.1 DPTR FM NORMAL: -1.98 2 = FOG REDUCING VISIBILITY
HIGHEST: 87 ON 10, 4 GRTST 24HR 0.21 ON 19-20 TO 1/4 MILE OR LESS
LOWEST: 59 ON 28 3 = THUNDER
SNOW, ICE PELLETS, HAIL 4 = ICE PELLETS
TOTAL MONTH: M 5 = HAIL
GRTST 24HR M ON M 6 = FREEZING RAIN OR DRIZZLE
GRTST DEPTH: M ON M 7 = DUSTSTORM OR SANDSTORM:
VSBY 1/2 MILE OR LESS
8 = SMOKE OR HAZE
[NO. OF DAYS WITH] [WEATHER - DAYS WITH] 9 = BLOWING SNOW
X = TORNADO
MAX 32 OR BELOW: 0 0.01 INCH OR MORE: 7
MAX 90 OR ABOVE: 0 0.10 INCH OR MORE: 1
MIN 32 OR BELOW: 0 0.50 INCH OR MORE: 0
MIN 0 OR BELOW: 0 1.00 INCH OR MORE: 0
[HDD (BASE 65) ]
TOTAL THIS MO. 0 CLEAR (SCALE 0-3) 18
DPTR FM NORMAL 0 PTCLDY (SCALE 4-7) 13
TOTAL FM JUL 1 0 CLOUDY (SCALE 8-10) 0
DPTR FM NORMAL 0
[CDD (BASE 65) ]
TOTAL THIS MO. 306
DPTR FM NORMAL 12 [PRESSURE DATA]
TOTAL FM JAN 1 4672 HIGHEST SLP 30.22 ON 29
DPTR FM NORMAL 276 LOWEST SLP 29.87 ON 8
[REMARKS]
#FINAL-12-23#