000
CXUS51 KCTP 010800
CF6JST
PRELIMINARY LOCAL CLIMATOLOGICAL DATA (WS FORM: F-6)
STATION: JOHNSTOWN
MONTH: AUGUST
YEAR: 2021
LATITUDE: 40 18 N
LONGITUDE: 78 50 W
TEMPERATURE IN F: :PCPN: SNOW: WIND :SUNSHINE: SKY :PK WND
================================================================================
1 2 3 4 5 6A 6B 7 8 9 10 11 12 13 14 15 16 17 18
12Z AVG MX 2MIN
DY MAX MIN AVG DEP HDD CDD WTR SNW DPTH SPD SPD DIR MIN PSBL S-S WX SPD DR
================================================================================
1 76 57 67 -3 0 2 0.14 M M 5.8 25 330 M M 4 18 33 310
2 72 56 64 -6 1 0 0.00 M M 7.9 15 310 M M 6 1 20 300
3 74 53 64 -6 1 0 0.00 M M 3.4 14 170 M M 6 18 180
4 76 60 68 -2 0 3 0.00 M M 4.4 13 170 M M 5 17 180
5 80 59 70 0 0 5 0.00 M M 4.9 13 320 M M 1 3 19 300
6 84 62 73 3 0 8 0.00 M M 6.0 15 260 M M 2 19 260
7 78 65 72 2 0 7 0.00 M M 4.7 12 160 M M 0 16 300
8 83 64 74 4 0 9 0.01 M M 5.9 17 270 M M 4 18 20 280
9 86 65 76 6 0 11 T M M 5.0 15 160 M M 3 18 20 160
10 83 67 75 6 0 10 0.38 M M 8.4 29 260 M M 5 13 37 260
11 85 68 77 8 0 12 0.25 M M 9.6 32 300 M M 4 138 41 320
12 88 67 78 9 0 13 0.30 M M 9.7 31 330 M M 3 13 40 340
13 87 66 77 8 0 12 0.02 M M 7.8 20 260 M M 2 3 25 270
14 77 64 71 2 0 6 T M M 7.2 13 320 M M 6 128 16 320
15 70 59 65 -4 0 0 T M M 5.3 9 150 M M 6 13 130
16 71 64 68 -1 0 3 0.13 M M 6.8 13 150 M M 10 1 19 150
17 80 68 74 5 0 9 T M M 7.2 13 190 M M 7 17 190
18 77 68 73 4 0 8 2.01 M M 10.1 20 290 M M 10 12 28 290
19 75 67 71 3 0 6 T M M 7.4 15 290 M M 9 12 23 290
20 81 66 74 6 0 9 0.00 M M 4.7 13 310 M M 6 128 16 270
21 81 65 73 5 0 8 0.44 M M 2.1 12 270 M M 5 13 13 260
22 78 62 70 2 0 5 T M M 5.7 10 330 M M 2 1 14 330
23 83 69 76 8 0 11 0.16 M M 9.7 17 290 M M 6 138 22 290
24 84 64 74 6 0 9 0.00 M M 5.7 12 310 M M 0 18 15 310
25 86 65 76 8 0 11 T M M 4.5 18 310 M M 1 138 24 290
26 86 66 76 9 0 11 0.83 M M 3.3 15 110 M M 3 138 23 100
27 82 66 74 7 0 9 0.00 M M 3.5 12 310 M M 7 128 15 320
28 85 68 77 10 0 12 0.25 M M 4.6 22 300 M M 2 138 26 300
29 83 68 76 9 0 11 0.18 M M 7.2 16 160 M M 6 13 21 170
30 78 67 73 7 0 8 0.11 M M 7.9 16 280 M M 4 18 21 280
31 72 64 68 2 0 3 1.68 M M 3.1 13 220 M M 8 12 17 200
================================================================================
SM 2481 1989 2 231 6.89 M 189.5 M 143
================================================================================
AV 80.0 64.2 6.1 FASTST M M 5 MAX(MPH)
MISC ----> 32 300 41 320
================================================================================
NOTES:
# LAST OF SEVERAL OCCURRENCES
COLUMN 17 PEAK WIND IN M.P.H.
PRELIMINARY LOCAL CLIMATOLOGICAL DATA (WS FORM: F-6) , PAGE 2
STATION: JOHNSTOWN
MONTH: AUGUST
YEAR: 2021
LATITUDE: 40 18 N
LONGITUDE: 78 50 W
[TEMPERATURE DATA] [PRECIPITATION DATA] SYMBOLS USED IN COLUMN 16
AVERAGE MONTHLY: 72.1 TOTAL FOR MONTH: 6.89 1 = FOG OR MIST
DPTR FM NORMAL: 3.5 DPTR FM NORMAL: 2.94 2 = FOG REDUCING VISIBILITY
HIGHEST: 88 ON 12 GRTST 24HR 2.01 ON 17-18 TO 1/4 MILE OR LESS
LOWEST: 53 ON 3 3 = THUNDER
SNOW, ICE PELLETS, HAIL 4 = ICE PELLETS
TOTAL MONTH: M 5 = HAIL
GRTST 24HR M ON M 6 = FREEZING RAIN OR DRIZZLE
GRTST DEPTH: M ON M 7 = DUSTSTORM OR SANDSTORM:
VSBY 1/2 MILE OR LESS
8 = SMOKE OR HAZE
[NO. OF DAYS WITH] [WEATHER - DAYS WITH] 9 = BLOWING SNOW
X = TORNADO
MAX 32 OR BELOW: 0 0.01 INCH OR MORE: 15
MAX 90 OR ABOVE: 0 0.10 INCH OR MORE: 13
MIN 32 OR BELOW: 0 0.50 INCH OR MORE: 3
MIN 0 OR BELOW: 0 1.00 INCH OR MORE: 2
[HDD (BASE 65) ]
TOTAL THIS MO. 2 CLEAR (SCALE 0-3) 9
DPTR FM NORMAL -22 PTCLDY (SCALE 4-7) 18
TOTAL FM JUL 1 11 CLOUDY (SCALE 8-10) 4
DPTR FM NORMAL -26
[CDD (BASE 65) ]
TOTAL THIS MO. 231
DPTR FM NORMAL 97 [PRESSURE DATA]
TOTAL FM JAN 1 583 HIGHEST SLP 30.26 ON 15
DPTR FM NORMAL 155 LOWEST SLP 29.82 ON 31
[REMARKS]
#FINAL-08-21#