000
CXUS53 KGRR 011010
CF6LAN
PRELIMINARY LOCAL CLIMATOLOGICAL DATA (WS FORM: F-6)
STATION: LANSING
MONTH: NOVEMBER
YEAR: 2021
LATITUDE: 42 46 N
LONGITUDE: 84 36 W
TEMPERATURE IN F: :PCPN: SNOW: WIND :SUNSHINE: SKY :PK WND
================================================================================
1 2 3 4 5 6A 6B 7 8 9 10 11 12 13 14 15 16 17 18
12Z AVG MX 2MIN
DY MAX MIN AVG DEP HDD CDD WTR SNW DPTH SPD SPD DIR MIN PSBL S-S WX SPD DR
================================================================================
1 47 33 40 -5 25 0 T 0.0 0 10.1 23 270 M M 5 31 280
2 46 31 39 -6 26 0 T 0.0 0 10.0 25 260 M M 9 35 240
3 47 27 37 -7 28 0 0.00 0.0 0 4.3 13 290 M M 5 21 230
4 47 30 39 -5 26 0 0.00 0.0 0 1.5 10 280 M M 8 15 350
5 51 31 41 -2 24 0 0.00 0.0 0 5.9 12 200 M M 7 15 210
6 55 32 44 1 21 0 0.00 0.0 0 8.2 18 190 M M 1 23 200
7 65 40 53 10 12 0 0.00 0.0 0 7.4 14 220 M M 0 23 210
8 65 45 55 13 10 0 0.00 0.0 0 7.3 16 250 M M 0 1 22 210
9 56 36 46 4 19 0 0.00 0.0 0 4.2 12 10 M M 7 18 15 40
10 55 28 42 0 23 0 0.00 0.0 0 4.6 16 120 M M 1 12 22 110
11 65 44 55 14 10 0 0.05 0.0 0 14.4 32 200 M M 5 18 45 210
12 49 35 42 1 23 0 T 0.0 0 13.7 28 210 M M 6 37 200
13 43 34 39 -1 26 0 0.04 T 0 12.0 23 280 M M 9 1 33 280
14 38 33 36 -4 29 0 0.14 0.1 0 10.0 18 220 M M 10 18 26 220
15 39 31 35 -5 30 0 0.00 0.0 0 7.7 16 260 M M 9 20 260
16 44 27 36 -3 29 0 0.00 0.0 0 7.2 18 140 M M 2 18 26 120
17 60 41 51 12 14 0 0.54 0.0 0 11.5 20 300 M M 10 18 27 210
18 46 32 39 1 26 0 T T 0 13.6 29 250 M M 9 8 37 260
19 42 30 36 -2 29 0 0.00 0.0 0 7.8 15 280 M M 4 21 290
20 42 33 38 0 27 0 0.00 0.0 0 9.1 18 190 M M 6 24 200
21 50 30 40 3 25 0 0.05 0.0 0 8.6 28 290 M M 5 18 43 300
22 37 22 30 -7 35 0 0.00 0.0 0 11.1 23 270 M M 2 31 260
23 40 19 30 -7 35 0 0.00 0.0 0 5.9 13 180 M M 0 18 280
24 53 33 43 7 22 0 0.00 0.0 0 13.3 25 190 M M 1 34 190
25 49 30 40 4 25 0 0.24 0.1 M 8.4 18 300 M M 10 1 26 290
26 30 23 27 -9 38 0 0.00 0.0 0 10.3 21 290 M M 9 27 310
27 30 23 27 -8 38 0 0.24 2.4 0 5.5 15 150 M M 9 18 20 140
28 37 28 33 -2 32 0 T T 2 10.4 23 280 M M 9 168 32 270
29 40 23 32 -2 33 0 0.16 2.8 1 6.3 15 210 M M 6 1 19 200
30 39 27 33 -1 32 0 0.01 0.3 4 7.6 22 280 M M 7 128 31 270
================================================================================
SM 1407 931 772 0 1.47 5.7 257.9 M 171
================================================================================
AV 46.9 31.0 8.6 FASTST M M 6 MAX(MPH)
MISC ----> 32 200 45 210
================================================================================
NOTES:
# LAST OF SEVERAL OCCURRENCES
COLUMN 17 PEAK WIND IN M.P.H.
PRELIMINARY LOCAL CLIMATOLOGICAL DATA (WS FORM: F-6) , PAGE 2
STATION: LANSING
MONTH: NOVEMBER
YEAR: 2021
LATITUDE: 42 46 N
LONGITUDE: 84 36 W
[TEMPERATURE DATA] [PRECIPITATION DATA] SYMBOLS USED IN COLUMN 16
AVERAGE MONTHLY: 39.0 TOTAL FOR MONTH: 1.47 1 = FOG OR MIST
DPTR FM NORMAL: -0.5 DPTR FM NORMAL: -0.99 2 = FOG REDUCING VISIBILITY
HIGHEST: 65 ON 11, 8 GRTST 24HR 0.54 ON 17-17 TO 1/4 MILE OR LESS
LOWEST: 19 ON 23 3 = THUNDER
SNOW, ICE PELLETS, HAIL 4 = ICE PELLETS
TOTAL MONTH: 5.7 INCHES 5 = HAIL
GRTST 24HR 2.8 ON 29-29 6 = FREEZING RAIN OR DRIZZLE
GRTST DEPTH: 4 ON 30 7 = DUSTSTORM OR SANDSTORM:
VSBY 1/2 MILE OR LESS
8 = SMOKE OR HAZE
[NO. OF DAYS WITH] [WEATHER - DAYS WITH] 9 = BLOWING SNOW
X = TORNADO
MAX 32 OR BELOW: 2 0.01 INCH OR MORE: 9
MAX 90 OR ABOVE: 0 0.10 INCH OR MORE: 5
MIN 32 OR BELOW: 19 0.50 INCH OR MORE: 1
MIN 0 OR BELOW: 0 1.00 INCH OR MORE: 0
[HDD (BASE 65) ]
TOTAL THIS MO. 772 CLEAR (SCALE 0-3) 8
DPTR FM NORMAL 6 PTCLDY (SCALE 4-7) 12
TOTAL FM JUL 1 1072 CLOUDY (SCALE 8-10) 10
DPTR FM NORMAL -311
[CDD (BASE 65) ]
TOTAL THIS MO. 0
DPTR FM NORMAL 0 [PRESSURE DATA]
TOTAL FM JAN 1 971 HIGHEST SLP 30.51 ON 19
DPTR FM NORMAL 314 LOWEST SLP 29.55 ON 11
[REMARKS]
#FINAL-11-21#