000
CXUS55 KCYS 281610
CF6LAR
PRELIMINARY LOCAL CLIMATOLOGICAL DATA (WS FORM: F-6)
STATION: LARAMIE WYOMING AIRPORT
MONTH: MARCH
YEAR: 2024
LATITUDE: 41 18 N
LONGITUDE: 105 40 W
TEMPERATURE IN F: :PCPN: SNOW: WIND :SUNSHINE: SKY :PK WND
================================================================================
1 2 3 4 5 6A 6B 7 8 9 10 11 12 13 14 15 16 17 18
12Z AVG MX 2MIN
DY MAX MIN AVG DEP HDD CDD WTR SNW DPTH SPD SPD DIR MIN PSBL S-S WX SPD DR
================================================================================
1 52 33 43 16 22 0 0.00 M M 16.4 33 220 M M 0 43 230
2 55 26 41 13 24 0 T M M 22.7 39 210 M M 3 50 200
3 32 19 26 -2 39 0 T M M 15.7 30 220 M M 7 36 220
4 35 21 28 0 37 0 M M M 16.7 25 270 M M 9 8 34 210
5 45 17 31 2 34 0 T M M 13.6 30 240 M M 5 40 230
6 49 26 38 9 27 0 0.00 M M 14.1 33 260 M M 1 48 250
7 46 24 35 6 30 0 M M M 9.2 23 350 M M 7 13 30 340
8 28 8 18 -12 47 0 M M M 6.6 12 340 M M 6 8 15 340
9 35 6 21 -9 44 0 0.00 M M 8.0 23 230 M M 0 29 230
10 48 27 38 8 27 0 0.00 M M 14.1 29 230 M M 0 35 230
11 54 33 44 13 21 0 0.00 M M 12.9 26 230 M M 3 32 230
12 50 30 40 9 25 0 T M M 12.2 25 260 M M 4 33 260
13 44 32 38 7 27 0 T M M 9.1 25 70 M M 9 1 35 70
14 32 28 30 -2 35 0 M M M 13.8 36 60 M M 10 8 49 60
15 42 24 33 1 32 0 T M M 11.2 28 160 M M 4 18 34 160
16 44 18 31 -1 34 0 0.00 M M 4.8 17 30 M M 5 24 60
17 40 29 35 3 30 0 0.00 M M 4.8 15 350 M M 8 25 350
18 55 24 40 7 25 0 0.00 M M 5.2 14 340 M M 1 23 340
19 58 25 42 9 23 0 0.00 M M 7.9 18 340 M M 0 27 330
20 57 25 41 8 24 0 0.00 M M 8.3 21 260 M M 0 32 250
21 59 28 44 10 21 0 T M M 17.3 38 280 M M 1 50 290
22 58 26 42 8 23 0 0.00 M M 10.2 26 260 M M 1 34 260
23 58 32 45 11 20 0 0.00 M M 12.3 32 230 M M 2 42 220
24 49 18 34 0 31 0 0.04 M M 10.4 24 360 M M 7 1 32 360
25 34 14 24 -10 41 0 T M M 13.0 28 340 M M 7 1 36 340
26 38 17 28 -6 37 0 0.01 M M 10.8 24 290 M M 6 18 33 320
27 43 20 32 -3 33 0 T M M 16.9 32 250 M M 3 44 260
================================================================================
SM 1240 630 813 0 0.05 M 318.2 M 109
================================================================================
AV 45.9 23.3 11.8 FASTST M M 4 MAX(MPH)
MISC ----> 39 210 # 50 200
================================================================================
NOTES:
# LAST OF SEVERAL OCCURRENCES
COLUMN 17 PEAK WIND IN M.P.H.
PRELIMINARY LOCAL CLIMATOLOGICAL DATA (WS FORM: F-6) , PAGE 2
STATION: LARAMIE WYOMING AIRPORT
MONTH: MARCH
YEAR: 2024
LATITUDE: 41 18 N
LONGITUDE: 105 40 W
[TEMPERATURE DATA] [PRECIPITATION DATA] SYMBOLS USED IN COLUMN 16
AVERAGE MONTHLY: 34.6 TOTAL FOR MONTH: 0.05 1 = FOG OR MIST
DPTR FM NORMAL: 3.3 DPTR FM NORMAL: -0.36 2 = FOG REDUCING VISIBILITY
HIGHEST: 59 ON 21 GRTST 24HR 0.23 ON 7- 8 TO 1/4 MILE OR LESS
LOWEST: 6 ON 9 3 = THUNDER
SNOW, ICE PELLETS, HAIL 4 = ICE PELLETS
TOTAL MONTH: M 5 = HAIL
GRTST 24HR M ON M 6 = FREEZING RAIN OR DRIZZLE
GRTST DEPTH: M ON M 7 = DUSTSTORM OR SANDSTORM:
VSBY 1/2 MILE OR LESS
8 = SMOKE OR HAZE
[NO. OF DAYS WITH] [WEATHER - DAYS WITH] 9 = BLOWING SNOW
X = TORNADO
MAX 32 OR BELOW: 3 0.01 INCH OR MORE: 2
MAX 90 OR ABOVE: 0 0.10 INCH OR MORE: 0
MIN 32 OR BELOW: 25 0.50 INCH OR MORE: 0
MIN 0 OR BELOW: 0 1.00 INCH OR MORE: 0
[HDD (BASE 65) ]
TOTAL THIS MO. 813 CLEAR (SCALE 0-3) 12
DPTR FM NORMAL -94 PTCLDY (SCALE 4-7) 11
TOTAL FM JUL 1 6091 CLOUDY (SCALE 8-10) 4
DPTR FM NORMAL -885
[CDD (BASE 65) ]
TOTAL THIS MO. 0
DPTR FM NORMAL 0 [PRESSURE DATA]
TOTAL FM JAN 1 0 HIGHEST SLP M ON M
DPTR FM NORMAL 0 LOWEST SLP 29.15 ON 24
[REMARKS]