000
CXUS55 KVEF 060459
CF6LAS
PRELIMINARY LOCAL CLIMATOLOGICAL DATA (WS FORM: F-6)
STATION: LAS VEGAS NV
MONTH: NOVEMBER
YEAR: 2022
LATITUDE: 36 4 N
LONGITUDE: 115 10 W
TEMPERATURE IN F: :PCPN: SNOW: WIND :SUNSHINE: SKY :PK WND
================================================================================
1 2 3 4 5 6A 6B 7 8 9 10 11 12 13 14 15 16 17 18
12Z AVG MX 2MIN
DY MAX MIN AVG DEP HDD CDD WTR SNW DPTH SPD SPD DIR MIN PSBL S-S WX SPD DR
================================================================================
1 79 57 68 4 0 3 0.00 0.0 0 8.1 22 180 M M 6 35 190
2 64 50 57 -6 8 0 0.00 0.0 0 16.1 29 220 M M 6 8 42 220
3 57 46 52 -11 13 0 0.03 0.0 0 9.3 24 350 M M 6 36 340
4 60 43 52 -10 13 0 0.00 0.0 0 5.3 18 340 M M 3 24 340
5 64 44 54 -8 11 0 0.00 0.0 0 3.0 7 280 M M 6 12 80
6 71 46 59 -2 6 0 0.00 0.0 0 5.9 18 200 M M 2 30 200
7 73 59 66 5 0 1 0.00 0.0 0 10.8 24 200 M M 6 38 200
8 67 52 60 0 5 0 0.10 0.0 0 11.8 30 200 M M 8 44 160
9 61 47 54 -6 11 0 0.00 0.0 0 9.4 23 200 M M 5 34 200
10 60 42 51 -9 14 0 0.00 0.0 0 7.0 21 10 M M 0 27 10
11 56 42 49 -10 16 0 0.00 0.0 0 7.4 16 50 M M 5 21 50
12 61 38 50 -9 15 0 0.00 0.0 0 4.6 15 70 M M 2 18 80
13 58 42 50 -8 15 0 0.00 0.0 0 8.5 30 340 M M 3 39 340
14 58 40 49 -9 16 0 0.00 0.0 0 4.1 14 40 M M 1 21 30
15 59 39 49 -8 16 0 0.00 0.0 0 11.3 24 20 M M 3 36 30
16 59 42 51 -6 14 0 0.00 0.0 0 9.9 21 350 M M 0 27 340
17 60 38 49 -7 16 0 0.00 0.0 0 2.9 8 220 M M 2 10 90
18 60 41 51 -5 14 0 0.00 0.0 0 8.6 25 350 M M 5 33 340
19 57 42 50 -6 15 0 0.00 0.0 0 11.8 22 350 M M 0 31 330
20 61 35 48 -7 17 0 0.00 0.0 0 3.5 9 220 M M 1 12 220
21 61 36 49 -6 16 0 0.00 0.0 0 2.7 8 40 M M 7 12 40
22 63 39 51 -3 14 0 0.00 0.0 0 2.6 7 230 M M 5 9 230
23 67 39 53 -1 12 0 0.00 0.0 0 5.3 16 60 M M 5 20 20
24 63 44 54 1 11 0 0.00 0.0 0 11.5 24 340 M M 2 31 340
25 62 40 51 -2 14 0 0.00 0.0 0 3.2 8 250 M M 2 10 70
26 57 39 48 -5 17 0 0.00 0.0 0 3.7 10 110 M M 4 13 100
27 59 40 50 -2 15 0 0.00 0.0 0 2.9 9 40 M M 3 12 40
28 60 42 51 -1 14 0 0.00 0.0 0 4.0 12 200 M M 6 17 180
29 56 40 48 -4 17 0 0.00 0.0 0 6.6 18 40 M M 0 24 40
30 56 36 46 -5 19 0 0.00 0.0 0 3.5 7 270 M M 1 10 70
================================================================================
SM 1849 1280 384 4 0.13 0.0 205.3 M 105
================================================================================
AV 61.6 42.7 6.8 FASTST M M 4 MAX(MPH)
MISC ----> # 30 200 44 160
================================================================================
NOTES:
# LAST OF SEVERAL OCCURRENCES
COLUMN 17 PEAK WIND IN M.P.H.
PRELIMINARY LOCAL CLIMATOLOGICAL DATA (WS FORM: F-6) , PAGE 2
STATION: LAS VEGAS NV
MONTH: NOVEMBER
YEAR: 2022
LATITUDE: 36 4 N
LONGITUDE: 115 10 W
[TEMPERATURE DATA] [PRECIPITATION DATA] SYMBOLS USED IN COLUMN 16
AVERAGE MONTHLY: 52.2 TOTAL FOR MONTH: 0.13 1 = FOG OR MIST
DPTR FM NORMAL: -5.0 DPTR FM NORMAL: -0.17 2 = FOG REDUCING VISIBILITY
HIGHEST: 79 ON 1 GRTST 24HR 0.10 ON 8- 8 TO 1/4 MILE OR LESS
LOWEST: 35 ON 20 3 = THUNDER
SNOW, ICE PELLETS, HAIL 4 = ICE PELLETS
TOTAL MONTH: 0.0 INCH 5 = HAIL
GRTST 24HR 0.0 6 = FREEZING RAIN OR DRIZZLE
GRTST DEPTH: 0 7 = DUSTSTORM OR SANDSTORM:
VSBY 1/2 MILE OR LESS
8 = SMOKE OR HAZE
[NO. OF DAYS WITH] [WEATHER - DAYS WITH] 9 = BLOWING SNOW
X = TORNADO
MAX 32 OR BELOW: 0 0.01 INCH OR MORE: 2
MAX 90 OR ABOVE: 0 0.10 INCH OR MORE: 1
MIN 32 OR BELOW: 0 0.50 INCH OR MORE: 0
MIN 0 OR BELOW: 0 1.00 INCH OR MORE: 0
[HDD (BASE 65) ]
TOTAL THIS MO. 384 CLEAR (SCALE 0-3) 15
DPTR FM NORMAL 134 PTCLDY (SCALE 4-7) 15
TOTAL FM JUL 1 424 CLOUDY (SCALE 8-10) 0
DPTR FM NORMAL 141
[CDD (BASE 65) ]
TOTAL THIS MO. 4
DPTR FM NORMAL -12 [PRESSURE DATA]
TOTAL FM JAN 1 4016 HIGHEST SLP 30.54 ON 16
DPTR FM NORMAL 294 LOWEST SLP 29.57 ON 8
[REMARKS]
#FINAL-11-22#