000
CXUS55 KVEF 012124
CF6LAS
PRELIMINARY LOCAL CLIMATOLOGICAL DATA (WS FORM: F-6)
STATION: LAS VEGAS NV
MONTH: JUNE
YEAR: 2022
LATITUDE: 36 4 N
LONGITUDE: 115 10 W
TEMPERATURE IN F: :PCPN: SNOW: WIND :SUNSHINE: SKY :PK WND
================================================================================
1 2 3 4 5 6A 6B 7 8 9 10 11 12 13 14 15 16 17 18
12Z AVG MX 2MIN
DY MAX MIN AVG DEP HDD CDD WTR SNW DPTH SPD SPD DIR MIN PSBL S-S WX SPD DR
================================================================================
1 90 69 80 -3 0 15 0.00 0.0 0 8.4 22 30 M M 1 29 30
2 98 68 83 0 0 18 0.00 0.0 0 5.7 17 260 M M 3 27 170
3 98 78 88 4 0 23 0.00 0.0 0 10.6 21 230 M M 5 32 190
4 94 76 85 1 0 20 0.00 0.0 0 13.2 24 230 M M 6 32 230
5 99 74 87 3 0 22 0.00 0.0 0 8.7 23 200 M M 4 37 190
6 101 76 89 4 0 24 0.00 0.0 0 6.5 18 200 M M 1 27 200
7 104 80 92 7 0 27 0.00 0.0 0 6.3 21 80 M M 2 28 80
8 106 82 94 9 0 29 0.00 0.0 0 6.3 18 260 M M 4 27 230
9 108 84 96 10 0 31 0.00 0.0 0 7.8 21 260 M M 5 29 230
10 109 83 96 10 0 31 0.00 0.0 0 6.7 20 230 M M 1 32 230
11 109 89 99 13 0 34 0.00 0.0 0 13.0 26 270 M M 2 35 220
12 106 84 95 8 0 30 0.00 0.0 0 15.8 30 220 M M 1 47 220
13 97 78 88 1 0 23 0.00 0.0 0 15.6 33 230 M M 2 48 220
14 92 73 83 -4 0 18 0.00 0.0 0 10.9 30 350 M M 0 44 350
15 100 73 87 -1 0 22 0.00 0.0 0 4.9 14 60 M M 0 18 60
16 106 77 92 4 0 27 0.00 0.0 0 6.3 18 120 M M 0 29 130
17 101 78 90 2 0 25 0.00 0.0 0 14.9 26 240 M M 2 8 45 200
18 91 72 82 -6 0 17 0.00 0.0 0 14.8 24 230 M M 5 37 240
19 88 66 77 -12 0 12 0.00 0.0 0 7.0 23 200 M M 0 36 190
20 92 69 81 -8 0 16 0.00 0.0 0 6.4 18 50 M M 1 31 30
21 99 71 85 -4 0 20 0.00 0.0 0 4.2 13 90 M M 1 19 110
22 94 75 85 -5 0 20 T 0.0 0 8.8 29 240 M M 8 8 43 210
23 101 72 87 -3 0 22 0.00 0.0 0 7.7 21 230 M M 2 33 230
24 103 79 91 1 0 26 0.00 0.0 0 6.8 22 270 M M 1 29 270
25 105 78 92 2 0 27 0.00 0.0 0 5.3 14 180 M M 2 21 50
26 106 81 94 3 0 29 0.00 0.0 0 6.0 22 80 M M 3 34 180
27 105 85 95 4 0 30 0.00 0.0 0 4.0 17 180 M M 1 26 170
28 108 87 98 7 0 33 T 0.0 0 6.9 26 170 M M 3 3 46 200
29 107 88 98 7 0 33 0.00 0.0 0 12.2 28 260 M M 2 51 270
30 104 86 95 3 0 30 0.00 0.0 0 13.0 22 240 M M 4 34 220
================================================================================
SM 3021 2331 0 734 T 0.0 264.7 M 72
================================================================================
AV100.7 77.7 8.8 FASTST M M 2 MAX(MPH)
MISC ----> 33 230 51 270
================================================================================
NOTES:
# LAST OF SEVERAL OCCURRENCES
COLUMN 17 PEAK WIND IN M.P.H.
PRELIMINARY LOCAL CLIMATOLOGICAL DATA (WS FORM: F-6) , PAGE 2
STATION: LAS VEGAS NV
MONTH: JUNE
YEAR: 2022
LATITUDE: 36 4 N
LONGITUDE: 115 10 W
[TEMPERATURE DATA] [PRECIPITATION DATA] SYMBOLS USED IN COLUMN 16
AVERAGE MONTHLY: 89.2 TOTAL FOR MONTH: T 1 = FOG OR MIST
DPTR FM NORMAL: 1.6 DPTR FM NORMAL: -0.04 2 = FOG REDUCING VISIBILITY
HIGHEST: 109 ON 11,10 GRTST 24HR T ON 22-22 TO 1/4 MILE OR LESS
LOWEST: 66 ON 19 3 = THUNDER
SNOW, ICE PELLETS, HAIL 4 = ICE PELLETS
TOTAL MONTH: 0.0 INCH 5 = HAIL
GRTST 24HR 0.0 6 = FREEZING RAIN OR DRIZZLE
GRTST DEPTH: 0 7 = DUSTSTORM OR SANDSTORM:
VSBY 1/2 MILE OR LESS
8 = SMOKE OR HAZE
[NO. OF DAYS WITH] [WEATHER - DAYS WITH] 9 = BLOWING SNOW
X = TORNADO
MAX 32 OR BELOW: 0 0.01 INCH OR MORE: 0
MAX 90 OR ABOVE: 29 0.10 INCH OR MORE: 0
MIN 32 OR BELOW: 0 0.50 INCH OR MORE: 0
MIN 0 OR BELOW: 0 1.00 INCH OR MORE: 0
[HDD (BASE 65) ]
TOTAL THIS MO. 0 CLEAR (SCALE 0-3) 19
DPTR FM NORMAL -1 PTCLDY (SCALE 4-7) 11
TOTAL FM JUL 1 1590 CLOUDY (SCALE 8-10) 0
DPTR FM NORMAL -243
[CDD (BASE 65) ]
TOTAL THIS MO. 734
DPTR FM NORMAL 55 [PRESSURE DATA]
TOTAL FM JAN 1 1371 HIGHEST SLP 30.03 ON 27
DPTR FM NORMAL 129 LOWEST SLP 29.46 ON 13
[REMARKS]
#FINAL-06-22#