000
CXUS55 KVEF 112214
CF6LAS
PRELIMINARY LOCAL CLIMATOLOGICAL DATA (WS FORM: F-6)
STATION: LAS VEGAS NV
MONTH: MARCH
YEAR: 2021
LATITUDE: 36 4 N
LONGITUDE: 115 10 W
TEMPERATURE IN F: :PCPN: SNOW: WIND :SUNSHINE: SKY :PK WND
================================================================================
1 2 3 4 5 6A 6B 7 8 9 10 11 12 13 14 15 16 17 18
12Z AVG MX 2MIN
DY MAX MIN AVG DEP HDD CDD WTR SNW DPTH SPD SPD DIR MIN PSBL S-S WX SPD DR
================================================================================
1 61 37 49 -7 16 0 0.00 0.0 0 2.9 9 20 M M 0 15 10
2 68 40 54 -3 11 0 0.00 0.0 0 3.5 9 20 M M 3 14 30
3 67 43 55 -2 10 0 0.00 0.0 0 7.4 23 200 M M 4 38 220
4 67 45 56 -1 9 0 0.00 0.0 0 4.7 10 80 M M 1 16 180
5 74 46 60 2 5 0 0.00 0.0 0 3.4 10 50 M M 2 15 40
6 78 49 64 6 1 0 0.00 0.0 0 7.6 20 240 M M 4 29 200
7 73 50 62 4 3 0 0.00 0.0 0 4.1 12 180 M M 7 17 170
8 74 56 65 7 0 0 0.00 0.0 0 13.1 29 220 M M 3 42 220
9 63 49 56 -2 9 0 0.00 0.0 0 13.5 29 270 M M 5 44 240
10 57 46 52 -7 13 0 T 0.0 0 13.3 26 240 M M 5 37 230
11 53 41 47 -12 18 0 0.33 0.0 0 8.1 20 230 M M 8 31 240
12 49 38 44 -15 21 0 0.30 T 0 4.0 16 290 M M 9 1 19 280
13 59 42 51 -8 14 0 T 0.0 0 7.2 23 350 M M 6 31 10
14 68 39 54 -6 11 0 0.00 0.0 0 4.7 12 80 M M 5 M M
15 66 40 53 -7 12 0 T 0.0 0 13.1 22 230 M M 6 43 230
16 60 39 50 -10 15 0 T 0.0 0 6.5 13 90 M M 4 M M
17 66 43 55 -5 10 0 0.00 0.0 0 4.0 9 70 M M 4 15 100
18 73 51 62 2 3 0 0.00 0.0 0 4.5 10 80 M M 6 16 80
19 80 51 66 5 0 1 0.00 0.0 0 7.8 20 230 M M 4 32 220
20 71 57 64 3 1 0 0.00 0.0 0 15.2 26 220 M M 3 41 230
21 66 51 59 -2 6 0 0.00 0.0 0 15.6 26 350 M M 1 37 350
22 67 49 58 -3 7 0 0.00 0.0 0 8.4 18 350 M M 4 23 340
23 63 51 57 -4 8 0 T 0.0 0 16.7 29 330 M M 7 43 350
24 66 50 58 -4 7 0 0.00 0.0 0 11.5 28 350 M M 5 39 350
25 68 53 61 -1 4 0 0.00 0.0 0 13.9 25 350 M M 8 37 230
26 66 49 58 -4 7 0 T 0.0 0 9.6 28 340 M M 5 36 350
27 73 51 62 0 3 0 0.00 0.0 0 8.9 18 340 M M 0 27 340
28 79 51 65 3 0 0 0.00 0.0 0 4.6 12 70 M M 0 16 80
29 85 54 70 8 0 5 0.00 0.0 0 4.9 14 260 M M 1 21 250
30 69 52 61 -2 4 0 0.00 0.0 0 14.0 28 20 M M 0 38 10
31 73 48 61 -2 4 0 0.00 0.0 0 6.4 20 70 M M 0 25 60
================================================================================
SM 2102 1461 232 6 0.63 T 263.1 M 120
================================================================================
AV 67.8 47.1 8.5 FASTST M M 4 MAX(MPH)
MISC ----> # 29 220 44 240
================================================================================
NOTES:
# LAST OF SEVERAL OCCURRENCES
COLUMN 17 PEAK WIND IN M.P.H.
PRELIMINARY LOCAL CLIMATOLOGICAL DATA (WS FORM: F-6) , PAGE 2
STATION: LAS VEGAS NV
MONTH: MARCH
YEAR: 2021
LATITUDE: 36 4 N
LONGITUDE: 115 10 W
[TEMPERATURE DATA] [PRECIPITATION DATA] SYMBOLS USED IN COLUMN 16
AVERAGE MONTHLY: 57.5 TOTAL FOR MONTH: 0.63 1 = FOG OR MIST
DPTR FM NORMAL: -2.4 DPTR FM NORMAL: 0.19 2 = FOG REDUCING VISIBILITY
HIGHEST: 85 ON 29 GRTST 24HR 0.62 ON 11-12 TO 1/4 MILE OR LESS
LOWEST: 37 ON 1 3 = THUNDER
SNOW, ICE PELLETS, HAIL 4 = ICE PELLETS
TOTAL MONTH: T 5 = HAIL
GRTST 24HR T ON 12-12 6 = FREEZING RAIN OR DRIZZLE
GRTST DEPTH: 0 7 = DUSTSTORM OR SANDSTORM:
VSBY 1/2 MILE OR LESS
8 = SMOKE OR HAZE
[NO. OF DAYS WITH] [WEATHER - DAYS WITH] 9 = BLOWING SNOW
X = TORNADO
MAX 32 OR BELOW: 0 0.01 INCH OR MORE: 2
MAX 90 OR ABOVE: 0 0.10 INCH OR MORE: 2
MIN 32 OR BELOW: 0 0.50 INCH OR MORE: 0
MIN 0 OR BELOW: 0 1.00 INCH OR MORE: 0
[HDD (BASE 65) ]
TOTAL THIS MO. 232 CLEAR (SCALE 0-3) 11
DPTR FM NORMAL 43 PTCLDY (SCALE 4-7) 19
TOTAL FM JUL 1 1763 CLOUDY (SCALE 8-10) 1
DPTR FM NORMAL -117
[CDD (BASE 65) ]
TOTAL THIS MO. 6
DPTR FM NORMAL -24 [PRESSURE DATA]
TOTAL FM JAN 1 6 HIGHEST SLP 30.39 ON 1
DPTR FM NORMAL -25 LOWEST SLP 29.47 ON 25
[REMARKS]
#FINAL-03-21#