000
CXUS56 KLOX 011255
CF6LAX
PRELIMINARY LOCAL CLIMATOLOGICAL DATA (WS FORM: F-6)
STATION: LOS ANGELES INTL AIRPORT CA
MONTH: JANUARY
YEAR: 2024
LATITUDE: 33 55 N
LONGITUDE: 118 24 W
TEMPERATURE IN F: :PCPN: SNOW: WIND :SUNSHINE: SKY :PK WND
================================================================================
1 2 3 4 5 6A 6B 7 8 9 10 11 12 13 14 15 16 17 18
12Z AVG MX 2MIN
DY MAX MIN AVG DEP HDD CDD WTR SNW DPTH SPD SPD DIR MIN PSBL S-S WX SPD DR
================================================================================
1 67 50 59 1 6 0 0.00 M M 5.3 14 280 M M 4 18 20 230
2 65 47 56 -2 9 0 0.00 M M 6.4 13 260 M M 3 19 220
3 61 52 57 -1 8 0 0.20 M M 10.7 28 270 M M 5 1 40 320
4 65 52 59 1 6 0 0.00 M M 9.4 21 360 M M 3 30 340
5 65 46 56 -2 9 0 0.00 M M 5.9 14 280 M M 3 20 290
6 62 44 53 -5 12 0 T M M 8.3 29 270 M M 4 37 280
7 59 49 54 -4 11 0 T M M 15.8 32 290 M M 3 1 46 350
8 59 45 52 -6 13 0 0.00 M M 6.7 20 360 M M 0 29 280
9 62 42 52 -6 13 0 0.00 M M 5.1 13 270 M M 2 16 230
10 61 43 52 -6 13 0 0.00 M M 6.4 18 280 M M 3 22 270
11 64 51 58 0 7 0 0.00 M M 11.5 37 270 M M 3 46 270
12 60 41 51 -7 14 0 0.00 M M 6.7 14 260 M M 2 17 250
13 60 44 52 -6 13 0 0.00 M M 4.5 14 250 M M 3 20 220
14 60 44 52 -6 13 0 0.00 M M 5.3 13 270 M M 5 23 220
15 61 46 54 -4 11 0 0.00 M M 4.6 15 270 M M 5 18 21 280
16 62 48 55 -3 10 0 0.00 M M 5.1 20 260 M M 6 18 22 260
17 59 55 57 -1 8 0 0.00 M M 4.0 9 240 M M 10 18 15 140
18 66 53 60 2 5 0 0.00 M M 5.4 14 250 M M 8 18 20 230
19 67 51 59 1 6 0 0.00 M M 5.6 14 280 M M 8 18 20 290
20 59 55 57 -1 8 0 0.51 M M 8.1 16 90 M M 10 1 22 70
21 64 55 60 2 5 0 0.04 M M 6.2 13 100 M M 8 1 19 100
22 59 55 57 -1 8 0 1.15 M M 8.8 22 100 M M 9 1 31 60
23 64 51 58 0 7 0 0.00 M M 6.8 17 310 M M 5 12 26 360
24 62 54 58 0 7 0 0.00 M M 5.9 13 90 M M 9 17 220
25 61 53 57 -1 8 0 0.05 M M 6.4 17 260 M M 7 1 20 270
26 70 50 60 2 5 0 0.00 M M 4.1 12 260 M M 5 16 290
27 76 53 65 7 0 0 0.00 M M 4.4 13 280 M M 5 19 300
28 78 51 65 7 0 0 0.00 M M 4.7 14 270 M M 6 19 200
29 78 54 66 8 0 1 0.00 M M 5.8 15 270 M M 2 18 270
30 72 52 62 4 3 0 0.00 M M 6.4 14 270 M M 4 18 240
31 64 52 58 0 7 0 0.00 M M 6.0 16 100 M M 7 18 25 130
================================================================================
SM 1992 1538 245 1 1.95 M 206.3 M 157
================================================================================
AV 64.3 49.6 6.7 FASTST M M 5 MAX(MPH)
MISC ----> 37 270 # 46 350
================================================================================
NOTES:
# LAST OF SEVERAL OCCURRENCES
COLUMN 17 PEAK WIND IN M.P.H.
PRELIMINARY LOCAL CLIMATOLOGICAL DATA (WS FORM: F-6) , PAGE 2
STATION: LOS ANGELES INTL AIRPORT CA
MONTH: JANUARY
YEAR: 2024
LATITUDE: 33 55 N
LONGITUDE: 118 24 W
[TEMPERATURE DATA] [PRECIPITATION DATA] SYMBOLS USED IN COLUMN 16
AVERAGE MONTHLY: 56.9 TOTAL FOR MONTH: 1.95 1 = FOG OR MIST
DPTR FM NORMAL: -1.0 DPTR FM NORMAL: -0.91 2 = FOG REDUCING VISIBILITY
HIGHEST: 78 ON 29,28 GRTST 24HR 1.15 ON 22-22 TO 1/4 MILE OR LESS
LOWEST: 41 ON 12 3 = THUNDER
SNOW, ICE PELLETS, HAIL 4 = ICE PELLETS
TOTAL MONTH: M 5 = HAIL
GRTST 24HR M ON M 6 = FREEZING RAIN OR DRIZZLE
GRTST DEPTH: M ON M 7 = DUSTSTORM OR SANDSTORM:
VSBY 1/2 MILE OR LESS
8 = SMOKE OR HAZE
[NO. OF DAYS WITH] [WEATHER - DAYS WITH] 9 = BLOWING SNOW
X = TORNADO
MAX 32 OR BELOW: 0 0.01 INCH OR MORE: 5
MAX 90 OR ABOVE: 0 0.10 INCH OR MORE: 3
MIN 32 OR BELOW: 0 0.50 INCH OR MORE: 2
MIN 0 OR BELOW: 0 1.00 INCH OR MORE: 1
[HDD (BASE 65) ]
TOTAL THIS MO. 245 CLEAR (SCALE 0-3) 10
DPTR FM NORMAL 18 PTCLDY (SCALE 4-7) 15
TOTAL FM JUL 1 435 CLOUDY (SCALE 8-10) 6
DPTR FM NORMAL -162
[CDD (BASE 65) ]
TOTAL THIS MO. 1
DPTR FM NORMAL -5 [PRESSURE DATA]
TOTAL FM JAN 1 1 HIGHEST SLP 30.30 ON 8
DPTR FM NORMAL -5 LOWEST SLP 29.71 ON 22
[REMARKS]
#FINAL-01-24#