000
CXUS54 KLUB 010730
CF6LBB
PRELIMINARY LOCAL CLIMATOLOGICAL DATA (WS FORM: F-6)
STATION: LUBBOCK
MONTH: JULY
YEAR: 2020
LATITUDE: 33 39 N
LONGITUDE: 101 49 W
TEMPERATURE IN F: :PCPN: SNOW: WIND :SUNSHINE: SKY :PK WND
================================================================================
1 2 3 4 5 6A 6B 7 8 9 10 11 12 13 14 15 16 17 18
12Z AVG MX 2MIN
DY MAX MIN AVG DEP HDD CDD WTR SNW DPTH SPD SPD DIR MIN PSBL S-S WX SPD DR
================================================================================
1 104 75 90 10 0 25 0.00 0.0 0 13.8 32 180 M M 6 42 180
2 97 74 86 6 0 21 0.00 0.0 0 12.4 25 130 M M 6 30 140
3 97 71 84 4 0 19 0.00 0.0 0 9.3 21 140 M M 5 30 130
4 98 71 85 5 0 20 0.00 0.0 0 8.8 22 80 M M 6 26 90
5 94 67 81 1 0 16 1.01 0.0 0 10.0 35 60 M M 6 138 57 250
6 90 68 79 -1 0 14 0.04 0.0 0 8.4 17 110 M M 6 3 22 100
7 92 69 81 1 0 16 0.00 0.0 0 7.4 15 130 M M 2 19 130
8 100 69 85 5 0 20 0.00 0.0 0 11.5 21 170 M M 2 27 210
9 105 80 93 13 0 28 T 0.0 0 14.9 41 180 M M 4 38 53 180
10 102 79 91 11 0 26 0.00 0.0 0 14.3 24 150 M M 3 29 150
11 106 76 91 11 0 26 0.00 0.0 0 12.4 23 170 M M 2 27 170
12 105 79 92 12 0 27 T 0.0 0 14.4 29 190 M M 5 3 36 190
13 110 79 95 15 0 30 0.00 0.0 0 15.1 29 200 M M 6 38 260
14 111 86 99 19 0 34 T 0.0 0 14.4 39 310 M M 6 54 300
15 103 76 90 10 0 25 T 0.0 0 7.9 23 210 M M 6 3 31 210
16 101 69 85 5 0 20 0.00 0.0 0 12.2 28 10 M M 4 35 10
17 101 77 89 9 0 24 0.00 0.0 0 12.7 24 140 M M 3 31 150
18 100 73 87 7 0 22 0.00 0.0 0 12.1 23 140 M M 3 28 160
19 96 75 86 6 0 21 0.00 0.0 0 12.0 22 200 M M 4 29 170
20 95 72 84 4 0 19 0.00 0.0 0 11.0 28 120 M M 8 35 120
21 96 67 82 2 0 17 0.22 0.0 0 8.0 33 70 M M 7 13 44 70
22 90 70 80 0 0 15 T 0.0 0 8.2 33 140 M M 7 3 41 140
23 95 69 82 2 0 17 0.00 0.0 0 8.7 33 150 M M 5 40 150
24 95 72 84 4 0 19 0.00 0.0 0 12.9 23 110 M M 4 29 150
25 95 70 83 3 0 18 0.00 0.0 0 11.4 21 120 M M 4 25 120
26 92 69 81 1 0 16 0.00 0.0 0 9.6 17 160 M M 2 24 160
27 93 72 83 3 0 18 0.00 0.0 0 8.8 21 40 M M 6 28 50
28 96 71 84 4 0 19 0.58 0.0 0 8.3 30 340 M M 8 38 41 330
29 99 70 85 5 0 20 0.00 0.0 0 9.7 28 220 M M 4 3 34 220
30 100 73 87 7 0 22 T 0.0 0 9.1 21 190 M M 2 3 24 230
31 92 65 79 -1 0 14 T 0.0 0 9.4 21 20 M M 5 27 10
================================================================================
SM 3050 2253 0 648 1.85 0.0 339.1 M 147
================================================================================
AV 98.4 72.7 10.9 FASTST M M 5 MAX(MPH)
MISC ----> 41 180 57 250
================================================================================
NOTES:
# LAST OF SEVERAL OCCURRENCES
COLUMN 17 PEAK WIND IN M.P.H.
PRELIMINARY LOCAL CLIMATOLOGICAL DATA (WS FORM: F-6) , PAGE 2
STATION: LUBBOCK
MONTH: JULY
YEAR: 2020
LATITUDE: 33 39 N
LONGITUDE: 101 49 W
[TEMPERATURE DATA] [PRECIPITATION DATA] SYMBOLS USED IN COLUMN 16
AVERAGE MONTHLY: 85.5 TOTAL FOR MONTH: 1.85 1 = FOG OR MIST
DPTR FM NORMAL: 5.2 DPTR FM NORMAL: -0.06 2 = FOG REDUCING VISIBILITY
HIGHEST: 111 ON 14 GRTST 24HR 1.05 ON 5- 6 TO 1/4 MILE OR LESS
LOWEST: 65 ON 31 3 = THUNDER
SNOW, ICE PELLETS, HAIL 4 = ICE PELLETS
TOTAL MONTH: 0.0 INCH 5 = HAIL
GRTST 24HR 0.0 6 = FREEZING RAIN OR DRIZZLE
GRTST DEPTH: 0 7 = DUSTSTORM OR SANDSTORM:
VSBY 1/2 MILE OR LESS
8 = SMOKE OR HAZE
[NO. OF DAYS WITH] [WEATHER - DAYS WITH] 9 = BLOWING SNOW
X = TORNADO
MAX 32 OR BELOW: 0 0.01 INCH OR MORE: 4
MAX 90 OR ABOVE: 31 0.10 INCH OR MORE: 3
MIN 32 OR BELOW: 0 0.50 INCH OR MORE: 2
MIN 0 OR BELOW: 0 1.00 INCH OR MORE: 1
[HDD (BASE 65) ]
TOTAL THIS MO. 0 CLEAR (SCALE 0-3) 8
DPTR FM NORMAL 0 PTCLDY (SCALE 4-7) 23
TOTAL FM JUL 1 0 CLOUDY (SCALE 8-10) 0
DPTR FM NORMAL 0
[CDD (BASE 65) ]
TOTAL THIS MO. 648
DPTR FM NORMAL 175 [PRESSURE DATA]
TOTAL FM JAN 1 1420 HIGHEST SLP M ON M
DPTR FM NORMAL 327 LOWEST SLP 26.78 ON 31
[REMARKS]
#FINAL-07-20#