647
CXUS54 KLUB 010755
CF6LBB
PRELIMINARY LOCAL CLIMATOLOGICAL DATA (WS FORM: F-6)
STATION: LUBBOCK
MONTH: APRIL
YEAR: 2020
LATITUDE: 33 39 N
LONGITUDE: 101 49 W
TEMPERATURE IN F: :PCPN: SNOW: WIND :SUNSHINE: SKY :PK WND
================================================================================
1 2 3 4 5 6A 6B 7 8 9 10 11 12 13 14 15 16 17 18
12Z AVG MX 2MIN
DY MAX MIN AVG DEP HDD CDD WTR SNW DPTH SPD SPD DIR MIN PSBL S-S WX SPD DR
================================================================================
1 79 50 65 9 0 0 0.00 0.0 0 17.2 31 170 M M 7 38 170
2 84 53 69 13 0 4 0.00 0.0 0 12.0 28 30 M M 2 33 20
3 57 32 45 -12 20 0 T 0.0 0 17.1 30 10 M M 7 18 38 20
4 56 37 47 -10 18 0 T 0.0 0 10.4 17 180 M M 8 1 21 90
5 64 45 55 -2 10 0 T 0.0 0 12.5 22 150 M M 10 1 26 140
6 77 56 67 9 0 2 T 0.0 0 14.6 24 180 M M 9 1 29 190
7 87 51 69 11 0 4 0.00 0.0 0 11.0 20 260 M M 7 25 280
8 87 48 68 10 0 3 0.00 0.0 0 8.2 20 260 M M 3 25 310
9 73 49 61 3 4 0 T 0.0 0 11.2 20 220 M M 9 24 220
10 70 41 56 -3 9 0 T 0.0 0 13.9 24 120 M M 4 8 30 120
11 82 51 67 8 0 2 T 0.0 0 10.9 26 240 M M 4 13 35 270
12 69 38 54 -5 11 0 0.00 0.0 0 17.3 32 10 M M 4 8 43 350
13 51 30 41 -19 24 0 0.02 T 0 11.8 24 50 M M 6 14 30 50
14 51 30 41 -19 24 0 T T 0 8.1 17 50 M M 7 1 22 90
15 71 33 52 -8 13 0 0.00 0.0 0 13.6 28 210 M M 3 34 200
16 84 44 64 3 1 0 0.00 0.0 0 17.8 31 220 M M 1 39 220
17 62 34 48 -13 17 0 0.00 0.0 0 12.8 32 20 M M 4 39 20
18 69 38 54 -7 11 0 0.00 0.0 0 10.2 21 160 M M 4 25 160
19 79 46 63 1 2 0 0.00 0.0 0 11.0 23 290 M M 1 30 340
20 80 46 63 1 2 0 0.00 0.0 0 6.5 15 130 M M 6 18 19 130
21 85 50 68 6 0 3 T 0.0 0 10.5 17 130 M M 5 1 22 110
22 82 54 68 5 0 3 0.00 0.0 0 15.2 30 320 M M 3 8 39 330
23 85 47 66 3 0 1 0.00 0.0 0 11.8 25 240 M M 3 33 240
24 81 51 66 3 0 1 0.00 0.0 0 15.0 30 360 M M 3 38 10
25 75 43 59 -5 6 0 0.00 0.0 0 6.2 15 140 M M 4 19 130
26 87 46 67 3 0 2 0.00 0.0 0 17.8 31 190 M M 5 38 220
27 91 58 75 11 0 10 0.00 0.0 0 10.3 28 180 M M 7 37 190
28 96 64 80 16 0 15 0.00 0.0 0 13.9 24 40 M M 3 32 350
29 81 51 66 1 0 1 0.00 0.0 0 11.8 26 50 M M 0 34 40
30 91 51 71 6 0 6 0.00 0.0 0 15.0 28 200 M M 4 34 200
================================================================================
SM 2286 1367 172 57 0.02 T 375.6 M 143
================================================================================
AV 76.2 45.6 12.5 FASTST M M 5 MAX(MPH)
MISC ----> # 32 10 # 43 350
================================================================================
NOTES:
# LAST OF SEVERAL OCCURRENCES
COLUMN 17 PEAK WIND IN M.P.H.
PRELIMINARY LOCAL CLIMATOLOGICAL DATA (WS FORM: F-6) , PAGE 2
STATION: LUBBOCK
MONTH: APRIL
YEAR: 2020
LATITUDE: 33 39 N
LONGITUDE: 101 49 W
[TEMPERATURE DATA] [PRECIPITATION DATA] SYMBOLS USED IN COLUMN 16
AVERAGE MONTHLY: 60.9 TOTAL FOR MONTH: 0.02 1 = FOG OR MIST
DPTR FM NORMAL: 0.4 DPTR FM NORMAL: -1.39 2 = FOG REDUCING VISIBILITY
HIGHEST: 96 ON 28 GRTST 24HR 0.02 ON 13-13 TO 1/4 MILE OR LESS
LOWEST: 30 ON 14,13 3 = THUNDER
SNOW, ICE PELLETS, HAIL 4 = ICE PELLETS
TOTAL MONTH: T 5 = HAIL
GRTST 24HR T ON 14-14 6 = FREEZING RAIN OR DRIZZLE
GRTST DEPTH: 0 7 = DUSTSTORM OR SANDSTORM:
VSBY 1/2 MILE OR LESS
8 = SMOKE OR HAZE
[NO. OF DAYS WITH] [WEATHER - DAYS WITH] 9 = BLOWING SNOW
X = TORNADO
MAX 32 OR BELOW: 0 0.01 INCH OR MORE: 1
MAX 90 OR ABOVE: 3 0.10 INCH OR MORE: 0
MIN 32 OR BELOW: 3 0.50 INCH OR MORE: 0
MIN 0 OR BELOW: 0 1.00 INCH OR MORE: 0
[HDD (BASE 65) ]
TOTAL THIS MO. 172 CLEAR (SCALE 0-3) 6
DPTR FM NORMAL -11 PTCLDY (SCALE 4-7) 21
TOTAL FM JUL 1 3140 CLOUDY (SCALE 8-10) 3
DPTR FM NORMAL -197
[CDD (BASE 65) ]
TOTAL THIS MO. 57
DPTR FM NORMAL 8 [PRESSURE DATA]
TOTAL FM JAN 1 71 HIGHEST SLP M ON M
DPTR FM NORMAL 15 LOWEST SLP 29.42 ON 12
[REMARKS]
#FINAL-04-20#