000
CXUS54 KLCH 011524
CF6LCH
PRELIMINARY LOCAL CLIMATOLOGICAL DATA (WS FORM: F-6)
STATION: LAKE CHARLES
MONTH: JANUARY
YEAR: 2023
LATITUDE: 30 7 N
LONGITUDE: 93 13 W
TEMPERATURE IN F: :PCPN: SNOW: WIND :SUNSHINE: SKY :PK WND
================================================================================
1 2 3 4 5 6A 6B 7 8 9 10 11 12 13 14 15 16 17 18
12Z AVG MX 2MIN
DY MAX MIN AVG DEP HDD CDD WTR SNW DPTH SPD SPD DIR MIN PSBL S-S WX SPD DR
================================================================================
1 75 58 67 14 0 2 0.00 0.0 M 9.0 17 160 M M 10 128 23 160
2 77 68 73 20 0 8 0.00 0.0 M 17.7 29 170 M M 9 12 43 170
3 77 59 68 15 0 3 0.03 0.0 M 10.9 17 200 M M 8 18 26 170
4 74 48 61 8 4 0 0.00 0.0 M 5.1 16 240 M M 0 24 260
5 69 42 56 3 9 0 T M M 3.0 9 10 M M 0 15 50
6 73 45 59 6 6 0 0.00 0.0 M 8.3 18 160 M M 0 1 24 170
7 77 51 64 11 1 0 0.00 0.0 M 8.9 20 170 M M 3 12 26 170
8 67 49 58 5 7 0 1.22 M M 6.0 15 330 M M 6 13 20 310
9 63 45 54 1 11 0 0.00 0.0 M 6.1 14 90 M M 1 12 21 140
10 73 47 60 7 5 0 0.00 0.0 M 7.9 17 190 M M 6 1 22 180
11 77 64 71 18 0 6 0.00 0.0 M 11.3 25 230 M M 7 1 35 220
12 69 47 58 5 7 0 0.00 0.0 M 15.8 25 360 M M 3 34 340
13 58 38 48 -5 17 0 0.00 0.0 M 11.5 24 340 M M 0 33 340
14 57 35 46 -7 19 0 0.00 0.0 M 5.8 12 70 M M 0 15 70
15 63 38 51 -2 14 0 0.00 0.0 M 11.0 20 130 M M 7 26 120
16 74 60 67 14 0 2 0.09 0.0 M 10.9 22 170 M M 9 18 28 160
17 73 64 69 16 0 4 T 0.0 M 5.7 14 160 M M 9 12 18 150
18 76 58 67 14 0 2 0.02 0.0 M 13.0 24 170 M M 7 13 32 190
19 71 48 60 7 5 0 0.00 0.0 M 6.9 21 320 M M 0 1 27 330
20 54 49 52 -1 13 0 T M M 11.8 22 60 M M 7 8 29 60
21 52 47 50 -3 15 0 0.80 M M 9.2 20 80 M M 10 1 27 70
22 61 45 53 0 12 0 0.00 0.0 M 10.7 18 320 M M 3 25 300
23 56 35 46 -7 19 0 0.00 0.0 M 9.5 16 50 M M 0 23 60
24 68 46 57 4 8 0 1.21 M M 15.2 38 230 M M 8 13 58 230
25 50 39 45 -9 20 0 0.00 0.0 M 12.3 21 330 M M 6 30 290
26 57 35 46 -8 19 0 0.00 0.0 M 5.4 14 10 M M 0 20 340
27 57 32 45 -9 20 0 0.00 0.0 M 5.4 12 210 M M 4 17 210
28 71 44 58 4 7 0 0.00 0.0 M 14.6 29 170 M M 8 39 190
29 70 63 67 13 0 2 1.64 0.0 M 10.2 18 150 M M 10 13 27 250
30 64 53 59 5 6 0 0.01 0.0 M 7.3 12 360 M M 10 12 14 360
31 53 42 48 -6 17 0 0.05 M M 11.9 18 30 M M 10 1 23 360
================================================================================
SM 2056 1494 261 29 5.07 0.0 298.3 M 161
================================================================================
AV 66.3 48.2 9.6 FASTST M M 5 MAX(MPH)
MISC ----> 38 230 58 230
================================================================================
NOTES:
# LAST OF SEVERAL OCCURRENCES
COLUMN 17 PEAK WIND IN M.P.H.
PRELIMINARY LOCAL CLIMATOLOGICAL DATA (WS FORM: F-6) , PAGE 2
STATION: LAKE CHARLES
MONTH: JANUARY
YEAR: 2023
LATITUDE: 30 7 N
LONGITUDE: 93 13 W
[TEMPERATURE DATA] [PRECIPITATION DATA] SYMBOLS USED IN COLUMN 16
AVERAGE MONTHLY: 57.3 TOTAL FOR MONTH: 5.07 1 = FOG OR MIST
DPTR FM NORMAL: 4.1 DPTR FM NORMAL: -0.82 2 = FOG REDUCING VISIBILITY
HIGHEST: 77 ON 11, 7 GRTST 24HR 4.04 ON 29-29 TO 1/4 MILE OR LESS
LOWEST: 32 ON 27 3 = THUNDER
SNOW, ICE PELLETS, HAIL 4 = ICE PELLETS
TOTAL MONTH: 0.0 INCH 5 = HAIL
GRTST 24HR 0.0 6 = FREEZING RAIN OR DRIZZLE
GRTST DEPTH: M ON M 7 = DUSTSTORM OR SANDSTORM:
VSBY 1/2 MILE OR LESS
8 = SMOKE OR HAZE
[NO. OF DAYS WITH] [WEATHER - DAYS WITH] 9 = BLOWING SNOW
X = TORNADO
MAX 32 OR BELOW: 0 0.01 INCH OR MORE: 9
MAX 90 OR ABOVE: 0 0.10 INCH OR MORE: 4
MIN 32 OR BELOW: 1 0.50 INCH OR MORE: 4
MIN 0 OR BELOW: 0 1.00 INCH OR MORE: 3
[HDD (BASE 65) ]
TOTAL THIS MO. 261 CLEAR (SCALE 0-3) 10
DPTR FM NORMAL -118 PTCLDY (SCALE 4-7) 12
TOTAL FM JUL 1 874 CLOUDY (SCALE 8-10) 9
DPTR FM NORMAL -24
[CDD (BASE 65) ]
TOTAL THIS MO. 29
DPTR FM NORMAL 15 [PRESSURE DATA]
TOTAL FM JAN 1 29 HIGHEST SLP 30.44 ON 27
DPTR FM NORMAL 15 LOWEST SLP 29.58 ON 24
[REMARKS]
#FINAL-01-23#