413
CXUS54 KLCH 010807
CF6LCH
PRELIMINARY LOCAL CLIMATOLOGICAL DATA (WS FORM: F-6)
STATION: LAKE CHARLES
MONTH: JUNE
YEAR: 2020
LATITUDE: 30 7 N
LONGITUDE: 93 13 W
TEMPERATURE IN F: :PCPN: SNOW: WIND :SUNSHINE: SKY :PK WND
================================================================================
1 2 3 4 5 6A 6B 7 8 9 10 11 12 13 14 15 16 17 18
12Z AVG MX 2MIN
DY MAX MIN AVG DEP HDD CDD WTR SNW DPTH SPD SPD DIR MIN PSBL S-S WX SPD DR
================================================================================
1 85 71 78 -1 0 13 0.00 0.0 0 5.7 12 120 M M 2 15 110
2 89 72 81 2 0 16 0.00 0.0 0 4.6 13 120 M M 0 16 110
3 90 69 80 1 0 15 2.32 0.0 0 5.4 33 130 M M 3 123 45 120
4 88 71 80 0 0 15 0.01 0.0 0 3.5 14 150 M M 3 1238 18 150
5 90 72 81 1 0 16 0.00 0.0 0 3.2 13 120 M M 1 16 220
6 92 73 83 3 0 18 T 0.0 0 9.2 21 100 M M 2 32 100
7 86 74 80 0 0 15 0.01 0.0 0 13.2 22 40 M M 7 1 28 40
8 90 76 83 3 0 18 0.07 0.0 0 8.8 20 240 M M 6 138 29 240
9 89 78 84 4 0 19 0.00 0.0 0 8.2 15 210 M M M 24 200
10 92 69 81 1 0 16 0.23 0.0 0 6.6 17 20 M M 3 13 22 360
11 89 62 76 -5 0 11 0.00 0.0 0 6.8 18 40 M M 0 24 30
12 88 66 77 -4 0 12 0.00 0.0 0 11.3 22 70 M M 0 28 70
13 89 68 79 -2 0 14 0.00 0.0 0 9.6 21 40 M M 0 27 70
14 91 68 80 -1 0 15 0.03 0.0 0 5.6 23 130 M M 2 3 30 110
15 91 70 81 0 0 16 0.00 0.0 0 4.5 13 130 M M 1 17 130
16 91 70 81 0 0 16 0.76 0.0 0 2.9 39 40 M M 3 13 50 30
17 90 70 80 -1 0 15 0.83 0.0 0 3.5 18 90 M M 6 13 23 90
18 87 72 80 -1 0 15 0.01 0.0 0 2.7 12 220 M M 3 1 18 230
19 88 71 80 -2 0 15 0.00 0.0 0 5.3 13 160 M M 2 21 170
20 88 69 79 -3 0 14 0.00 0.0 0 4.2 12 210 M M 1 1 18 210
21 88 74 81 -1 0 16 0.00 0.0 0 5.8 15 170 M M 1 24 200
22 85 71 78 -4 0 13 0.13 0.0 0 7.1 24 130 M M 4 13 41 140
23 88 69 79 -3 0 14 0.13 0.0 0 5.3 16 190 M M 2 13 27 190
24 83 73 78 -4 0 13 0.04 0.0 0 5.6 14 240 M M 3 13 22 250
25 84 74 79 -3 0 14 0.82 0.0 0 6.7 26 150 M M 6 13 33 160
26 85 77 81 -1 0 16 T 0.0 0 6.0 14 150 M M 6 1 18 160
27 89 78 84 2 0 19 0.00 0.0 0 6.9 14 180 M M 3 21 170
28 89 76 83 1 0 18 0.00 0.0 0 8.0 15 170 M M 3 18 26 200
29 87 79 83 1 0 18 0.01 0.0 0 8.5 15 180 M M 4 27 200
30 89 79 84 2 0 19 0.00 0.0 0 7.9 14 210 M M 3 24 220
================================================================================
SM 2650 2161 0 464 5.40 0.0 192.6 M 80
================================================================================
AV 88.3 72.0 6.4 FASTST M M 3 MAX(MPH)
MISC ----> # 39 40 # 50 30
================================================================================
NOTES:
# LAST OF SEVERAL OCCURRENCES
COLUMN 17 PEAK WIND IN M.P.H.
PRELIMINARY LOCAL CLIMATOLOGICAL DATA (WS FORM: F-6) , PAGE 2
STATION: LAKE CHARLES
MONTH: JUNE
YEAR: 2020
LATITUDE: 30 7 N
LONGITUDE: 93 13 W
[TEMPERATURE DATA] [PRECIPITATION DATA] SYMBOLS USED IN COLUMN 16
AVERAGE MONTHLY: 80.2 TOTAL FOR MONTH: 5.40 1 = FOG OR MIST
DPTR FM NORMAL: -0.8 DPTR FM NORMAL: -1.45 2 = FOG REDUCING VISIBILITY
HIGHEST: 92 ON 10, 6 GRTST 24HR 2.32 ON 3- 3 TO 1/4 MILE OR LESS
LOWEST: 62 ON 11 3 = THUNDER
SNOW, ICE PELLETS, HAIL 4 = ICE PELLETS
TOTAL MONTH: 0.0 INCH 5 = HAIL
GRTST 24HR 0.0 6 = FREEZING RAIN OR DRIZZLE
GRTST DEPTH: 0 7 = DUSTSTORM OR SANDSTORM:
VSBY 1/2 MILE OR LESS
8 = SMOKE OR HAZE
[NO. OF DAYS WITH] [WEATHER - DAYS WITH] 9 = BLOWING SNOW
X = TORNADO
MAX 32 OR BELOW: 0 0.01 INCH OR MORE: 14
MAX 90 OR ABOVE: 9 0.10 INCH OR MORE: 7
MIN 32 OR BELOW: 0 0.50 INCH OR MORE: 4
MIN 0 OR BELOW: 0 1.00 INCH OR MORE: 1
[HDD (BASE 65) ]
TOTAL THIS MO. 0 CLEAR (SCALE 0-3) 20
DPTR FM NORMAL 0 PTCLDY (SCALE 4-7) 9
TOTAL FM JUL 1 1016 CLOUDY (SCALE 8-10) 0
DPTR FM NORMAL -474
[CDD (BASE 65) ]
TOTAL THIS MO. 464
DPTR FM NORMAL -16 [PRESSURE DATA]
TOTAL FM JAN 1 1164 HIGHEST SLP 30.24 ON 12
DPTR FM NORMAL 146 LOWEST SLP 29.58 ON 8
[REMARKS]
#FINAL-06-20#