000
CXUS53 KLMK 010710
CF6LEX
PRELIMINARY LOCAL CLIMATOLOGICAL DATA (WS FORM: F-6)
STATION: LEXINGTON KY
MONTH: SEPTEMBER
YEAR: 2023
LATITUDE: 38 1 N
LONGITUDE: 84 36 W
TEMPERATURE IN F: :PCPN: SNOW: WIND :SUNSHINE: SKY :PK WND
================================================================================
1 2 3 4 5 6A 6B 7 8 9 10 11 12 13 14 15 16 17 18
12Z AVG MX 2MIN
DY MAX MIN AVG DEP HDD CDD WTR SNW DPTH SPD SPD DIR MIN PSBL S-S WX SPD DR
================================================================================
1 89 55 72 -2 0 7 0.00 0.0 0 4.2 10 30 M M 1 13 30
2 91 67 79 6 0 14 0.00 0.0 0 6.5 13 250 M M 1 18 240
3 92 66 79 6 0 14 0.00 0.0 0 3.5 10 220 M M 1 15 270
4 93 65 79 6 0 14 0.00 0.0 0 4.4 10 260 M M 2 17 230
5 95 70 83 10 0 18 0.00 0.0 0 6.5 17 240 M M 1 25 250
6 86 71 79 7 0 14 T 0.0 0 8.1 22 250 M M 2 3 31 230
7 82 66 74 2 0 9 0.00 0.0 0 6.2 16 330 M M 5 24 330
8 82 63 73 1 0 8 0.00 0.0 0 5.0 12 30 M M 7 18 17 10
9 74 62 68 -4 0 3 0.00 0.0 0 7.3 13 10 M M 8 18 16 360
10 83 62 73 2 0 8 0.00 0.0 0 5.5 13 30 M M 6 1 16 10
11 87 60 74 3 0 9 0.00 0.0 0 2.6 8 320 M M 2 18 14 150
12 77 62 70 0 0 5 0.39 0.0 0 3.5 10 330 M M 4 18 15 330
13 79 55 67 -3 0 2 0.00 0.0 0 4.4 13 350 M M 4 12 18 340
14 81 49 65 -5 0 0 0.00 0.0 0 5.8 15 40 M M 0 22 50
15 79 54 67 -3 0 2 0.00 0.0 0 6.5 15 40 M M 0 23 40
16 84 49 67 -2 0 2 0.00 0.0 0 2.7 12 180 M M 3 14 180
17 78 58 68 -1 0 3 T 0.0 0 5.1 18 270 M M 4 23 260
18 79 51 65 -3 0 0 0.00 0.0 0 3.7 14 290 M M 1 12 22 280
19 80 50 65 -3 0 0 0.00 0.0 0 2.2 10 50 M M 2 15 10
20 85 57 71 3 0 6 0.00 0.0 0 6.4 15 180 M M 0 28 200
21 85 58 72 5 0 7 0.00 0.0 0 4.4 13 60 M M 2 16 50
22 88 56 72 5 0 7 0.00 0.0 0 5.8 16 50 M M 1 22 40
23 81 52 67 0 0 2 0.00 0.0 0 7.3 15 20 M M 0 23 20
24 84 53 69 3 0 4 0.00 0.0 0 6.8 15 40 M M 1 21 30
25 82 60 71 5 0 6 T 0.0 0 3.9 16 90 M M 0 20 90
26 87 61 74 8 0 9 0.00 0.0 0 6.9 21 40 M M 2 28 30
27 77 64 71 6 0 6 0.02 0.0 0 9.1 15 190 M M 4 3 23 190
28 78 64 71 6 0 6 0.58 0.0 0 7.0 20 210 M M 7 13 30 200
29 83 61 72 8 0 7 0.00 0.0 0 5.0 14 50 M M 2 1 17 10
30 84 57 71 7 0 6 0.00 0.0 0 5.7 14 50 M M 2 18 22 40
================================================================================
SM 2505 1778 0 198 0.99 0.0 162.0 M 75
================================================================================
AV 83.5 59.3 5.4 FASTST M M 3 MAX(MPH)
MISC ----> 22 250 31 230
================================================================================
NOTES:
# LAST OF SEVERAL OCCURRENCES
COLUMN 17 PEAK WIND IN M.P.H.
PRELIMINARY LOCAL CLIMATOLOGICAL DATA (WS FORM: F-6) , PAGE 2
STATION: LEXINGTON KY
MONTH: SEPTEMBER
YEAR: 2023
LATITUDE: 38 1 N
LONGITUDE: 84 36 W
[TEMPERATURE DATA] [PRECIPITATION DATA] SYMBOLS USED IN COLUMN 16
AVERAGE MONTHLY: 71.4 TOTAL FOR MONTH: 0.99 1 = FOG OR MIST
DPTR FM NORMAL: 2.3 DPTR FM NORMAL: -2.43 2 = FOG REDUCING VISIBILITY
HIGHEST: 95 ON 5 GRTST 24HR 0.58 ON 27-28 TO 1/4 MILE OR LESS
LOWEST: 49 ON 16,14 3 = THUNDER
SNOW, ICE PELLETS, HAIL 4 = ICE PELLETS
TOTAL MONTH: 0.0 INCH 5 = HAIL
GRTST 24HR 0.0 6 = FREEZING RAIN OR DRIZZLE
GRTST DEPTH: 0 7 = DUSTSTORM OR SANDSTORM:
VSBY 1/2 MILE OR LESS
8 = SMOKE OR HAZE
[NO. OF DAYS WITH] [WEATHER - DAYS WITH] 9 = BLOWING SNOW
X = TORNADO
MAX 32 OR BELOW: 0 0.01 INCH OR MORE: 3
MAX 90 OR ABOVE: 4 0.10 INCH OR MORE: 2
MIN 32 OR BELOW: 0 0.50 INCH OR MORE: 1
MIN 0 OR BELOW: 0 1.00 INCH OR MORE: 0
[HDD (BASE 65) ]
TOTAL THIS MO. 0 CLEAR (SCALE 0-3) 20
DPTR FM NORMAL -42 PTCLDY (SCALE 4-7) 10
TOTAL FM JUL 1 0 CLOUDY (SCALE 8-10) 0
DPTR FM NORMAL -42
[CDD (BASE 65) ]
TOTAL THIS MO. 198
DPTR FM NORMAL 32 [PRESSURE DATA]
TOTAL FM JAN 1 1281 HIGHEST SLP M ON M
DPTR FM NORMAL 27 LOWEST SLP 29.82 ON 7
[REMARKS]
#FINAL-09-23#