000
CXUS54 KSHV 011400
CF6LFK
PRELIMINARY LOCAL CLIMATOLOGICAL DATA (WS FORM: F-6)
STATION: LUFKIN
MONTH: DECEMBER
YEAR: 2022
LATITUDE: 31 14 N
LONGITUDE: 94 45 W
TEMPERATURE IN F: :PCPN: SNOW: WIND :SUNSHINE: SKY :PK WND
================================================================================
1 2 3 4 5 6A 6B 7 8 9 10 11 12 13 14 15 16 17 18
12Z AVG MX 2MIN
DY MAX MIN AVG DEP HDD CDD WTR SNW DPTH SPD SPD DIR MIN PSBL S-S WX SPD DR
================================================================================
1 62 36 49 -4 16 0 0.00 0.0 0 5.7 16 80 M M 0 22 100
2 75 49 62 9 3 0 0.00 0.0 0 8.9 16 160 M M 10 23 160
3 77 61 69 17 0 4 T 0.0 0 3.9 10 330 M M 9 12 17 310
4 70 54 62 10 3 0 T 0.0 0 3.2 7 180 M M 10 1 12 350
5 80 63 72 20 0 7 T 0.0 0 6.9 20 220 M M 7 1 29 220
6 80 69 75 23 0 10 T 0.0 0 8.4 18 200 M M 7 1 26 210
7 82 64 73 21 0 8 0.00 0.0 0 5.4 13 180 M M 6 12 18 160
8 82 68 75 24 0 10 0.00 0.0 0 6.9 15 170 M M 5 1 24 180
9 82 67 75 24 0 10 T 0.0 0 4.7 12 210 M M 7 1 17 220
10 79 64 72 21 0 7 0.28 0.0 0 4.5 15 190 M M 8 123 22 10
11 66 61 64 13 1 0 0.79 0.0 0 4.5 14 80 M M 10 13 19 90
12 65 59 62 11 3 0 0.00 0.0 0 8.0 14 110 M M 10 1 20 120
13 77 58 68 18 0 3 0.20 0.0 0 9.8 18 180 M M 10 13 32 240
14 65 40 53 3 12 0 0.11 0.0 0 4.7 15 290 M M 6 3 22 290
15 60 34 47 -3 18 0 0.00 0.0 0 2.6 13 250 M M 0 18 240
16 55 34 45 -5 20 0 0.07 0.0 0 3.2 10 340 M M 5 18 10
17 57 31 44 -6 21 0 0.00 0.0 0 3.6 13 350 M M 0 21 360
18 57 28 43 -7 22 0 0.00 0.0 0 4.3 14 80 M M 2 18 60
19 48 40 44 -6 21 0 1.94 0.0 0 6.8 21 90 M M 10 13 27 90
20 49 38 44 -5 21 0 0.51 0.0 0 6.2 13 350 M M 10 1 20 340
21 52 32 42 -7 23 0 0.00 0.0 0 3.9 10 130 M M 6 12 13 140
22 51 16 34 -15 31 0 T 0.0 0 10.0 22 320 M M 8 1 37 300
23 30 12 21 -28 44 0 0.00 0.0 0 9.9 17 320 M M 0 34 360
24 42 20 31 -18 34 0 0.00 0.0 0 3.6 10 10 M M 0 16 350
25 50 20 35 -14 30 0 0.00 0.0 0 1.2 7 290 M M 0 11 290
26 58 25 42 -7 23 0 0.00 0.0 0 2.6 12 240 M M 0 16 250
27 53 27 40 -9 25 0 0.00 0.0 0 2.7 8 160 M M 0 13 150
28 75 29 52 3 13 0 0.00 0.0 0 9.6 22 190 M M 3 31 190
29 80 63 72 24 0 7 1.34 0.0 0 9.1 22 180 M M 9 13 30 180
30 66 57 62 14 3 0 0.74 0.0 0 3.5 20 250 M M 8 13 27 270
31 72 55 64 16 1 0 0.00 0.0 0 5.5 15 210 M M 5 12 20 240
================================================================================
SM 1997 1374 388 66 5.98 0.0 173.8 M 171
================================================================================
AV 64.4 44.3 5.6 FASTST M M 6 MAX(MPH)
MISC ----> # 22 320 37 300
================================================================================
NOTES:
# LAST OF SEVERAL OCCURRENCES
COLUMN 17 PEAK WIND IN M.P.H.
PRELIMINARY LOCAL CLIMATOLOGICAL DATA (WS FORM: F-6) , PAGE 2
STATION: LUFKIN
MONTH: DECEMBER
YEAR: 2022
LATITUDE: 31 14 N
LONGITUDE: 94 45 W
[TEMPERATURE DATA] [PRECIPITATION DATA] SYMBOLS USED IN COLUMN 16
AVERAGE MONTHLY: 54.4 TOTAL FOR MONTH: 5.98 1 = FOG OR MIST
DPTR FM NORMAL: 4.2 DPTR FM NORMAL: 1.30 2 = FOG REDUCING VISIBILITY
HIGHEST: 82 ON 9, 8 GRTST 24HR 2.45 ON 19-20 TO 1/4 MILE OR LESS
LOWEST: 12 ON 23 3 = THUNDER
SNOW, ICE PELLETS, HAIL 4 = ICE PELLETS
TOTAL MONTH: 0.0 INCH 5 = HAIL
GRTST 24HR 0.0 6 = FREEZING RAIN OR DRIZZLE
GRTST DEPTH: 0 7 = DUSTSTORM OR SANDSTORM:
VSBY 1/2 MILE OR LESS
8 = SMOKE OR HAZE
[NO. OF DAYS WITH] [WEATHER - DAYS WITH] 9 = BLOWING SNOW
X = TORNADO
MAX 32 OR BELOW: 1 0.01 INCH OR MORE: 9
MAX 90 OR ABOVE: 0 0.10 INCH OR MORE: 8
MIN 32 OR BELOW: 10 0.50 INCH OR MORE: 5
MIN 0 OR BELOW: 0 1.00 INCH OR MORE: 2
[HDD (BASE 65) ]
TOTAL THIS MO. 388 CLEAR (SCALE 0-3) 10
DPTR FM NORMAL -82 PTCLDY (SCALE 4-7) 10
TOTAL FM JUL 1 702 CLOUDY (SCALE 8-10) 11
DPTR FM NORMAL -107
[CDD (BASE 65) ]
TOTAL THIS MO. 66
DPTR FM NORMAL 55 [PRESSURE DATA]
TOTAL FM JAN 1 3318 HIGHEST SLP 30.74 ON 23
DPTR FM NORMAL 795 LOWEST SLP 29.62 ON 13
[REMARKS]
#FINAL-12-22#