000
CXUS54 KLCH 011340
CF6LFT
PRELIMINARY LOCAL CLIMATOLOGICAL DATA (WS FORM: F-6)
STATION: LAFAYETTE
MONTH: APRIL
YEAR: 2020
LATITUDE: 30 12 N
LONGITUDE: 92 0 W
TEMPERATURE IN F: :PCPN: SNOW: WIND :SUNSHINE: SKY :PK WND
================================================================================
1 2 3 4 5 6A 6B 7 8 9 10 11 12 13 14 15 16 17 18
12Z AVG MX 2MIN
DY MAX MIN AVG DEP HDD CDD WTR SNW DPTH SPD SPD DIR MIN PSBL S-S WX SPD DR
================================================================================
1 74 48 61 -5 4 0 0.00 0.0 0 3.1 13 60 M M 0 20 60
2 74 54 64 -2 1 0 0.00 0.0 0 3.2 12 190 M M 0 17 200
3 79 60 70 4 0 5 0.00 0.0 0 3.1 8 110 M M 3 13 130
4 79 61 70 4 0 5 0.09 0.0 0 2.7 15 200 M M 4 18 200
5 81 59 70 4 0 5 0.00 0.0 0 4.6 13 30 M M 2 1 17 20
6 83 61 72 5 0 7 0.01 0.0 0 3.1 10 190 M M 5 1 17 150
7 84 70 77 10 0 12 0.00 0.0 0 7.8 16 210 M M 8 22 210
8 86 73 80 13 0 15 0.00 0.0 0 7.9 17 250 M M 7 18 26 260
9 88 66 77 10 0 12 0.17 0.0 0 6.9 24 310 M M 7 138 35 310
10 72 56 64 -4 1 0 0.15 0.0 0 8.1 21 30 M M 1 1 26 30
11 79 53 66 -2 0 1 0.00 0.0 0 5.0 10 130 M M 2 19 150
12 83 65 74 6 0 9 0.01 0.0 0 11.6 25 190 M M 9 138 39 180
13 69 50 60 -8 5 0 0.00 0.0 0 10.7 21 10 M M 2 27 340
14 71 49 60 -8 5 0 0.00 0.0 0 13.5 21 10 M M 3 31 20
15 69 45 57 -12 8 0 0.00 0.0 0 11.3 20 30 M M 1 34 20
16 76 43 60 -9 5 0 0.00 0.0 0 4.5 13 100 M M 0 21 100
17 81 51 66 -3 0 1 0.15 0.0 0 4.1 12 220 M M 3 13 17 200
18 74 68 71 1 0 6 0.08 0.0 0 4.5 14 20 M M 9 13 20 350
19 87 68 78 8 0 13 0.09 0.0 0 10.3 22 320 M M 7 138 32 200
20 80 60 70 0 0 5 0.00 0.0 0 3.8 17 10 M M 1 24 350
21 85 57 71 1 0 6 0.00 0.0 0 3.4 12 180 M M 0 18 17 20
22 82 65 74 3 0 9 0.00 0.0 0 9.9 23 180 M M 6 128 43 170
23 86 62 74 3 0 9 0.03 0.0 0 11.0 26 190 M M 5 138 40 190
24 85 57 71 0 0 6 0.00 0.0 0 4.9 18 170 M M 0 27 160
25 85 66 76 5 0 11 0.02 0.0 0 9.2 17 340 M M 2 13 24 320
26 83 59 71 -1 0 6 0.00 0.0 0 5.9 18 350 M M 0 26 30
27 82 55 69 -3 0 4 0.00 0.0 0 5.2 16 190 M M 0 21 190
28 83 60 72 0 0 7 1.81 0.0 0 6.1 20 180 M M 5 138 30 180
29 77 59 68 -4 0 3 1.24 0.0 0 9.3 38 360 M M 5 138 53 360
30 79 51 65 -8 0 0 0.00 0.0 0 5.4 17 300 M M 0 24 300
================================================================================
SM 2396 1751 29 157 3.85 0.0 200.1 M 97
================================================================================
AV 79.9 58.4 6.7 FASTST M M 3 MAX(MPH)
MISC ----> # 38 360 # 53 360
================================================================================
NOTES:
# LAST OF SEVERAL OCCURRENCES
COLUMN 17 PEAK WIND IN M.P.H.
PRELIMINARY LOCAL CLIMATOLOGICAL DATA (WS FORM: F-6) , PAGE 2
STATION: LAFAYETTE
MONTH: APRIL
YEAR: 2020
LATITUDE: 30 12 N
LONGITUDE: 92 0 W
[TEMPERATURE DATA] [PRECIPITATION DATA] SYMBOLS USED IN COLUMN 16
AVERAGE MONTHLY: 69.1 TOTAL FOR MONTH: 3.85 1 = FOG OR MIST
DPTR FM NORMAL: 0.1 DPTR FM NORMAL: -0.08 2 = FOG REDUCING VISIBILITY
HIGHEST: 88 ON 9 GRTST 24HR 1.81 ON 28-28 TO 1/4 MILE OR LESS
LOWEST: 43 ON 16 3 = THUNDER
SNOW, ICE PELLETS, HAIL 4 = ICE PELLETS
TOTAL MONTH: 0.0 INCH 5 = HAIL
GRTST 24HR 0.0 6 = FREEZING RAIN OR DRIZZLE
GRTST DEPTH: 0 7 = DUSTSTORM OR SANDSTORM:
VSBY 1/2 MILE OR LESS
8 = SMOKE OR HAZE
[NO. OF DAYS WITH] [WEATHER - DAYS WITH] 9 = BLOWING SNOW
X = TORNADO
MAX 32 OR BELOW: 0 0.01 INCH OR MORE: 12
MAX 90 OR ABOVE: 0 0.10 INCH OR MORE: 5
MIN 32 OR BELOW: 0 0.50 INCH OR MORE: 2
MIN 0 OR BELOW: 0 1.00 INCH OR MORE: 2
[HDD (BASE 65) ]
TOTAL THIS MO. 29 CLEAR (SCALE 0-3) 17
DPTR FM NORMAL -10 PTCLDY (SCALE 4-7) 11
TOTAL FM JUL 1 1131 CLOUDY (SCALE 8-10) 2
DPTR FM NORMAL -288
[CDD (BASE 65) ]
TOTAL THIS MO. 157
DPTR FM NORMAL -2 [PRESSURE DATA]
TOTAL FM JAN 1 404 HIGHEST SLP 30.24 ON 16
DPTR FM NORMAL 150 LOWEST SLP 29.54 ON 12
[REMARKS]
#FINAL-04-20#