000
CXUS51 KOKX 010910
CF6LGA
PRELIMINARY LOCAL CLIMATOLOGICAL DATA (WS FORM: F-6)
STATION: LAGUARDIA NY
MONTH: APRIL
YEAR: 2021
LATITUDE: 40 46 N
LONGITUDE: 73 54 W
TEMPERATURE IN F: :PCPN: SNOW: WIND :SUNSHINE: SKY :PK WND
================================================================================
1 2 3 4 5 6A 6B 7 8 9 10 11 12 13 14 15 16 17 18
12Z AVG MX 2MIN
DY MAX MIN AVG DEP HDD CDD WTR SNW DPTH SPD SPD DIR MIN PSBL S-S WX SPD DR
================================================================================
1 57 39 48 1 17 0 0.02 0.0 0 17.8 29 320 M M 9 18 36 320
2 39 29 34 -14 31 0 0.00 0.0 0 16.8 28 320 M M 6 34 320
3 54 34 44 -4 21 0 0.00 0.0 0 9.9 18 320 M M 3 24 340
4 63 46 55 7 10 0 T 0.0 0 7.5 21 330 M M 6 25 330
5 67 49 58 9 7 0 0.00 0.0 0 17.6 28 320 M M 2 35 330
6 69 49 59 10 6 0 0.00 0.0 0 9.6 21 320 M M 2 26 330
7 71 51 61 11 4 0 0.00 0.0 0 5.8 15 160 M M 5 18 150
8 70 48 59 9 6 0 0.00 0.0 0 5.6 17 160 M M 2 21 170
9 58 48 53 3 12 0 T 0.0 0 7.1 15 170 M M 7 19 160
10 67 50 59 8 6 0 T 0.0 0 6.8 15 190 M M 9 12 18 190
11 56 47 52 1 13 0 0.40 0.0 0 11.4 22 70 M M 10 12 29 70
12 51 46 49 -3 16 0 0.49 0.0 0 9.7 22 60 M M 10 1 32 40
13 65 45 55 3 10 0 0.06 0.0 0 6.8 16 130 M M 5 20 320
14 72 49 61 9 4 0 0.00 0.0 0 7.5 17 240 M M 7 22 230
15 59 45 52 -1 13 0 0.92 0.0 0 9.5 23 330 M M 10 18 28 340
16 53 42 48 -5 17 0 0.04 0.0 0 12.9 25 300 M M 8 36 300
17 55 44 50 -3 15 0 0.00 0.0 0 8.9 15 310 M M 8 21 300
18 63 50 57 3 8 0 0.00 0.0 0 7.6 15 180 M M 8 18 180
19 65 52 59 5 6 0 T 0.0 M 5.9 17 170 M M 6 21 180
20 76 52 64 10 1 0 0.00 0.0 0 10.4 21 150 M M 4 28 200
21 65 40 53 -2 12 0 0.27 0.0 0 15.6 35 310 M M 6 358 43 320
22 50 37 44 -11 21 0 0.00 0.0 0 19.6 30 290 M M 6 40 290
23 65 41 53 -2 12 0 0.00 0.0 0 15.4 25 300 M M 3 33 260
24 71 53 62 6 3 0 0.00 0.0 M 10.6 24 180 M M 5 32 190
25 64 50 57 1 8 0 0.50 0.0 0 9.8 24 320 M M 8 1 32 330
26 60 43 52 -4 13 0 0.00 0.0 0 18.4 30 320 M M 2 36 320
27 62 49 56 -1 9 0 T 0.0 0 6.3 14 190 M M 7 18 190
28 83 51 67 10 0 2 0.03 0.0 0 6.8 23 50 M M 9 28 40
29 72 60 66 9 0 1 T 0.0 0 8.4 20 220 M M 10 8 25 230
30 72 47 60 2 5 0 0.02 0.0 M 22.8 43 300 M M 7 61 310
================================================================================
SM 1894 1386 306 3 2.75 0.0 328.8 M 190
================================================================================
AV 63.1 46.2 11.0 FASTST M M 6 MAX(MPH)
MISC ----> 43 300 61 310
================================================================================
NOTES:
# LAST OF SEVERAL OCCURRENCES
COLUMN 17 PEAK WIND IN M.P.H.
PRELIMINARY LOCAL CLIMATOLOGICAL DATA (WS FORM: F-6) , PAGE 2
STATION: LAGUARDIA NY
MONTH: APRIL
YEAR: 2021
LATITUDE: 40 46 N
LONGITUDE: 73 54 W
[TEMPERATURE DATA] [PRECIPITATION DATA] SYMBOLS USED IN COLUMN 16
AVERAGE MONTHLY: 54.7 TOTAL FOR MONTH: 2.75 1 = FOG OR MIST
DPTR FM NORMAL: 2.0 DPTR FM NORMAL: -1.25 2 = FOG REDUCING VISIBILITY
HIGHEST: 83 ON 28 GRTST 24HR 0.93 ON 15-16 TO 1/4 MILE OR LESS
LOWEST: 29 ON 2 3 = THUNDER
SNOW, ICE PELLETS, HAIL 4 = ICE PELLETS
TOTAL MONTH: 0.0 INCH 5 = HAIL
GRTST 24HR 0.0 6 = FREEZING RAIN OR DRIZZLE
GRTST DEPTH: 0 7 = DUSTSTORM OR SANDSTORM:
VSBY 1/2 MILE OR LESS
8 = SMOKE OR HAZE
[NO. OF DAYS WITH] [WEATHER - DAYS WITH] 9 = BLOWING SNOW
X = TORNADO
MAX 32 OR BELOW: 0 0.01 INCH OR MORE: 10
MAX 90 OR ABOVE: 0 0.10 INCH OR MORE: 5
MIN 32 OR BELOW: 1 0.50 INCH OR MORE: 2
MIN 0 OR BELOW: 0 1.00 INCH OR MORE: 0
[HDD (BASE 65) ]
TOTAL THIS MO. 306 CLEAR (SCALE 0-3) 6
DPTR FM NORMAL -72 PTCLDY (SCALE 4-7) 17
TOTAL FM JUL 1 3864 CLOUDY (SCALE 8-10) 7
DPTR FM NORMAL -650
[CDD (BASE 65) ]
TOTAL THIS MO. 3
DPTR FM NORMAL -5 [PRESSURE DATA]
TOTAL FM JAN 1 5 HIGHEST SLP M ON M
DPTR FM NORMAL -3 LOWEST SLP 29.35 ON 29
[REMARKS]
#FINAL-04-21#