000
CXUS54 KFWD 010730
CF6LHB
PRELIMINARY LOCAL CLIMATOLOGICAL DATA (WS FORM: F-6)
STATION: HEARNE
MONTH: JUNE
YEAR: 2023
LATITUDE: 30 52 N
LONGITUDE: 96 36 W
TEMPERATURE IN F: :PCPN: SNOW: WIND :SUNSHINE: SKY :PK WND
================================================================================
1 2 3 4 5 6A 6B 7 8 9 10 11 12 13 14 15 16 17 18
12Z AVG MX 2MIN
DY MAX MIN AVG DEP HDD CDD WTR SNW DPTH SPD SPD DIR MIN PSBL S-S WX SPD DR
================================================================================
1 91 69 80 M 0 15 0.00 M M 2.9 8 110 M M 1 8 M M
2 91 69 80 M 0 15 0.00 M M 3.0 8 150 M M 1 8 M M
3 92 65 79 M 0 14 0.51 M M 5.0 24 360 M M 3 3 53 360
4 87 66 77 M 0 12 0.00 M M 4.3 14 20 M M 2 21 150
5 85 68 77 M 0 12 0.13 M M 1.2 13 170 M M 2 3 32 170
6 89 66 78 M 0 13 0.00 M M 1.2 6 130 M M 2 M M
7 91 68 80 M 0 15 0.00 M M 1.3 7 150 M M 1 M M
8 91 69 80 M 0 15 0.40 M M 1.3 16 320 M M 1 3 20 320
9 94 68 81 M 0 16 0.00 M M 2.0 6 150 M M 0 M M
10 94 68 81 M 0 16 0.66 M M 8.2 17 170 M M 2 3 23 170
11 94 69 82 M 0 17 0.00 M M 5.9 10 190 M M 2 20 200
12 93 76 85 M 0 20 0.00 M M 4.8 16 150 M M 5 30 150
13 93 76 85 M 0 20 0.00 M M 7.3 13 170 M M 6 18 170
14 94 78 86 M 0 21 0.00 M M 5.6 14 190 M M 5 1 20 190
15 96 80 88 M 0 23 0.00 M M 6.4 12 160 M M 5 1 20 180
16 104 80 92 M 0 27 0.00 M M 8.9 18 170 M M 4 3 27 170
17 93 79 86 M 0 21 0.00 M M 4.8 12 170 M M 0 M M
18 99 79 89 M 0 24 0.00 M M 7.8 13 200 M M 3 17 180
19 99 80 90 M 0 25 0.00 M M 6.6 13 170 M M 3 1 18 190
20 99 81 90 M 0 25 0.00 M M 7.4 13 200 M M 3 18 20 170
21 96 78 87 M 0 22 0.00 M M 5.8 13 60 M M 4 8 23 60
22 94 73 84 M 0 19 0.00 M M 4.0 8 150 M M 0 M M
23 97 79 88 M 0 23 0.00 M M 6.0 15 170 M M 4 8 23 170
24 98 77 88 M 0 23 0.00 M M 8.9 15 160 M M 2 8 22 160
25 98 81 90 M 0 25 0.00 M M 9.5 14 180 M M 4 8 20 180
26 99 76 88 M 0 23 0.00 M M 8.4 14 160 M M 1 1 21 170
27 101 78 90 M 0 25 0.00 M M 7.3 13 190 M M 1 20 170
28 99 77 88 M 0 23 0.00 M M 7.4 13 180 M M 2 17 170
29 98 78 88 M 0 23 0.00 M M 6.5 13 170 M M 2 20 190
30 98 74 86 M 0 21 0.00 M M 5.8 12 170 M M 3 18 170
================================================================================
SM 2847 2225 0 593 1.70 M 165.8 M 74
================================================================================
AV 94.9 74.2 5.5 FASTST M M 2 MAX(MPH)
MISC ----> 24 360 53 360
================================================================================
NOTES:
# LAST OF SEVERAL OCCURRENCES
COLUMN 17 PEAK WIND IN M.P.H.
PRELIMINARY LOCAL CLIMATOLOGICAL DATA (WS FORM: F-6) , PAGE 2
STATION: HEARNE
MONTH: JUNE
YEAR: 2023
LATITUDE: 30 52 N
LONGITUDE: 96 36 W
[TEMPERATURE DATA] [PRECIPITATION DATA] SYMBOLS USED IN COLUMN 16
AVERAGE MONTHLY: 84.5 TOTAL FOR MONTH: 1.70 1 = FOG OR MIST
DPTR FM NORMAL: 0.0 DPTR FM NORMAL: M 2 = FOG REDUCING VISIBILITY
HIGHEST: 104 ON 16 GRTST 24HR 0.66 ON 10-10 TO 1/4 MILE OR LESS
LOWEST: 65 ON 3 3 = THUNDER
SNOW, ICE PELLETS, HAIL 4 = ICE PELLETS
TOTAL MONTH: M 5 = HAIL
GRTST 24HR M ON M 6 = FREEZING RAIN OR DRIZZLE
GRTST DEPTH: M ON M 7 = DUSTSTORM OR SANDSTORM:
VSBY 1/2 MILE OR LESS
8 = SMOKE OR HAZE
[NO. OF DAYS WITH] [WEATHER - DAYS WITH] 9 = BLOWING SNOW
X = TORNADO
MAX 32 OR BELOW: 0 0.01 INCH OR MORE: 4
MAX 90 OR ABOVE: 27 0.10 INCH OR MORE: 4
MIN 32 OR BELOW: 0 0.50 INCH OR MORE: 2
MIN 0 OR BELOW: 0 1.00 INCH OR MORE: 0
[HDD (BASE 65) ]
TOTAL THIS MO. 0 CLEAR (SCALE 0-3) 21
DPTR FM NORMAL M PTCLDY (SCALE 4-7) 9
TOTAL FM JUL 1 1510 CLOUDY (SCALE 8-10) 0
DPTR FM NORMAL M
[CDD (BASE 65) ]
TOTAL THIS MO. 593
DPTR FM NORMAL M [PRESSURE DATA]
TOTAL FM JAN 1 1199 HIGHEST SLP M ON M
DPTR FM NORMAL M LOWEST SLP M ON M
[REMARKS]
#FINAL-06-23#