000
CXUS55 KBOU 011000
CF6LIC
PRELIMINARY LOCAL CLIMATOLOGICAL DATA (WS FORM: F-6)
STATION: LIMON CO
MONTH: JANUARY
YEAR: 2023
LATITUDE: 39 10 N
LONGITUDE: 103 42 W
TEMPERATURE IN F: :PCPN: SNOW: WIND :SUNSHINE: SKY :PK WND
================================================================================
1 2 3 4 5 6A 6B 7 8 9 10 11 12 13 14 15 16 17 18
12Z AVG MX 2MIN
DY MAX MIN AVG DEP HDD CDD WTR SNW DPTH SPD SPD DIR MIN PSBL S-S WX SPD DR
================================================================================
1 37 20 29 3 36 0 0.01 M M 5.7 15 40 M M 3 12 20 20
2 31 24 28 2 37 0 0.18 M M 12.7 29 320 M M 10 12 39 320
3 25 4 15 -11 50 0 T M M 13.8 31 320 M M 7 18 40 330
4 28 1 15 -11 50 0 0.00 M M 6.1 17 360 M M 2 128 21 10
5 32 0 16 -10 49 0 0.00 M M 5.2 16 200 M M 0 19 200
6 36 12 24 -2 41 0 0.00 M M 9.1 22 350 M M 2 27 350
7 39 10 25 -1 40 0 0.00 M M 4.9 18 360 M M 4 1 24 360
8 45 4 25 -1 40 0 0.00 M M 4.5 12 350 M M 0 14 360
9 45 12 29 3 36 0 0.00 M M 7.8 20 310 M M 0 23 300
10 50 20 35 9 30 0 0.00 M M 4.9 14 310 M M 0 17 280
11 32 21 27 1 38 0 0.04 M M 13.9 33 360 M M 6 128 42 360
12 38 8 23 -3 42 0 0.00 M M 8.1 16 290 M M 2 20 280
13 44 9 27 0 38 0 0.00 M M 4.4 13 150 M M 0 15 170
14 46 17 32 5 33 0 0.00 M M 4.6 14 300 M M 0 17 290
15 42 26 34 7 31 0 0.01 M M 9.4 21 330 M M 4 1 28 330
16 44 19 32 5 33 0 0.00 M M 5.0 21 330 M M 2 1 26 330
17 37 13 25 -2 40 0 0.21 M M 8.0 20 80 M M 4 12 25 70
18 27 17 22 -5 43 0 0.05 M M 19.7 37 340 M M 10 12 47 350
19 32 0 16 -11 49 0 0.00 M M 5.6 15 300 M M 0 18 300
20 30 5 18 -9 47 0 0.03 M M 5.7 15 360 M M 4 18 17 350
21 25 14 20 -7 45 0 0.05 M M 16.5 28 340 M M 8 18 37 340
22 30 2 16 -11 49 0 0.03 M M 6.1 13 350 M M 5 1 17 350
23 30 2 16 -11 49 0 0.00 M M 5.1 12 150 M M 3 128 13 290
24 27 3 15 -12 50 0 0.00 M M 11.3 24 350 M M 3 128 30 350
25 27 4 16 -11 49 0 0.02 M M 14.2 26 330 M M 8 1 33 340
26 33 10 22 -5 43 0 T M M 11.2 18 320 M M 6 25 260
27 36 4 20 -7 45 0 0.00 M M 6.9 18 160 M M 1 24 150
28 26 8 17 -10 48 0 T M M 9.6 17 40 M M 5 128 20 50
29 8 -8 0 -27 65 0 0.01 M M 9.6 16 20 M M 10 18 21 30
30 6 -15 -4 -31 69 0 T M M 3.4 13 330 M M 6 8 14 150
31 22 -11 6 -21 59 0 T M M 6.9 16 330 M M 1 19 320
================================================================================
SM 1010 255 1374 0 0.64 M 259.9 M 116
================================================================================
AV 32.6 8.2 8.4 FASTST M M 4 MAX(MPH)
MISC ----> 37 340 47 350
================================================================================
NOTES:
# LAST OF SEVERAL OCCURRENCES
COLUMN 17 PEAK WIND IN M.P.H.
PRELIMINARY LOCAL CLIMATOLOGICAL DATA (WS FORM: F-6) , PAGE 2
STATION: LIMON CO
MONTH: JANUARY
YEAR: 2023
LATITUDE: 39 10 N
LONGITUDE: 103 42 W
[TEMPERATURE DATA] [PRECIPITATION DATA] SYMBOLS USED IN COLUMN 16
AVERAGE MONTHLY: 20.4 TOTAL FOR MONTH: 0.64 1 = FOG OR MIST
DPTR FM NORMAL: -6.1 DPTR FM NORMAL: 0.37 2 = FOG REDUCING VISIBILITY
HIGHEST: 50 ON 10 GRTST 24HR 0.22 ON 17-18 TO 1/4 MILE OR LESS
LOWEST: -15 ON 30 3 = THUNDER
SNOW, ICE PELLETS, HAIL 4 = ICE PELLETS
TOTAL MONTH: M 5 = HAIL
GRTST 24HR M ON M 6 = FREEZING RAIN OR DRIZZLE
GRTST DEPTH: M ON M 7 = DUSTSTORM OR SANDSTORM:
VSBY 1/2 MILE OR LESS
8 = SMOKE OR HAZE
[NO. OF DAYS WITH] [WEATHER - DAYS WITH] 9 = BLOWING SNOW
X = TORNADO
MAX 32 OR BELOW: 17 0.01 INCH OR MORE: 11
MAX 90 OR ABOVE: 0 0.10 INCH OR MORE: 2
MIN 32 OR BELOW: 31 0.50 INCH OR MORE: 0
MIN 0 OR BELOW: 5 1.00 INCH OR MORE: 0
[HDD (BASE 65) ]
TOTAL THIS MO. 1374 CLEAR (SCALE 0-3) 16
DPTR FM NORMAL 180 PTCLDY (SCALE 4-7) 11
TOTAL FM JUL 1 4098 CLOUDY (SCALE 8-10) 4
DPTR FM NORMAL 22
[CDD (BASE 65) ]
TOTAL THIS MO. 0
DPTR FM NORMAL 0 [PRESSURE DATA]
TOTAL FM JAN 1 0 HIGHEST SLP 30.56 ON 12
DPTR FM NORMAL 0 LOWEST SLP 29.33 ON 15
[REMARKS]
#FINAL-01-23#