000
CXUS55 KBOU 011000
CF6LIC
PRELIMINARY LOCAL CLIMATOLOGICAL DATA (WS FORM: F-6)
STATION: LIMON CO
MONTH: FEBRUARY
YEAR: 2022
LATITUDE: 39 10 N
LONGITUDE: 103 42 W
TEMPERATURE IN F: :PCPN: SNOW: WIND :SUNSHINE: SKY :PK WND
================================================================================
1 2 3 4 5 6A 6B 7 8 9 10 11 12 13 14 15 16 17 18
12Z AVG MX 2MIN
DY MAX MIN AVG DEP HDD CDD WTR SNW DPTH SPD SPD DIR MIN PSBL S-S WX SPD DR
================================================================================
1 35 16 26 -1 39 0 0.04 M M 9.6 31 20 M M 2 43 30
2 16 -17 0 -27 65 0 0.22 M M 7.3 16 100 M M 8 18 21 110
3 17 -20 -1 -28 66 0 0.00 M M 4.6 14 160 M M 3 18 160
4 36 -7 15 -12 50 0 0.00 M M 6.1 15 200 M M 0 20 200
5 48 5 27 0 38 0 0.00 M M 9.7 20 350 M M 0 26 340
6 37 17 27 0 38 0 0.00 M M 14.5 30 350 M M 1 40 360
7 51 15 33 6 32 0 0.00 M M 5.7 15 280 M M 0 18 270
8 47 19 33 6 32 0 0.00 M M 11.5 35 10 M M 0 47 10
9 51 17 34 7 31 0 T M M 6.1 28 10 M M 2 36 20
10 60 22 41 14 24 0 0.00 M M 6.6 13 310 M M 1 20 280
11 40 17 29 2 36 0 0.06 M M 15.5 31 360 M M 6 1 45 10
12 43 0 22 -5 43 0 0.00 M M 5.8 13 340 M M 0 15 340
13 58 13 36 9 29 0 0.00 M M 6.6 20 200 M M 0 28 210
14 54 14 34 6 31 0 0.00 M M 8.0 24 160 M M 0 30 160
15 63 21 42 14 23 0 0.00 M M 6.5 17 280 M M 0 21 280
16 36 18 27 -1 38 0 0.04 M M 13.3 25 20 M M 5 1 34 30
17 34 12 23 -5 42 0 0.02 M M 7.6 23 20 M M 4 1 30 10
18 51 11 31 3 34 0 0.00 M M 5.6 23 10 M M 0 29 360
19 55 14 35 6 30 0 0.00 M M 8.1 22 200 M M 0 29 180
20 63 20 42 13 23 0 0.00 M M 8.6 23 150 M M 0 32 160
21 55 4 30 1 35 0 T M M 15.6 30 360 M M 3 40 360
22 7 -3 2 -27 63 0 0.07 M M 14.0 26 340 M M 10 8 37 340
23 10 -12 -1 -31 66 0 T M M 8.7 23 150 M M 7 18 29 160
24 21 -6 8 -22 57 0 0.04 M M 7.3 22 160 M M 3 8 28 150
25 31 -9 11 -19 54 0 0.00 M M 5.6 14 150 M M 1 18 170
26 39 2 21 -10 44 0 0.00 M M 5.8 16 360 M M 1 25 10
27 61 4 33 2 32 0 0.00 M M 5.1 10 350 M M 0 14 140
28 62 19 41 10 24 0 0.00 M M 5.6 16 190 M M 0 24 200
================================================================================
SM 1181 206 1119 0 0.49 M 235.0 M 57
================================================================================
AV 42.2 7.4 8.4 FASTST M M 2 MAX(MPH)
MISC ----> 35 10 47 10
================================================================================
NOTES:
# LAST OF SEVERAL OCCURRENCES
COLUMN 17 PEAK WIND IN M.P.H.
PRELIMINARY LOCAL CLIMATOLOGICAL DATA (WS FORM: F-6) , PAGE 2
STATION: LIMON CO
MONTH: FEBRUARY
YEAR: 2022
LATITUDE: 39 10 N
LONGITUDE: 103 42 W
[TEMPERATURE DATA] [PRECIPITATION DATA] SYMBOLS USED IN COLUMN 16
AVERAGE MONTHLY: 24.8 TOTAL FOR MONTH: 0.49 1 = FOG OR MIST
DPTR FM NORMAL: -3.4 DPTR FM NORMAL: 0.13 2 = FOG REDUCING VISIBILITY
HIGHEST: 63 ON 20,15 GRTST 24HR 0.26 ON 1- 2 TO 1/4 MILE OR LESS
LOWEST: -20 ON 3 3 = THUNDER
SNOW, ICE PELLETS, HAIL 4 = ICE PELLETS
TOTAL MONTH: M 5 = HAIL
GRTST 24HR M ON M 6 = FREEZING RAIN OR DRIZZLE
GRTST DEPTH: M ON M 7 = DUSTSTORM OR SANDSTORM:
VSBY 1/2 MILE OR LESS
8 = SMOKE OR HAZE
[NO. OF DAYS WITH] [WEATHER - DAYS WITH] 9 = BLOWING SNOW
X = TORNADO
MAX 32 OR BELOW: 6 0.01 INCH OR MORE: 7
MAX 90 OR ABOVE: 0 0.10 INCH OR MORE: 1
MIN 32 OR BELOW: 28 0.50 INCH OR MORE: 0
MIN 0 OR BELOW: 8 1.00 INCH OR MORE: 0
[HDD (BASE 65) ]
TOTAL THIS MO. 1119 CLEAR (SCALE 0-3) 21
DPTR FM NORMAL 89 PTCLDY (SCALE 4-7) 5
TOTAL FM JUL 1 4567 CLOUDY (SCALE 8-10) 2
DPTR FM NORMAL -545
[CDD (BASE 65) ]
TOTAL THIS MO. 0
DPTR FM NORMAL 0 [PRESSURE DATA]
TOTAL FM JAN 1 0 HIGHEST SLP 30.75 ON 4
DPTR FM NORMAL 0 LOWEST SLP 29.48 ON 21
[REMARKS]
#FINAL-02-22#