000
CXUS55 KJKL 021527 CCA
CF6LOZ
PRELIMINARY LOCAL CLIMATOLOGICAL DATA (WS FORM: F-6)
STATION: LONDON KY
MONTH: JANUARY
YEAR: 2022
LATITUDE: 37 4 N
LONGITUDE: 84 5 W
TEMPERATURE IN F: :PCPN: SNOW: WIND :SUNSHINE: SKY :PK WND
================================================================================
1 2 3 4 5 6A 6B 7 8 9 10 11 12 13 14 15 16 17 18
12Z AVG MX 2MIN
DY MAX MIN AVG DEP HDD CDD WTR SNW DPTH SPD SPD DIR MIN PSBL S-S WX SPD DR
================================================================================
1 74 55 65 28 0 0 1.43 M M 8.0 31 260 M M 9 13 45 270
2 56 32 44 7 21 0 0.14 M M 7.3 16 10 M M 10 1 24 360
3 32 23 28 -8 37 0 0.06 M M 7.4 20 340 M M 8 1 30 320
4 45 20 33 -3 32 0 0.00 M M 4.5 15 180 M M 0 22 190
5 53 36 45 9 20 0 0.00 M M 10.3 23 200 M M 1 36 210
6 37 16 27 -9 38 0 0.40 M M 5.8 15 330 M M 8 21 340
7 20 10 15 -21 50 0 T M M 4.7 15 280 M M 6 20 280
8 46 9 28 -8 37 0 0.00 M M 4.6 15 180 M M 1 21 160
9 50 31 41 5 24 0 1.58 M M 6.0 22 340 M M 8 1 30 340
10 37 20 29 -7 36 0 0.00 M M 5.3 16 260 M M 0 22 270
11 38 18 28 -8 37 0 0.00 M M 2.1 8 250 M M 0 14 150
12 52 25 39 3 26 0 0.00 M M 5.5 16 240 M M 0 23 230
13 50 31 41 5 24 0 0.00 M M 5.1 18 260 M M 4 23 250
14 47 30 39 3 26 0 0.00 M M 4.8 13 350 M M 5 1 16 20
15 42 31 37 1 28 0 0.00 M M 6.6 12 50 M M 8 17 60
16 33 27 30 -6 35 0 0.85 M M 7.8 16 280 M M 10 126 23 290
17 29 24 27 -9 38 0 0.02 M M 10.9 18 260 M M 10 1 27 280
18 38 21 30 -6 35 0 0.00 M M 3.9 17 290 M M 5 12 26 300
19 41 29 35 -1 30 0 0.65 M M 2.1 10 350 M M 7 12 16 340
20 40 21 31 -5 34 0 0.15 M M 9.7 17 350 M M 10 1 28 340
21 23 18 21 -15 44 0 T M M 7.8 15 360 M M 9 20 360
22 33 12 23 -13 42 0 0.00 M M 3.3 10 180 M M 3 13 150
23 42 19 31 -5 34 0 0.00 M M 7.2 23 250 M M 3 30 250
24 46 22 34 -2 31 0 0.00 M M 4.0 15 220 M M 5 23 250
25 41 23 32 -4 33 0 0.00 M M 6.1 13 350 M M 8 1 17 350
26 31 16 24 -12 41 0 0.00 M M 3.2 9 20 M M 0 13 10
27 M* 15 M* M* M* M 0.00 M M 1.3 10 240 M M 6 14 230
28 M* M* M* M* M* M 0.04 M M 5.7 20 340 M M 10 1 29 330
29 25 9 17 -19 48 0 T M M 5.4 21 340 M M 4 1 28 340
30 45 16 31 -5 34 0 0.00 M M 4.6 18 280 M M 1 25 260
31 45 21 33 -4 32 0 0.00 M M 1.5 9 220 M M 0 13 190
================================================================================
SM 1191* 680* 947* 0 5.32 M 172.5 M 159
================================================================================
AV 41.1*22.7* 5.6 FASTST M M 5 MAX(MPH)
MISC ----> 31 260 45 270
================================================================================
NOTES:
# LAST OF SEVERAL OCCURRENCES
COLUMN 17 PEAK WIND IN M.P.H.
PRELIMINARY LOCAL CLIMATOLOGICAL DATA (WS FORM: F-6) , PAGE 2
STATION: LONDON KY
MONTH: JANUARY
YEAR: 2022
LATITUDE: 37 4 N
LONGITUDE: 84 5 W
[TEMPERATURE DATA] [PRECIPITATION DATA] SYMBOLS USED IN COLUMN 16
AVERAGE MONTHLY: 31.9* TOTAL FOR MONTH: 5.32 1 = FOG OR MIST
DPTR FM NORMAL: -4.1* DPTR FM NORMAL: 1.43 2 = FOG REDUCING VISIBILITY
HIGHEST: 74 ON 1 GRTST 24HR 1.73 ON 9- 9 TO 1/4 MILE OR LESS
LOWEST: 9 ON 29, 8 3 = THUNDER
SNOW, ICE PELLETS, HAIL 4 = ICE PELLETS
TOTAL MONTH: M 5 = HAIL
GRTST 24HR M ON M 6 = FREEZING RAIN OR DRIZZLE
GRTST DEPTH: M ON M 7 = DUSTSTORM OR SANDSTORM:
VSBY 1/2 MILE OR LESS
8 = SMOKE OR HAZE
[NO. OF DAYS WITH] [WEATHER - DAYS WITH] 9 = BLOWING SNOW
X = TORNADO
MAX 32 OR BELOW: 6 0.01 INCH OR MORE: 10
MAX 90 OR ABOVE: 0 0.10 INCH OR MORE: 7
MIN 32 OR BELOW: 28 0.50 INCH OR MORE: 4
MIN 0 OR BELOW: 0 1.00 INCH OR MORE: 2
[HDD (BASE 65) ]
TOTAL THIS MO. 947 CLEAR (SCALE 0-3) 9
DPTR FM NORMAL 47 PTCLDY (SCALE 4-7) 13
TOTAL FM JUL 1 2293 CLOUDY (SCALE 8-10) 9
DPTR FM NORMAL -247
[CDD (BASE 65) ]
TOTAL THIS MO. 0
DPTR FM NORMAL 0 [PRESSURE DATA]
TOTAL FM JAN 1 0 HIGHEST SLP 30.59 ON 11
DPTR FM NORMAL 0 LOWEST SLP 29.53 ON 16
[REMARKS]
MISSING TEMPERATURE AND HEATING DEGREE DAY DATA MISSING ON THE 27TH & 28TH
THUS MONTHLY AVERAGES/TOTALS ARE INCOMPLETE.
#FINAL-01-22#