000
CXUS53 KJKL 011607
CLMLOZ
CLIMATE REPORT
NATIONAL WEATHER SERVICE JACKSON KY
1107 AM EST FRI DEC 01 2023
...................................
...THE LONDON KY CLIMATE SUMMARY FOR THE MONTH OF NOVEMBER 2023...
CLIMATE NORMAL PERIOD 1991 TO 2020
CLIMATE RECORD PERIOD 1954 TO 2023
WEATHER OBSERVED NORMAL DEPART LAST YEAR`S
VALUE DATE(S) VALUE FROM VALUE DATE(S)
NORMAL
................................................................
TEMPERATURE (F)
RECORD
HIGH 83 11/01/2016
LOW 2 11/30/1976
HIGHEST 79 11/08 MM MM 78 11/07
LOWEST 17 11/29 MM MM 17 11/21
AVG. MAXIMUM 60.2 57.9 2.3 58.5
AVG. MINIMUM 35.0 35.5 -0.5 MM
MEAN 47.6 46.7 0.9 MM
DAYS MAX >= 90 0 0.0 0.0 0
DAYS MAX <= 32 0 0.2 -0.2 0
DAYS MIN <= 32 12 12.6 -0.6 15
DAYS MIN <= 0 0 0.0 0.0 0
PRECIPITATION (INCHES)
RECORD
MAXIMUM 8.53 1986
MINIMUM 0.40 1976
TOTALS 1.56 3.52 -1.96 MM
DAILY AVG. 0.05 0.12 -0.07 0.12
DAYS >= .01 5 9.8 -4.8 10
DAYS >= .10 3 6.2 -3.2 6
DAYS >= .50 1 2.6 -1.6 3
DAYS >= 1.00 1 0.9 0.1 2
GREATEST
24 HR. TOTAL 1.04 11/21 TO 11/21 1.33
SNOWFALL (INCHES)
RECORDS
TOTAL 4.5 1963
TOTALS MM MM MM MM
SINCE 7/1 MM MM MM MM
SNOWDEPTH AVG. MM MM
DAYS >= 1.0 MM MM MM MM
GREATEST
SNOW DEPTH MM MM
24 HR TOTAL MM MM
DEGREE DAYS
HEATING TOTAL 514 551 -37 MM
SINCE 7/1 740 845 -105 MM
COOLING TOTAL 0 2 -2 2
SINCE 1/1 1070 1217 -147 MM
................................................................
WIND (MPH)
AVERAGE WIND SPEED 4.2
HIGHEST WIND SPEED/DIRECTION 24/290 DATE 11/27
HIGHEST GUST SPEED/DIRECTION 32/260 DATE 11/26
SKY COVER
POSSIBLE SUNSHINE (PERCENT) MM
AVERAGE SKY COVER 0.28
NUMBER OF DAYS FAIR 20
NUMBER OF DAYS PC 6
NUMBER OF DAYS CLOUDY 4
AVERAGE RH (PERCENT) 62
WEATHER CONDITIONS. NUMBER OF DAYS WITH
THUNDERSTORM 0 MIXED PRECIP 0
HEAVY RAIN 2 RAIN 2
LIGHT RAIN 8 FREEZING RAIN 0
LT FREEZING RAIN 0 HAIL 0
HEAVY SNOW 0 SNOW 0
LIGHT SNOW 0 SLEET 0
FOG 10 FOG W/VIS <= 1/4 MILE 1
HAZE 8
- INDICATES NEGATIVE NUMBERS.
R INDICATES RECORD WAS SET OR TIED.
MM INDICATES DATA IS MISSING.
T INDICATES TRACE AMOUNT.
$$