000
CXUS53 KJKL 071305
CLMLOZ
CLIMATE REPORT
NATIONAL WEATHER SERVICE JACKSON KY
805 AM EST THU MAR 07 2024
...................................
...THE LONDON KY CLIMATE SUMMARY FOR THE MONTH OF FEBRUARY 2024...
CLIMATE NORMAL PERIOD 1991 TO 2020
CLIMATE RECORD PERIOD 1954 TO 2024
WEATHER OBSERVED NORMAL DEPART LAST YEAR`S
VALUE DATE(S) VALUE FROM VALUE DATE(S)
NORMAL
................................................................
TEMPERATURE (F)
RECORD
HIGH 81 02/26/1977
LOW -17 02/20/2015
HIGHEST 73 02/26 MM MM 77 02/23
LOWEST 18 02/18 MM MM 17 02/04
AVG. MAXIMUM 57.1 49.7 7.4 57.4
AVG. MINIMUM 33.1 29.7 3.4 36.8
MEAN 45.1 39.7 5.4 47.1
DAYS MAX >= 90 0 0.0 0.0 0
DAYS MAX <= 32 0 2.5 -2.5 1
DAYS MIN <= 32 19 18.0 1.0 11
DAYS MIN <= 0 0 0.1 -0.1 0
PRECIPITATION (INCHES)
RECORD
MAXIMUM 11.06 2019
MINIMUM 0.65 1968
TOTALS 4.49 4.02 0.47 4.10
DAILY AVG. 0.15 0.14 0.1 0.15
DAYS >= .01 10 12.0 -2.0 11
DAYS >= .10 7 7.6 -0.6 5
DAYS >= .50 4 3.0 1.0 3
DAYS >= 1.00 1 1.1 -0.1 1
GREATEST
24 HR. TOTAL 1.30 02/12 TO 02/13 2.95
SNOWFALL (INCHES)
RECORDS
TOTAL 23.5 1979
TOTALS MM MM MM MM
SINCE 7/1 MM MM MM MM
SNOWDEPTH AVG. MM MM
DAYS >= 1.0 MM MM MM MM
GREATEST
SNOW DEPTH MM MM
24 HR TOTAL MM MM
DEGREE DAYS
HEATING TOTAL 573 709 -136 498
SINCE 7/1 MM 3295 MM MM
COOLING TOTAL 0 0 0 1
SINCE 1/1 0 0 0 MM
................................................................
WIND (MPH)
AVERAGE WIND SPEED 5.7
HIGHEST WIND SPEED/DIRECTION 41/260 DATE 02/28
HIGHEST GUST SPEED/DIRECTION 67/270 DATE 02/28
SKY COVER
POSSIBLE SUNSHINE (PERCENT) MM
AVERAGE SKY COVER 0.35
NUMBER OF DAYS FAIR 17
NUMBER OF DAYS PC 5
NUMBER OF DAYS CLOUDY 7
AVERAGE RH (PERCENT) 63
WEATHER CONDITIONS. NUMBER OF DAYS WITH
THUNDERSTORM 4 MIXED PRECIP 0
HEAVY RAIN 4 RAIN 7
LIGHT RAIN 12 FREEZING RAIN 0
LT FREEZING RAIN 0 HAIL 0
HEAVY SNOW 0 SNOW 0
LIGHT SNOW 2 SLEET 0
FOG 10 FOG W/VIS <= 1/4 MILE 0
HAZE 0
- INDICATES NEGATIVE NUMBERS.
R INDICATES RECORD WAS SET OR TIED.
MM INDICATES DATA IS MISSING.
T INDICATES TRACE AMOUNT.
&&
...ANNUAL HEATING DEGREE DAYS MISSING DUE TO SENSOR OUTAGE IN DECEMBER...
$$
CARICO