000
CXUS54 KCRP 011300
CF6LRD
PRELIMINARY LOCAL CLIMATOLOGICAL DATA (WS FORM: F-6)
STATION: LAREDO
MONTH: APRIL
YEAR: 2020
LATITUDE: 27 31 N
LONGITUDE: 99 28 W
TEMPERATURE IN F: :PCPN: SNOW: WIND :SUNSHINE: SKY :PK WND
================================================================================
1 2 3 4 5 6A 6B 7 8 9 10 11 12 13 14 15 16 17 18
12Z AVG MX 2MIN
DY MAX MIN AVG DEP HDD CDD WTR SNW DPTH SPD SPD DIR MIN PSBL S-S WX SPD DR
================================================================================
1 90 60 75 2 0 10 0.00 0.0 0 M M M M M 0 M M
2 87 70 79 6 0 14 0.00 0.0 0 M M M M M 8 M M
3 92 69 81 8 0 16 0.02 0.0 0 M M M M M 9 3 M M
4 71 57 64 -9 1 0 1.06 0.0 0 M M M M M 10 13 M M
5 69 58 64 -10 1 0 T 0.0 0 M M M M M 10 1 M M
6 77 65 71 -3 0 6 0.01 0.0 0 M M M M M 10 1 M M
7 85 73 79 5 0 14 0.01 0.0 0 M M M M M 8 1 M M
8 95 71 83 9 0 18 0.00 0.0 0 M M M M M 0 1 M M
9 97 71 84 9 0 19 T 0.0 0 M M M M M 0 3 M M
10 80 69 75 0 0 10 0.03 0.0 0 M M M M M 9 3 M M
11 87 69 78 3 0 13 0.00 0.0 0 M M M M M 8 M M
12 94 66 80 5 0 15 0.00 0.0 0 M M M M M 3 18 M M
13 80 59 70 -5 0 5 0.00 0.0 0 M M M M M 0 M M
14 65 56 61 -15 4 0 0.00 0.0 0 M M M M M 9 M M
15 74 52 63 -13 2 0 0.00 0.0 0 M M M M M 6 M M
16 77 57 67 -9 0 2 0.00 0.0 0 M M M M M 9 M M
17 79 67 73 -3 0 8 T 0.0 0 M M M M M 10 1 M M
18 76 59 68 -9 0 3 T 0.0 0 M M M M M 10 1 M M
19 94 68 81 4 0 16 T 0.0 0 M M M M M 5 1 M M
20 100 61 81 4 0 16 0.00 0.0 0 M M M M M 0 M M
21 91 72 82 5 0 17 0.00 0.0 0 M M M M M 6 18 M M
22 97 77 87 9 0 22 0.00 0.0 0 M M M M M 6 8 M M
23 96 73 85 7 0 20 T 0.0 0 M M M M M 0 8 M M
24 104 70 87 9 0 22 0.00 0.0 0 M M M M M 0 18 M M
25 91 73 82 4 0 17 0.00 0.0 0 M M M M M 5 8 M M
26 91 66 79 1 0 14 0.00 0.0 0 M M M M M 5 M M
27 96 70 83 4 0 18 0.00 0.0 0 M M M M M 4 M M
28 100 74 87 8 0 22 0.00 0.0 0 M M M M M 1 3 M M
29 89 67 78 -1 0 13 0.00 0.0 0 M M M M M 2 M M
30 94 64 79 0 0 14 0.00 0.0 0 M M M M M 0 M M
================================================================================
SM 2618 1983 8 364 1.13 0.0 M M 153
================================================================================
AV 87.3 66.1 M FASTST M M 5 MAX(MPH)
MISC ----> M M M M
================================================================================
NOTES:
# LAST OF SEVERAL OCCURRENCES
COLUMN 17 PEAK WIND IN M.P.H.
PRELIMINARY LOCAL CLIMATOLOGICAL DATA (WS FORM: F-6) , PAGE 2
STATION: LAREDO
MONTH: APRIL
YEAR: 2020
LATITUDE: 27 31 N
LONGITUDE: 99 28 W
[TEMPERATURE DATA] [PRECIPITATION DATA] SYMBOLS USED IN COLUMN 16
AVERAGE MONTHLY: 76.7 TOTAL FOR MONTH: 1.13 1 = FOG OR MIST
DPTR FM NORMAL: 0.8 DPTR FM NORMAL: -0.29 2 = FOG REDUCING VISIBILITY
HIGHEST: 104 ON 24 GRTST 24HR 1.06 ON 4- 4 TO 1/4 MILE OR LESS
LOWEST: 52 ON 15 3 = THUNDER
SNOW, ICE PELLETS, HAIL 4 = ICE PELLETS
TOTAL MONTH: 0.0 INCH 5 = HAIL
GRTST 24HR 0.0 6 = FREEZING RAIN OR DRIZZLE
GRTST DEPTH: 0 7 = DUSTSTORM OR SANDSTORM:
VSBY 1/2 MILE OR LESS
8 = SMOKE OR HAZE
[NO. OF DAYS WITH] [WEATHER - DAYS WITH] 9 = BLOWING SNOW
X = TORNADO
MAX 32 OR BELOW: 0 0.01 INCH OR MORE: 5
MAX 90 OR ABOVE: 16 0.10 INCH OR MORE: 1
MIN 32 OR BELOW: 0 0.50 INCH OR MORE: 1
MIN 0 OR BELOW: 0 1.00 INCH OR MORE: 1
[HDD (BASE 65) ]
TOTAL THIS MO. 8 CLEAR (SCALE 0-3) 11
DPTR FM NORMAL -5 PTCLDY (SCALE 4-7) 8
TOTAL FM JUL 1 610 CLOUDY (SCALE 8-10) 11
DPTR FM NORMAL -316
[CDD (BASE 65) ]
TOTAL THIS MO. 364
DPTR FM NORMAL 22 [PRESSURE DATA]
TOTAL FM JAN 1 836 HIGHEST SLP 30.24 ON 15
DPTR FM NORMAL 236 LOWEST SLP 29.48 ON 12
[REMARKS]
#FINAL-04-20#