000
CXUS54 KLZK 011330
CF6LRF
PRELIMINARY LOCAL CLIMATOLOGICAL DATA (WS FORM: F-6)
STATION: JACKSONVILLE/LITTLE ROCK AFB
MONTH: NOVEMBER
YEAR: 2022
LATITUDE: 34 55 N
LONGITUDE: 92 9 W
TEMPERATURE IN F: :PCPN: SNOW: WIND :SUNSHINE: SKY :PK WND
================================================================================
1 2 3 4 5 6A 6B 7 8 9 10 11 12 13 14 15 16 17 18
12Z AVG MX 2MIN
DY MAX MIN AVG DEP HDD CDD WTR SNW DPTH SPD SPD DIR MIN PSBL S-S WX SPD DR
================================================================================
1 75 53 64 6 1 0 0.00 0.0 0 1.3 7 170 M M 5 1 M M
2 76 46 61 4 4 0 0.00 0.0 0 1.6 6 130 M M 1 M M
3 80 47 64 7 1 0 0.00 0.0 0 3.7 12 140 M M 3 M M
4 76 58 67 11 0 2 T 0.0 0 8.1 33 270 M M 7 3 55 240
5 67 44 56 0 9 0 0.00 M M 7.7 14 260 M M 3 22 250
6 71 41 56 0 9 0 0.00 M M 3.5 12 130 M M 3 12 M M
7 67 60 64 9 1 0 T 0.0 M 6.3 14 50 M M 10 12 17 70
8 77 59 68 13 0 3 0.00 0.0 M 4.8 7 80 M M 5 M M
9 82 54 68 14 0 3 0.00 0.0 0 3.8 9 130 M M 0 18 M M
10 73 49 61 7 4 0 0.00 0.0 0 3.8 9 130 M M 0 18 M M
11 57 39 48 -6 17 0 0.19 0.0 0 5.5 16 340 M M 6 13 27 340
12 46 32 39 -14 26 0 0.13 T 0 6.7 14 300 M M 3 4 18 310
13 43 22 33 -20 32 0 0.00 0.0 0 4.7 10 50 M M 0 M M
14 46 28 37 -16 28 0 0.23 T 0 5.8 14 80 M M 6 14 M M
15 48 37 43 -9 22 0 0.00 0.0 0 5.5 14 310 M M 9 18 17 310
16 52 32 42 -10 23 0 0.00 0.0 0 5.6 18 280 M M 2 30 290
17 51 25 38 -13 27 0 0.00 0.0 0 2.5 10 270 M M 0 M M
18 44 26 35 -16 30 0 0.00 0.0 0 3.1 10 350 M M 6 M M
19 48 27 38 -13 27 0 0.00 0.0 0 4.0 12 250 M M 4 M M
20 45 20 33 -17 32 0 0.00 0.0 0 2.1 9 70 M M 0 M M
21 56 20 38 -12 27 0 0.00 0.0 0 1.2 9 230 M M 0 1 M M
22 63 30 47 -3 18 0 0.00 0.0 0 1.4 7 230 M M 3 M M
23 65 29 47 -2 18 0 0.07 0.0 0 1.7 8 160 M M 4 1 M M
24 52 47 50 1 15 0 1.78 0.0 0 3.3 12 90 M M 9 1 M M
25 59 45 52 3 13 0 0.00 0.0 0 4.0 12 30 M M 8 18 M M
26 56 46 51 3 14 0 0.45 0.0 0 8.2 18 220 M M 8 1 23 230
27 57 41 49 1 16 0 0.00 M M 11.3 20 260 M M 8 32 220
28 61 37 49 1 16 0 0.00 M M 2.8 8 160 M M 3 M M
29 65 42 54 7 11 0 0.25 M M 5.3 15 330 M M 7 13 22 350
30 50 27 39 -8 26 0 M M M 6.2 14 330 M M 0 30 360
================================================================================
SM 1808 1163 467 8 3.10 T 135.4 M 123
================================================================================
AV 60.3 38.8 4.5 FASTST M M 4 MAX(MPH)
MISC ----> 33 270 55 240
================================================================================
NOTES:
# LAST OF SEVERAL OCCURRENCES
COLUMN 17 PEAK WIND IN M.P.H.
PRELIMINARY LOCAL CLIMATOLOGICAL DATA (WS FORM: F-6) , PAGE 2
STATION: JACKSONVILLE/LITTLE ROCK AFB
MONTH: NOVEMBER
YEAR: 2022
LATITUDE: 34 55 N
LONGITUDE: 92 9 W
[TEMPERATURE DATA] [PRECIPITATION DATA] SYMBOLS USED IN COLUMN 16
AVERAGE MONTHLY: 49.5 TOTAL FOR MONTH: 3.10 1 = FOG OR MIST
DPTR FM NORMAL: -2.6 DPTR FM NORMAL: M 2 = FOG REDUCING VISIBILITY
HIGHEST: 82 ON 9 GRTST 24HR 1.78 ON 24-24 TO 1/4 MILE OR LESS
LOWEST: 20 ON 21,20 3 = THUNDER
SNOW, ICE PELLETS, HAIL 4 = ICE PELLETS
TOTAL MONTH: T 5 = HAIL
GRTST 24HR T ON 12-12 6 = FREEZING RAIN OR DRIZZLE
GRTST DEPTH: 0 7 = DUSTSTORM OR SANDSTORM:
VSBY 1/2 MILE OR LESS
8 = SMOKE OR HAZE
[NO. OF DAYS WITH] [WEATHER - DAYS WITH] 9 = BLOWING SNOW
X = TORNADO
MAX 32 OR BELOW: 0 0.01 INCH OR MORE: 7
MAX 90 OR ABOVE: 0 0.10 INCH OR MORE: 6
MIN 32 OR BELOW: 12 0.50 INCH OR MORE: 1
MIN 0 OR BELOW: 0 1.00 INCH OR MORE: 1
[HDD (BASE 65) ]
TOTAL THIS MO. 467 CLEAR (SCALE 0-3) 14
DPTR FM NORMAL 60 PTCLDY (SCALE 4-7) 13
TOTAL FM JUL 1 625 CLOUDY (SCALE 8-10) 3
DPTR FM NORMAL 63
[CDD (BASE 65) ]
TOTAL THIS MO. 8
DPTR FM NORMAL -1 [PRESSURE DATA]
TOTAL FM JAN 1 2151 HIGHEST SLP M ON M
DPTR FM NORMAL 116 LOWEST SLP M ON M
[REMARKS]
#FINAL-11-22#