000
CXUS55 KBYZ 011000
CF6LVM
PRELIMINARY LOCAL CLIMATOLOGICAL DATA (WS FORM: F-6)
STATION: LIVINGSTON MT
MONTH: MARCH
YEAR: 2023
LATITUDE: 45 41 N
LONGITUDE: 110 26 W
TEMPERATURE IN F: :PCPN: SNOW: WIND :SUNSHINE: SKY :PK WND
================================================================================
1 2 3 4 5 6A 6B 7 8 9 10 11 12 13 14 15 16 17 18
12Z AVG MX 2MIN
DY MAX MIN AVG DEP HDD CDD WTR SNW DPTH SPD SPD DIR MIN PSBL S-S WX SPD DR
================================================================================
1 34 14 24 -8 41 0 0.00 M M 8.8 26 240 M M 4 32 250
2 41 23 32 0 33 0 0.00 M M 34.8 56 210 M M 3 73 210
3 37 19 28 -4 37 0 T M M 14.2 49 210 M M 10 8 67 220
4 34 13 24 -8 41 0 T M M 12.5 28 210 M M 5 1 33 210
5 27 19 23 -10 42 0 T M M 19.9 28 80 M M 10 18 34 80
6 24 4 14 -19 51 0 0.01 M M 9.9 24 90 M M 8 18 29 90
7 35 2 19 -15 46 0 0.00 M M 6.9 16 100 M M 2 1 22 330
8 23 5 14 -20 51 0 T M M 9.7 21 80 M M 8 128 26 80
9 24 8 16 -18 49 0 T M M 7.3 17 90 M M 6 18 20 90
10 33 16 25 -9 40 0 0.05 M M 15.3 33 260 M M 9 12 40 250
11 30 13 22 -13 43 0 0.00 M M 14.3 26 310 M M 5 35 310
12 37 8 23 -12 42 0 T M M 5.1 14 80 M M 5 17 80
13 53 13 33 -2 32 0 0.00 M M 20.1 38 210 M M 2 48 220
14 53 32 43 7 22 0 T M M 19.9 46 220 M M 7 1 57 220
15 34 23 29 -7 36 0 0.10 M M 10.6 20 100 M M 9 12 23 90
16 36 18 27 -9 38 0 0.00 M M 8.2 15 290 M M 6 18 310
17 41 12 27 -10 38 0 0.00 M M 8.6 17 320 M M 0 19 320
18 51 12 32 -5 33 0 0.00 M M 13.8 36 220 M M 0 44 210
19 50 27 39 2 26 0 0.00 M M 15.3 35 210 M M 0 42 210
20 36 18 27 -10 38 0 0.03 M M 8.7 18 90 M M 7 18 23 90
21 36 19 28 -10 37 0 0.06 M M 5.5 18 90 M M 9 18 24 90
22 39 11 25 -13 40 0 0.00 M M 6.3 17 80 M M 0 23 80
23 50 13 32 -6 33 0 0.00 M M 15.0 31 220 M M 1 8 40 220
24 44 26 35 -3 30 0 0.05 M M 11.1 25 230 M M 7 12 31 220
25 28 23 26 -13 39 0 0.11 M M 13.4 23 240 M M 10 12 26 240
26 26 22 24 -15 41 0 0.14 M M 9.4 18 120 M M 10 12 22 110
27 29 11 20 -19 45 0 T M M 10.0 41 210 M M 6 18 49 210
28 30 11 21 -18 44 0 0.00 M M 14.6 39 210 M M 5 18 46 220
29 27 20 24 -15 41 0 T M M 8.7 18 80 M M 10 1 22 90
30 34 22 28 -12 37 0 0.14 M M 3.3 12 80 M M 10 128 12 80
31 41 28 35 -5 30 0 T M M 18.0 33 220 M M 5 1 39 230
================================================================================
SM 1117 505 1196 0 0.69 M 379.2 M 179
================================================================================
AV 36.0 16.3 12.2 FASTST M M 6 MAX(MPH)
MISC ----> 56 210 73 210
================================================================================
NOTES:
# LAST OF SEVERAL OCCURRENCES
COLUMN 17 PEAK WIND IN M.P.H.
PRELIMINARY LOCAL CLIMATOLOGICAL DATA (WS FORM: F-6) , PAGE 2
STATION: LIVINGSTON MT
MONTH: MARCH
YEAR: 2023
LATITUDE: 45 41 N
LONGITUDE: 110 26 W
[TEMPERATURE DATA] [PRECIPITATION DATA] SYMBOLS USED IN COLUMN 16
AVERAGE MONTHLY: 26.2 TOTAL FOR MONTH: 0.69 1 = FOG OR MIST
DPTR FM NORMAL: -9.9 DPTR FM NORMAL: -0.10 2 = FOG REDUCING VISIBILITY
HIGHEST: 53 ON 14,13 GRTST 24HR 0.17 ON 25-26 TO 1/4 MILE OR LESS
LOWEST: 2 ON 7 3 = THUNDER
SNOW, ICE PELLETS, HAIL 4 = ICE PELLETS
TOTAL MONTH: M 5 = HAIL
GRTST 24HR M ON M 6 = FREEZING RAIN OR DRIZZLE
GRTST DEPTH: M ON M 7 = DUSTSTORM OR SANDSTORM:
VSBY 1/2 MILE OR LESS
8 = SMOKE OR HAZE
[NO. OF DAYS WITH] [WEATHER - DAYS WITH] 9 = BLOWING SNOW
X = TORNADO
MAX 32 OR BELOW: 10 0.01 INCH OR MORE: 9
MAX 90 OR ABOVE: 0 0.10 INCH OR MORE: 4
MIN 32 OR BELOW: 31 0.50 INCH OR MORE: 0
MIN 0 OR BELOW: 0 1.00 INCH OR MORE: 0
[HDD (BASE 65) ]
TOTAL THIS MO. 1196 CLEAR (SCALE 0-3) 8
DPTR FM NORMAL 298 PTCLDY (SCALE 4-7) 13
TOTAL FM JUL 1 6389 CLOUDY (SCALE 8-10) 10
DPTR FM NORMAL 326
[CDD (BASE 65) ]
TOTAL THIS MO. 0
DPTR FM NORMAL 0 [PRESSURE DATA]
TOTAL FM JAN 1 0 HIGHEST SLP 30.47 ON 17
DPTR FM NORMAL 0 LOWEST SLP 29.33 ON 10
[REMARKS]
#FINAL-03-23#