000
CXUS53 KTOP 032355
CF6LWC
PRELIMINARY LOCAL CLIMATOLOGICAL DATA (WS FORM: F-6)
STATION: LAWRENCE KS
MONTH: DECEMBER
YEAR: 2023
LATITUDE: 39 0 N
LONGITUDE: 95 13 W
TEMPERATURE IN F: :PCPN: SNOW: WIND :SUNSHINE: SKY :PK WND
================================================================================
1 2 3 4 5 6A 6B 7 8 9 10 11 12 13 14 15 16 17 18
12Z AVG MX 2MIN
DY MAX MIN AVG DEP HDD CDD WTR SNW DPTH SPD SPD DIR MIN PSBL S-S WX SPD DR
================================================================================
1 42 26 34 -4 31 0 0.20 M M 7.1 16 320 M M 9 12 27 40
2 38 20 29 -8 36 0 0.02 M M 3.2 10 110 M M 9 12 13 100
3 47 33 40 3 25 0 T M M 8.0 17 340 M M 7 1 23 340
4 54 24 39 3 26 0 0.00 M M 6.3 20 330 M M 2 1 27 360
5 51 20 36 0 29 0 0.00 M M 10.3 23 320 M M 0 31 340
6 57 19 38 2 27 0 0.00 M M 7.5 21 200 M M 0 1 27 190
7 67 44 56 20 9 0 0.00 M M 11.4 25 190 M M 0 36 200
8 62 35 49 14 16 0 0.02 M M 5.2 18 330 M M 7 12 27 320
9 50 32 41 6 24 0 0.00 M M 13.2 25 310 M M 2 34 320
10 48 19 34 -1 31 0 0.00 M M 7.4 15 290 M M 0 20 290
11 54 24 39 5 26 0 0.00 M M 4.5 12 290 M M 0 15 280
12 47 22 35 1 30 0 0.00 M M 5.9 13 30 M M 1 18 40
13 54 27 41 7 24 0 0.00 M M 3.4 8 90 M M 0 8 11 70
14 56 23 40 6 25 0 0.00 M M 2.8 9 180 M M 0 18 11 180
15 50 41 46 13 19 0 0.31 M M 4.6 9 120 M M 7 18 11 100
16 46 38 42 9 23 0 0.10 M M 9.5 18 320 M M 10 1 25 300
17 56 24 40 7 25 0 0.00 M M 5.9 17 320 M M 1 12 23 330
18 43 19 31 -2 34 0 0.00 M M 8.6 20 330 M M 0 26 320
19 52 18 35 3 30 0 0.00 M M 9.0 21 170 M M 0 28 170
20 57 35 46 14 19 0 0.00 M M 7.8 16 190 M M 3 22 200
21 59 51 55 23 10 0 0.02 M M 6.4 12 210 M M 10 1 17 180
22 56 35 46 14 19 0 0.14 M M 4.9 12 230 M M 9 12 14 240
23 61 35 48 16 17 0 0.00 M M 6.7 16 140 M M 10 12 22 150
24 60 40 50 19 15 0 0.83 M M 13.6 22 330 M M 9 1 29 330
25 40 32 36 5 29 0 0.13 M M 13.6 21 290 M M 10 1 28 310
26 36 31 34 3 31 0 0.05 M M 10.7 20 170 M M 10 1 30 170
27 36 33 35 4 30 0 0.01 M M 14.2 23 340 M M 10 1 32 330
28 43 33 38 7 27 0 0.00 M M 12.3 23 310 M M 9 30 310
29 50 28 39 9 26 0 0.00 M M 11.9 21 330 M M 4 26 340
30 51 21 36 6 29 0 0.00 M M 5.3 14 310 M M 0 1 17 310
31 34 29 32 2 33 0 0.00 M M 13.0 23 330 M M 9 30 340
================================================================================
SM 1557 911 775 0 1.83 M 254.2 M 148
================================================================================
AV 50.2 29.4 8.2 FASTST M M 5 MAX(MPH)
MISC ----> # 25 190 36 200
================================================================================
NOTES:
# LAST OF SEVERAL OCCURRENCES
COLUMN 17 PEAK WIND IN M.P.H.
PRELIMINARY LOCAL CLIMATOLOGICAL DATA (WS FORM: F-6) , PAGE 2
STATION: LAWRENCE KS
MONTH: DECEMBER
YEAR: 2023
LATITUDE: 39 0 N
LONGITUDE: 95 13 W
[TEMPERATURE DATA] [PRECIPITATION DATA] SYMBOLS USED IN COLUMN 16
AVERAGE MONTHLY: 39.8 TOTAL FOR MONTH: 1.83 1 = FOG OR MIST
DPTR FM NORMAL: 6.4 DPTR FM NORMAL: 0.45 2 = FOG REDUCING VISIBILITY
HIGHEST: 67 ON 7 GRTST 24HR 0.95 ON 24-25 TO 1/4 MILE OR LESS
LOWEST: 18 ON 19 3 = THUNDER
SNOW, ICE PELLETS, HAIL 4 = ICE PELLETS
TOTAL MONTH: M 5 = HAIL
GRTST 24HR M ON M 6 = FREEZING RAIN OR DRIZZLE
GRTST DEPTH: M ON M 7 = DUSTSTORM OR SANDSTORM:
VSBY 1/2 MILE OR LESS
8 = SMOKE OR HAZE
[NO. OF DAYS WITH] [WEATHER - DAYS WITH] 9 = BLOWING SNOW
X = TORNADO
MAX 32 OR BELOW: 0 0.01 INCH OR MORE: 11
MAX 90 OR ABOVE: 0 0.10 INCH OR MORE: 6
MIN 32 OR BELOW: 19 0.50 INCH OR MORE: 1
MIN 0 OR BELOW: 0 1.00 INCH OR MORE: 0
[HDD (BASE 65) ]
TOTAL THIS MO. 775 CLEAR (SCALE 0-3) 15
DPTR FM NORMAL -204 PTCLDY (SCALE 4-7) 4
TOTAL FM JUL 1 1672 CLOUDY (SCALE 8-10) 12
DPTR FM NORMAL -307
[CDD (BASE 65) ]
TOTAL THIS MO. 0
DPTR FM NORMAL 0 [PRESSURE DATA]
TOTAL FM JAN 1 1673 HIGHEST SLP 30.65 ON 14
DPTR FM NORMAL 210 LOWEST SLP 29.57 ON 7
[REMARKS]
#FINAL-12-23#