000
CXUS53 KDMX 010910
CF6LWD
PRELIMINARY LOCAL CLIMATOLOGICAL DATA (WS FORM: F-6)
STATION: LAMONI IA
MONTH: DECEMBER
YEAR: 2023
LATITUDE: 40 37 N
LONGITUDE: 93 56 W
TEMPERATURE IN F: :PCPN: SNOW: WIND :SUNSHINE: SKY :PK WND
================================================================================
1 2 3 4 5 6A 6B 7 8 9 10 11 12 13 14 15 16 17 18
12Z AVG MX 2MIN
DY MAX MIN AVG DEP HDD CDD WTR SNW DPTH SPD SPD DIR MIN PSBL S-S WX SPD DR
================================================================================
1 36 30 33 -1 32 0 0.26 M M 9.3 20 20 M M 10 16 28 40
2 35 33 34 0 31 0 0.00 0.0 M 1.9 10 150 M M 10 1 14 150
3 36 32 34 1 31 0 0.00 0.0 M 6.3 13 220 M M 10 1 17 10
4 39 29 34 1 31 0 0.03 0.0 M 8.9 16 250 M M 8 1 22 250
5 38 25 32 0 33 0 0.00 0.0 M 10.7 22 330 M M 6 29 350
6 50 21 36 4 29 0 0.00 0.0 M 11.8 23 210 M M 0 1 32 210
7 62 36 49 17 16 0 0.00 0.0 M 12.2 22 180 M M 0 31 170
8 56 41 49 17 16 0 0.00 0.0 M 8.0 17 230 M M 2 25 240
9 48 25 37 6 28 0 T M M 17.1 35 290 M M 7 45 290
10 42 19 31 0 34 0 0.00 0.0 M 8.7 16 300 M M 1 21 270
11 48 29 39 9 26 0 0.00 0.0 M 5.6 12 270 M M 1 8 16 270
12 36 27 32 2 33 0 0.00 0.0 M 5.5 15 10 M M 4 20 360
13 48 25 37 7 28 0 0.00 0.0 M 4.7 10 140 M M 3 14 150
14 54 32 43 13 22 0 0.00 0.0 M 6.9 14 180 M M 0 20 180
15 51 40 46 17 19 0 0.05 0.0 M 5.3 13 90 M M 7 17 90
16 44 35 40 11 25 0 0.18 0.0 M 9.2 18 310 M M 10 12 25 290
17 47 31 39 10 26 0 0.00 0.0 M 11.1 20 320 M M 4 26 320
18 34 20 27 -1 38 0 0.00 0.0 M 12.3 24 320 M M 0 34 320
19 43 19 31 3 34 0 0.00 0.0 M 9.8 20 170 M M 0 28 170
20 49 31 40 12 25 0 0.00 0.0 M 6.4 12 200 M M 2 17 150
21 55 46 51 23 14 0 T 0.0 M 6.6 12 190 M M 10 16 180
22 53 46 50 22 15 0 0.25 0.0 M 5.1 8 220 M M 10 12 12 180
23 54 44 49 22 16 0 0.00 0.0 M 8.1 16 150 M M 10 1 22 150
24 57 44 51 24 14 0 0.83 0.0 M 11.7 20 140 M M 8 1 30 160
25 44 31 38 11 27 0 0.96 0.0 M 12.2 21 220 M M 10 1 28 200
26 33 30 32 6 33 0 0.06 M M 8.9 16 150 M M 10 1 24 150
27 34 32 33 7 32 0 0.08 M M 11.3 18 10 M M 10 1 24 360
28 35 30 33 7 32 0 0.00 0.0 M 13.9 24 340 M M 7 35 340
29 43 28 36 10 29 0 0.00 0.0 M 10.6 21 340 M M 5 29 340
30 43 25 34 8 31 0 0.00 0.0 M 10.4 21 340 M M 1 28 340
31 32 26 29 3 36 0 0.00 0.0 M 13.3 23 310 M M 10 31 300
================================================================================
SM 1379 962 836 0 2.70 0.0 283.8 M 176
================================================================================
AV 44.5 31.0 9.2 FASTST M M 6 MAX(MPH)
MISC ----> 35 290 45 290
================================================================================
NOTES:
# LAST OF SEVERAL OCCURRENCES
COLUMN 17 PEAK WIND IN M.P.H.
PRELIMINARY LOCAL CLIMATOLOGICAL DATA (WS FORM: F-6) , PAGE 2
STATION: LAMONI IA
MONTH: DECEMBER
YEAR: 2023
LATITUDE: 40 37 N
LONGITUDE: 93 56 W
[TEMPERATURE DATA] [PRECIPITATION DATA] SYMBOLS USED IN COLUMN 16
AVERAGE MONTHLY: 37.8 TOTAL FOR MONTH: 2.70 1 = FOG OR MIST
DPTR FM NORMAL: 8.5 DPTR FM NORMAL: 1.22 2 = FOG REDUCING VISIBILITY
HIGHEST: 62 ON 7 GRTST 24HR 1.78 ON 24-25 TO 1/4 MILE OR LESS
LOWEST: 19 ON 19,10 3 = THUNDER
SNOW, ICE PELLETS, HAIL 4 = ICE PELLETS
TOTAL MONTH: 0.0 INCH 5 = HAIL
GRTST 24HR 0.0 6 = FREEZING RAIN OR DRIZZLE
GRTST DEPTH: M ON M 7 = DUSTSTORM OR SANDSTORM:
VSBY 1/2 MILE OR LESS
8 = SMOKE OR HAZE
[NO. OF DAYS WITH] [WEATHER - DAYS WITH] 9 = BLOWING SNOW
X = TORNADO
MAX 32 OR BELOW: 1 0.01 INCH OR MORE: 9
MAX 90 OR ABOVE: 0 0.10 INCH OR MORE: 5
MIN 32 OR BELOW: 22 0.50 INCH OR MORE: 2
MIN 0 OR BELOW: 0 1.00 INCH OR MORE: 0
[HDD (BASE 65) ]
TOTAL THIS MO. 836 CLEAR (SCALE 0-3) 11
DPTR FM NORMAL -271 PTCLDY (SCALE 4-7) 9
TOTAL FM JUL 1 1826 CLOUDY (SCALE 8-10) 11
DPTR FM NORMAL -478
[CDD (BASE 65) ]
TOTAL THIS MO. 0
DPTR FM NORMAL 0 [PRESSURE DATA]
TOTAL FM JAN 1 1126 HIGHEST SLP 30.69 ON 13
DPTR FM NORMAL 88 LOWEST SLP 29.54 ON 7
[REMARKS]
#FINAL-12-23#