313
CXUS53 KILX 020219
CF6LWV
PRELIMINARY LOCAL CLIMATOLOGICAL DATA (WS FORM: F-6)
STATION: LAWRENCEVILLE IL AIRPORT
MONTH: NOVEMBER
YEAR: 2020
LATITUDE: 38 45 N
LONGITUDE: 87 36 W
TEMPERATURE IN F: :PCPN: SNOW: WIND :SUNSHINE: SKY :PK WND
================================================================================
1 2 3 4 5 6A 6B 7 8 9 10 11 12 13 14 15 16 17 18
12Z AVG MX 2MIN
DY MAX MIN AVG DEP HDD CDD WTR SNW DPTH SPD SPD DIR MIN PSBL S-S WX SPD DR
================================================================================
1 54 32 43 -9 22 0 0.00 M M 16.7 32 300 M M 1 43 300
2 53 25 39 -13 26 0 0.00 M M 7.1 14 210 M M 0 20 260
3 68 33 51 -1 14 0 0.00 M M 7.7 16 200 M M 0 20 180
4 74 43 59 8 6 0 0.00 M M 8.9 17 190 M M 0 24 200
5 71 47 59 8 6 0 0.00 M M 8.2 17 210 M M 0 22 190
6 73 43 58 8 7 0 0.00 M M 5.9 14 190 M M 0 19 180
7 76 40 58 8 7 0 0.00 M M 3.9 13 200 M M 0 1 17 200
8 82 57 70 20 0 5 0.00 M M 7.3 22 180 M M 6 27 180
9 79 56 68 19 0 3 0.00 M M 8.3 24 180 M M 7 34 180
10 79 57 68 19 0 3 T M M 15.7 29 180 M M 9 36 190
11 57 36 47 -1 18 0 T M M 10.2 20 310 M M 4 23 300
12 57 31 44 -4 21 0 0.00 M M 4.7 14 70 M M 1 18 60
13 51 29 40 -8 25 0 0.00 M M 7.3 21 310 M M 1 28 320
14 62 30 46 -1 19 0 0.51 M M 9.0 26 180 M M 7 3 36 170
15 64 40 52 5 13 0 0.60 M M 16.7 38 260 M M 5 1 53 260
16 60 32 46 0 19 0 0.00 M M 11.7 24 200 M M 0 30 210
17 48 28 38 -8 27 0 0.00 M M 10.4 26 310 M M 0 37 320
18 54 26 40 -5 25 0 0.00 M M 9.4 20 160 M M 0 27 170
19 68 38 53 8 12 0 0.00 M M 17.6 32 190 M M 0 41 190
20 67 46 57 13 8 0 0.00 M M 8.1 18 200 M M 7 23 210
21 57 45 51 7 14 0 0.42 M M 11.8 20 30 M M 10 1 24 30
22 45 36 41 -3 24 0 0.79 M M 11.2 21 340 M M 9 1 28 330
23 49 30 40 -3 25 0 0.00 M M 3.0 8 80 M M 3 12 9 80
24 54 44 49 6 16 0 0.07 M M 8.3 18 170 M M 5 23 160
25 62 48 55 13 10 0 1.61 M M 12.8 30 240 M M 10 1 40 240
26 52 47 50 8 15 0 0.00 M M 7.6 15 260 M M 10 1 M M
27 55 37 46 5 19 0 0.00 M M 5.8 14 330 M M 6 8 18 340
28 50 30 40 -1 25 0 0.00 M M 2.8 7 210 M M 0 18 10 340
29 52 30 41 1 24 0 T M M 4.7 23 330 M M 3 8 34 320
30 42 31 37 -3 28 0 0.01 M M 20.4 29 330 M M 10 1 37 330
================================================================================
SM 1815 1147 475 11 4.01 M 283.2 M 114
================================================================================
AV 60.5 38.2 9.4 FASTST M M 4 MAX(MPH)
MISC ----> 38 260 53 260
================================================================================
NOTES:
# LAST OF SEVERAL OCCURRENCES
COLUMN 17 PEAK WIND IN M.P.H.
PRELIMINARY LOCAL CLIMATOLOGICAL DATA (WS FORM: F-6) , PAGE 2
STATION: LAWRENCEVILLE IL AIRPORT
MONTH: NOVEMBER
YEAR: 2020
LATITUDE: 38 45 N
LONGITUDE: 87 36 W
[TEMPERATURE DATA] [PRECIPITATION DATA] SYMBOLS USED IN COLUMN 16
AVERAGE MONTHLY: 49.4 TOTAL FOR MONTH: 4.01 1 = FOG OR MIST
DPTR FM NORMAL: 3.1 DPTR FM NORMAL: 0.04 2 = FOG REDUCING VISIBILITY
HIGHEST: 82 ON 8 GRTST 24HR 1.68 ON 24-25 TO 1/4 MILE OR LESS
LOWEST: 25 ON 2 3 = THUNDER
SNOW, ICE PELLETS, HAIL 4 = ICE PELLETS
TOTAL MONTH: M 5 = HAIL
GRTST 24HR M ON M 6 = FREEZING RAIN OR DRIZZLE
GRTST DEPTH: M ON M 7 = DUSTSTORM OR SANDSTORM:
VSBY 1/2 MILE OR LESS
8 = SMOKE OR HAZE
[NO. OF DAYS WITH] [WEATHER - DAYS WITH] 9 = BLOWING SNOW
X = TORNADO
MAX 32 OR BELOW: 0 0.01 INCH OR MORE: 7
MAX 90 OR ABOVE: 0 0.10 INCH OR MORE: 5
MIN 32 OR BELOW: 12 0.50 INCH OR MORE: 4
MIN 0 OR BELOW: 0 1.00 INCH OR MORE: 1
[HDD (BASE 65) ]
TOTAL THIS MO. 475 CLEAR (SCALE 0-3) 15
DPTR FM NORMAL -86 PTCLDY (SCALE 4-7) 9
TOTAL FM JUL 1 801 CLOUDY (SCALE 8-10) 6
DPTR FM NORMAL -57
[CDD (BASE 65) ]
TOTAL THIS MO. 11
DPTR FM NORMAL 10 [PRESSURE DATA]
TOTAL FM JAN 1 1227 HIGHEST SLP 30.62 ON 18
DPTR FM NORMAL -160 LOWEST SLP 29.52 ON 15
[REMARKS]
#FINAL-11-20#