000
CXUS53 KILX 012135
CLMLWV
CLIMATE REPORT
NATIONAL WEATHER SERVICE LINCOLN IL
335 PM CST MON JAN 01 2024
...................................
...THE LAWRENCEVILLE IL AIRPORT CLIMATE SUMMARY FOR THE MONTH OF DECEMBER 2023...
CLIMATE NORMAL PERIOD 1991 TO 2020
CLIMATE RECORD PERIOD 9999 TO 9999
WEATHER OBSERVED NORMAL DEPART LAST YEAR`S
VALUE DATE(S) VALUE FROM VALUE
NORMAL
..............................................................
TEMPERATURE (F)
RECORD
HIGH MM MM
LOW -6 12/23/2022
HIGHEST 68 12/09 MM MM 57
12/24
LOWEST 18 12/19 MM MM -6
AVG. MAXIMUM 52.5 43.4 9.1 42.3
AVG. MINIMUM 34.7 27.4 7.3 27.2
MEAN 43.6 35.4 8.2 34.8
DAYS MAX >= 90 0 0.0 0.0 0
DAYS MAX <= 32 0 5.3 -5.3 6
DAYS MIN <= 32 13 21.9 -8.9 18
DAYS MIN <= 0 0 0.7 -0.7 2
PRECIPITATION (INCHES)
RECORD
MAXIMUM 4.02 2021
MINIMUM 2.61 2020
TOTALS 2.42R 2.66 -0.24 2.82
DAILY AVG. 0.08 0.09 -0.01 0.09
DAYS >= .01 11 9.4 1.6 9
DAYS >= .10 6 5.3 0.7 5
DAYS >= .50 2 2.1 -0.1 2
DAYS >= 1.00 0 0.4 -0.4 1
GREATEST
24 HR. TOTAL 0.75 12/16 TO 12/17 1.25
DEGREE DAYS
HEATING TOTAL 656 918 -262 931
SINCE 7/1 1348 1826 -478 MM
COOLING TOTAL 0 0 0 0
SINCE 1/1 1445 1379 66 MM
..............................................................
WIND (MPH)
AVERAGE WIND SPEED 8.9
HIGHEST WIND SPEED/DIRECTION 36/320 DATE 12/18
HIGHEST GUST SPEED/DIRECTION 46/310 DATE 12/18
AVERAGE RH (PERCENT) 73
WEATHER CONDITIONS. NUMBER OF DAYS WITH
THUNDERSTORM 0 MIXED PRECIP 1
HEAVY RAIN 1 RAIN 5
LIGHT RAIN 11 FREEZING RAIN 0
LT FREEZING RAIN 0 HAIL 0
HEAVY SNOW 0 SNOW 0
LIGHT SNOW 4 SLEET 0
FOG 14 FOG W/VIS <= 1/4 MILE 0
HAZE 3
- INDICATES NEGATIVE NUMBERS.
R INDICATES RECORD WAS SET OR TIED.
MM INDICATES DATA IS MISSING.
T INDICATES TRACE AMOUNT.
$$