000
CXUS53 KEAX 010736
CF6LXT
PRELIMINARY LOCAL CLIMATOLOGICAL DATA (WS FORM: F-6)
STATION: LEE`S SUMMIT MO
MONTH: JUNE
YEAR: 2021
LATITUDE: 38 57 N
LONGITUDE: 94 22 W
TEMPERATURE IN F: :PCPN: SNOW: WIND :SUNSHINE: SKY :PK WND
================================================================================
1 2 3 4 5 6A 6B 7 8 9 10 11 12 13 14 15 16 17 18
12Z AVG MX 2MIN
DY MAX MIN AVG DEP HDD CDD WTR SNW DPTH SPD SPD DIR MIN PSBL S-S WX SPD DR
================================================================================
1 71 57 64 -7 1 0 0.02 M M 4.4 12 70 M M 9 18 14 40
2 76 53 65 -6 0 0 0.00 M M 4.4 12 80 M M 1 1 15 80
3 82 57 70 -1 0 5 0.00 M M 4.2 10 190 M M 1 17 20
4 85 61 73 1 0 8 0.00 M M 9.7 16 210 M M 1 22 210
5 85 66 76 4 0 11 0.00 M M 9.8 17 200 M M 1 23 190
6 83 67 75 3 0 10 T M M 9.5 16 200 M M 4 24 210
7 85 66 76 3 0 11 0.00 M M 6.5 14 180 M M 1 20 170
8 87 66 77 4 0 12 0.00 M M 5.1 10 160 M M 1 M M
9 91 69 80 7 0 15 0.00 M M 4.0 10 80 M M 1 15 80
10 91 72 82 8 0 17 0.00 M M 5.1 10 160 M M 1 17 110
11 91 67 79 5 0 14 0.42 M M 8.5 38 10 M M 2 138 53 100
12 87 69 78 4 0 13 0.00 M M 7.4 16 10 M M 3 24 10
13 89 61 75 1 0 10 0.00 M M 3.8 13 50 M M 0 16 30
14 94 65 80 5 0 15 0.00 M M 3.5 13 310 M M 0 16 320
15 91 68 80 5 0 15 0.00 M M 5.9 10 40 M M 1 16 80
16 92 71 82 7 0 17 0.00 M M 8.0 14 160 M M 2 21 160
17 97 73 85 10 0 20 0.00 M M 9.1 22 20 M M 0 31 20
18 97 78 88 12 0 23 0.00 M M 14.3 22 210 M M 0 31 220
19 93 77 85 9 0 20 T M M 11.6 20 210 M M 1 27 220
20 95 73 84 8 0 19 M M M 14.1 20 220 M M 4 13 31 190
21 M M M M M M M M M M M M M M M M M
22 86 M M M M M 0.00 M M 12.1 23 200 M M 0 34 220
23 87 66 77 0 0 12 0.00 M M 14.3 25 200 M M 2 34 210
24 89 71 80 3 0 15 0.43 M M 11.9 22 30 M M 5 13 30 190
25 87 68 78 1 0 13 1.13 M M 11.4 26 180 M M 8 138 40 170
26 81 67 74 -3 0 9 0.57 M M 10.2 24 190 M M 6 18 34 180
27 77 65 71 -6 0 6 0.00 M M 2.3 7 40 M M 6 1 10 80
28 75 69 72 -6 0 7 0.38 M M 3.3 13 190 M M 6 13 15 180
29 78 68 73 -5 0 8 0.30 M M 3.9 12 150 M M 6 1 17 140
30 76 70 73 -5 0 8 1.26 M M 4.6 14 230 M M 9 13 18 240
================================================================================
SM 2498 1880 1 333 4.51 M 222.9 M 82
================================================================================
AV 86.1 67.1 7.7 FASTST M M 3 MAX(MPH)
MISC ----> 38 10 53 100
================================================================================
NOTES:
# LAST OF SEVERAL OCCURRENCES
COLUMN 17 PEAK WIND IN M.P.H.
PRELIMINARY LOCAL CLIMATOLOGICAL DATA (WS FORM: F-6) , PAGE 2
STATION: LEE`S SUMMIT MO
MONTH: JUNE
YEAR: 2021
LATITUDE: 38 57 N
LONGITUDE: 94 22 W
[TEMPERATURE DATA] [PRECIPITATION DATA] SYMBOLS USED IN COLUMN 16
AVERAGE MONTHLY: 76.6 TOTAL FOR MONTH: 4.51 1 = FOG OR MIST
DPTR FM NORMAL: 1.9 DPTR FM NORMAL: -0.44 2 = FOG REDUCING VISIBILITY
HIGHEST: 97 ON 18,17 GRTST 24HR 1.56 ON 25-26 TO 1/4 MILE OR LESS
LOWEST: 53 ON 2 3 = THUNDER
SNOW, ICE PELLETS, HAIL 4 = ICE PELLETS
TOTAL MONTH: M 5 = HAIL
GRTST 24HR M ON M 6 = FREEZING RAIN OR DRIZZLE
GRTST DEPTH: M ON M 7 = DUSTSTORM OR SANDSTORM:
VSBY 1/2 MILE OR LESS
8 = SMOKE OR HAZE
[NO. OF DAYS WITH] [WEATHER - DAYS WITH] 9 = BLOWING SNOW
X = TORNADO
MAX 32 OR BELOW: 0 0.01 INCH OR MORE: 8
MAX 90 OR ABOVE: 10 0.10 INCH OR MORE: 7
MIN 32 OR BELOW: 0 0.50 INCH OR MORE: 3
MIN 0 OR BELOW: 0 1.00 INCH OR MORE: 2
[HDD (BASE 65) ]
TOTAL THIS MO. 1 CLEAR (SCALE 0-3) 18
DPTR FM NORMAL -4 PTCLDY (SCALE 4-7) 8
TOTAL FM JUL 1 4655 CLOUDY (SCALE 8-10) 4
DPTR FM NORMAL -128
[CDD (BASE 65) ]
TOTAL THIS MO. 333
DPTR FM NORMAL 37 [PRESSURE DATA]
TOTAL FM JAN 1 424 HIGHEST SLP M ON M
DPTR FM NORMAL -4 LOWEST SLP 29.66 ON 11
[REMARKS]
#FINAL-06-21#