000
CXUS54 KLZK 011230
CF6M19
PRELIMINARY LOCAL CLIMATOLOGICAL DATA (WS FORM: F-6)
STATION: NEWPORT AIRPORT
MONTH: JUNE
YEAR: 2023
LATITUDE: 35 35 N
LONGITUDE: 91 16 W
TEMPERATURE IN F: :PCPN: SNOW: WIND :SUNSHINE: SKY :PK WND
================================================================================
1 2 3 4 5 6A 6B 7 8 9 10 11 12 13 14 15 16 17 18
12Z AVG MX 2MIN
DY MAX MIN AVG DEP HDD CDD WTR SNW DPTH SPD SPD DIR MIN PSBL S-S WX SPD DR
================================================================================
1 91 66 79 5 0 14 0.00 M M 5.8 12 90 M M 1 8 M M
2 92 68 80 6 0 15 0.00 M M 4.5 12 80 M M 2 38 M M
3 93 66 80 5 0 15 0.00 M M 8.2 17 30 M M 1 22 60
4 94 64 79 4 0 14 0.00 M M 6.8 10 360 M M 2 8 M M
5 92 68 80 5 0 15 0.00 M M 8.2 22 130 M M 1 38 26 130
6 89 62 76 0 0 11 0.00 M M 5.2 9 360 M M 0 M M
7 92 60 76 0 0 11 0.00 M M 6.0 21 20 M M 1 M M
8 81 70 76 0 0 11 0.00 M M 4.7 18 340 M M 5 13 23 340
9 85 66 76 0 0 11 0.00 M M 5.0 10 60 M M 4 1 M M
10 81 67 74 -3 0 9 0.00 M M 6.5 41 260 M M 4 138 48 270
11 90 67 79 2 0 14 0.00 M M 10.6 16 210 M M 4 13 39 260
12 79 64 72 -5 0 7 0.00 M M 6.4 14 10 M M 4 M M
13 82 60 71 -6 0 6 0.00 M M 6.3 13 200 M M 2 M M
14 84 63 74 -4 0 9 0.00 M M 6.0 32 320 M M 4 13 38 320
15 88 70 79 1 0 14 0.00 M M 3.7 14 30 M M 4 12 M M
16 90 71 81 3 0 16 0.00 M M 5.4 13 230 M M 3 18 M M
17 89 69 79 1 0 14 0.00 M M 4.3 8 110 M M 3 1 M M
18 82 67 75 -4 0 10 0.46 M M 8.8 28 230 M M 5 3 47 240
19 89 67 78 -1 0 13 0.00 M M 6.9 12 50 M M 1 M M
20 87 68 78 -1 0 13 0.00 M M 7.0 13 40 M M 0 1 M M
21 86 69 78 -1 0 13 0.00 M M 8.9 13 40 M M 1 M M
22 86 68 77 -2 0 12 0.00 M M 7.9 14 30 M M 2 21 50
23 91 66 79 -1 0 14 0.00 M M 4.9 12 210 M M 2 M M
24 93 70 82 2 0 17 0.00 M M 9.9 17 200 M M 1 22 200
25 98 72 85 5 0 20 0.00 M M 9.5 45 310 M M 2 138 61 300
26 91 69 80 0 0 15 0.00 M M 7.6 14 280 M M 0 M M
27 90 65 78 -2 0 13 0.00 M M 5.6 10 280 M M 0 8 M M
28 94 70 82 2 0 17 0.00 M M 7.7 15 290 M M 2 13 M M
29 97 76 87 7 0 22 0.00 M M 9.9 14 200 M M 1 1 M M
30 98 78 88 8 0 23 0.00 M M 7.8 15 210 M M 0 M M
================================================================================
SM 2674 2026 0 408 0.46 M 206.2 M 62
================================================================================
AV 89.1 67.5 6.9 FASTST M M 2 MAX(MPH)
MISC ----> 45 310 61 300
================================================================================
NOTES:
# LAST OF SEVERAL OCCURRENCES
COLUMN 17 PEAK WIND IN M.P.H.
PRELIMINARY LOCAL CLIMATOLOGICAL DATA (WS FORM: F-6) , PAGE 2
STATION: NEWPORT AIRPORT
MONTH: JUNE
YEAR: 2023
LATITUDE: 35 35 N
LONGITUDE: 91 16 W
[TEMPERATURE DATA] [PRECIPITATION DATA] SYMBOLS USED IN COLUMN 16
AVERAGE MONTHLY: 78.3 TOTAL FOR MONTH: 0.46 1 = FOG OR MIST
DPTR FM NORMAL: 0.5 DPTR FM NORMAL: -3.04 2 = FOG REDUCING VISIBILITY
HIGHEST: 98 ON 25,30 GRTST 24HR 0.46 ON 18-18 TO 1/4 MILE OR LESS
LOWEST: 60 ON 13, 7 3 = THUNDER
SNOW, ICE PELLETS, HAIL 4 = ICE PELLETS
TOTAL MONTH: M 5 = HAIL
GRTST 24HR M ON M 6 = FREEZING RAIN OR DRIZZLE
GRTST DEPTH: M ON M 7 = DUSTSTORM OR SANDSTORM:
VSBY 1/2 MILE OR LESS
8 = SMOKE OR HAZE
[NO. OF DAYS WITH] [WEATHER - DAYS WITH] 9 = BLOWING SNOW
X = TORNADO
MAX 32 OR BELOW: 0 0.01 INCH OR MORE: 1
MAX 90 OR ABOVE: 16 0.10 INCH OR MORE: 1
MIN 32 OR BELOW: 0 0.50 INCH OR MORE: 0
MIN 0 OR BELOW: 0 1.00 INCH OR MORE: 0
[HDD (BASE 65) ]
TOTAL THIS MO. 0 CLEAR (SCALE 0-3) 22
DPTR FM NORMAL -1 PTCLDY (SCALE 4-7) 8
TOTAL FM JUL 1 3078 CLOUDY (SCALE 8-10) 0
DPTR FM NORMAL -541
[CDD (BASE 65) ]
TOTAL THIS MO. 408
DPTR FM NORMAL 24 [PRESSURE DATA]
TOTAL FM JAN 1 676 HIGHEST SLP M ON M
DPTR FM NORMAL 67 LOWEST SLP M ON M
[REMARKS]
#FINAL-06-23#