000
CXUS54 KLZK 011330
CF6M19
PRELIMINARY LOCAL CLIMATOLOGICAL DATA (WS FORM: F-6)
STATION: NEWPORT AIRPORT
MONTH: DECEMBER
YEAR: 2022
LATITUDE: 35 35 N
LONGITUDE: 91 16 W
TEMPERATURE IN F: :PCPN: SNOW: WIND :SUNSHINE: SKY :PK WND
================================================================================
1 2 3 4 5 6A 6B 7 8 9 10 11 12 13 14 15 16 17 18
12Z AVG MX 2MIN
DY MAX MIN AVG DEP HDD CDD WTR SNW DPTH SPD SPD DIR MIN PSBL S-S WX SPD DR
================================================================================
1 46 28 37 -7 28 0 T M M 6.5 12 100 M M 2 8 M M
2 62 40 51 7 14 0 0.01 M M 11.0 17 170 M M 10 M M
3 60 32 46 3 19 0 0.00 M M 11.4 22 340 M M 2 31 330
4 41 30 36 -7 29 0 T M M 5.1 8 20 M M 7 M M
5 48 40 44 1 21 0 0.05 M M 5.4 9 170 M M 10 1 M M
6 66 47 57 15 8 0 0.23 M M 7.0 14 190 M M 10 123 M M
7 64 52 58 16 7 0 0.38 M M 6.4 12 350 M M 10 1 M M
8 55 49 52 10 13 0 0.71 M M 9.1 18 360 M M 10 1 21 10
9 64 49 57 16 8 0 0.00 M M 4.2 9 360 M M 5 12 M M
10 50 43 47 6 18 0 0.05 M M 9.7 20 30 M M 9 18 24 340
11 47 43 45 4 20 0 0.02 M M 11.9 18 30 M M 10 1 M M
12 45 42 44 4 21 0 0.01 M M 10.5 14 30 M M 10 1 M M
13 61 44 53 13 12 0 0.00 M M 10.6 27 140 M M 10 13 32 140
14 60 41 51 11 14 0 0.02 M M 7.7 20 290 M M 7 1 25 290
15 47 34 41 1 24 0 0.00 M M 11.4 18 230 M M 0 24 260
16 46 30 38 -1 27 0 0.00 M M 11.4 18 240 M M 1 23 240
17 45 29 37 -2 28 0 0.00 M M 10.0 18 290 M M 0 23 290
18 45 25 35 -4 30 0 T M M 4.7 8 180 M M 0 8 M M
19 44 30 37 -2 28 0 T M M 5.3 9 40 M M 6 8 M M
20 47 30 39 0 26 0 0.00 M M 8.5 14 30 M M 5 M M
21 44 29 37 -1 28 0 T M M 6.8 12 30 M M 3 1 M M
22 44 1 23 -15 42 0 0.02 M M 15.7 35 320 M M 8 1 46 310
23 15 0 8 -30 57 0 0.00 M M 17.5 24 310 M M 0 33 310
24 30 11 21 -17 44 0 0.00 M M 11.7 17 310 M M 2 23 290
25 35 18 27 -11 38 0 0.00 M M 7.9 14 320 M M 3 M M
26 39 26 33 -5 32 0 T M M 11.2 18 330 M M 9 16 330
27 38 20 29 -9 36 0 0.00 M M 8.4 15 340 M M 4 M M
28 56 24 40 3 25 0 0.00 M M 12.5 21 180 M M 1 M M
29 63 53 58 21 7 0 0.35 M M 17.4 24 170 M M 10 31 170
30 60 47 54 17 11 0 0.66 M M 8.3 18 170 M M 9 12 M M
31 54 45 50 13 15 0 T M M 5.0 10 130 M M 7 12 M M
================================================================================
SM 1521 1032 730 0 2.51 M 290.1 M 180
================================================================================
AV 49.1 33.3 9.4 FASTST M M 6 MAX(MPH)
MISC ----> 35 320 46 310
================================================================================
NOTES:
# LAST OF SEVERAL OCCURRENCES
COLUMN 17 PEAK WIND IN M.P.H.
PRELIMINARY LOCAL CLIMATOLOGICAL DATA (WS FORM: F-6) , PAGE 2
STATION: NEWPORT AIRPORT
MONTH: DECEMBER
YEAR: 2022
LATITUDE: 35 35 N
LONGITUDE: 91 16 W
[TEMPERATURE DATA] [PRECIPITATION DATA] SYMBOLS USED IN COLUMN 16
AVERAGE MONTHLY: 41.2 TOTAL FOR MONTH: 2.51 1 = FOG OR MIST
DPTR FM NORMAL: 1.4 DPTR FM NORMAL: -2.70 2 = FOG REDUCING VISIBILITY
HIGHEST: 66 ON 6 GRTST 24HR 0.71 ON 8- 8 TO 1/4 MILE OR LESS
LOWEST: 0 ON 23 3 = THUNDER
SNOW, ICE PELLETS, HAIL 4 = ICE PELLETS
TOTAL MONTH: M 5 = HAIL
GRTST 24HR M ON M 6 = FREEZING RAIN OR DRIZZLE
GRTST DEPTH: M ON M 7 = DUSTSTORM OR SANDSTORM:
VSBY 1/2 MILE OR LESS
8 = SMOKE OR HAZE
[NO. OF DAYS WITH] [WEATHER - DAYS WITH] 9 = BLOWING SNOW
X = TORNADO
MAX 32 OR BELOW: 2 0.01 INCH OR MORE: 12
MAX 90 OR ABOVE: 0 0.10 INCH OR MORE: 5
MIN 32 OR BELOW: 16 0.50 INCH OR MORE: 2
MIN 0 OR BELOW: 1 1.00 INCH OR MORE: 0
[HDD (BASE 65) ]
TOTAL THIS MO. 730 CLEAR (SCALE 0-3) 10
DPTR FM NORMAL -51 PTCLDY (SCALE 4-7) 8
TOTAL FM JUL 1 1396 CLOUDY (SCALE 8-10) 13
DPTR FM NORMAL -28
[CDD (BASE 65) ]
TOTAL THIS MO. 0
DPTR FM NORMAL 0 [PRESSURE DATA]
TOTAL FM JAN 1 1966 HIGHEST SLP M ON M
DPTR FM NORMAL 85 LOWEST SLP M ON M
[REMARKS]
#FINAL-12-22#