000
CXUS56 KHNX 011539
CF6MAE
PRELIMINARY LOCAL CLIMATOLOGICAL DATA (WS FORM: F-6)
STATION: MADERA CA AIRPORT
MONTH: FEBRUARY
YEAR: 2022
LATITUDE: 36 58 N
LONGITUDE: 120 7 W
TEMPERATURE IN F: :PCPN: SNOW: WIND :SUNSHINE: SKY :PK WND
================================================================================
1 2 3 4 5 6A 6B 7 8 9 10 11 12 13 14 15 16 17 18
12Z AVG MX 2MIN
DY MAX MIN AVG DEP HDD CDD WTR SNW DPTH SPD SPD DIR MIN PSBL S-S WX SPD DR
================================================================================
1 54 30 42 -7 23 0 0.00 0.0 0 4.1 13 310 M M 3 128 29 30
2 57 27 42 -8 23 0 0.00 0.0 0 2.3 9 10 M M 1 128 15 30
3 60 30 45 -5 20 0 0.00 0.0 0 3.5 10 120 M M 0 18 13 140
4 67 31 49 -1 16 0 0.00 0.0 0 2.7 9 170 M M 0 18 16 30
5 63 31 47 -3 18 0 0.00 0.0 0 1.4 6 350 M M 0 18 14 20
6 67 31 49 -1 16 0 0.00 0.0 0 1.6 10 60 M M 0 18 150
7 70 32 51 1 14 0 0.00 0.0 0 2.4 8 270 M M 0 18 20 20
8 72 34 53 3 12 0 0.00 0.0 0 1.2 6 70 M M 0 1 15 90
9 71 35 53 2 12 0 0.00 0.0 0 2.2 8 60 M M 0 8 M M
10 76 38 57 6 8 0 0.00 0.0 0 2.4 8 80 M M 0 18 18 30
11 76 42 59 8 6 0 0.00 0.0 0 3.2 8 300 M M 0 18 11 320
12 81 41 61 10 4 0 0.00 0.0 0 3.5 9 170 M M 0 12 120
13 81 39 60 9 5 0 0.00 0.0 0 0.7 6 350 M M 0 1 7 70
14 76 42 59 7 6 0 0.00 0.0 0 5.3 14 310 M M 0 19 310
15 60 37 49 -3 16 0 0.00 0.0 0 9.0 18 320 M M 1 24 330
16 64 31 48 -4 17 0 0.00 0.0 0 4.0 9 150 M M 0 13 150
17 70 33 52 0 13 0 0.00 0.0 0 3.7 10 130 M M 0 13 160
18 68 34 51 -1 14 0 0.00 0.0 0 2.4 8 110 M M 0 M M
19 72 33 53 1 12 0 0.00 0.0 0 2.3 12 340 M M 0 M M
20 72 37 55 2 10 0 0.00 0.0 0 5.6 16 310 M M 0 24 310
21 60 37 49 -4 16 0 0.00 0.0 0 7.1 17 340 M M 3 22 300
22 56 36 46 -7 19 0 0.04 0.0 0 5.0 23 290 M M 8 1 33 300
23 54 30 42 -11 23 0 0.00 0.0 0 6.8 18 340 M M 3 12 21 320
24 58 27 43 -10 22 0 0.00 0.0 0 4.1 12 140 M M 0 23 110
25 60 27 44 -10 21 0 0.00 0.0 0 2.7 9 290 M M 0 16 20
26 65 30 48 -6 17 0 0.00 0.0 0 1.9 8 90 M M 0 10 160
27 70 34 52 -2 13 0 0.00 0.0 0 2.5 8 340 M M 0 18 M M
28 74 37 56 2 9 0 0.00 0.0 0 3.4 9 330 M M 0 39 30
================================================================================
SM 1874 946 405 0 0.04 0.0 97.0 M 19
================================================================================
AV 66.9 33.8 3.5 FASTST M M 1 MAX(MPH)
MISC ----> 23 290 39 30
================================================================================
NOTES:
# LAST OF SEVERAL OCCURRENCES
COLUMN 17 PEAK WIND IN M.P.H.
PRELIMINARY LOCAL CLIMATOLOGICAL DATA (WS FORM: F-6) , PAGE 2
STATION: MADERA CA AIRPORT
MONTH: FEBRUARY
YEAR: 2022
LATITUDE: 36 58 N
LONGITUDE: 120 7 W
[TEMPERATURE DATA] [PRECIPITATION DATA] SYMBOLS USED IN COLUMN 16
AVERAGE MONTHLY: 50.4 TOTAL FOR MONTH: 0.04 1 = FOG OR MIST
DPTR FM NORMAL: -1.3 DPTR FM NORMAL: -1.95 2 = FOG REDUCING VISIBILITY
HIGHEST: 81 ON 13,12 GRTST 24HR 0.04 ON 22-22 TO 1/4 MILE OR LESS
LOWEST: 27 ON 25,24 3 = THUNDER
SNOW, ICE PELLETS, HAIL 4 = ICE PELLETS
TOTAL MONTH: 0.0 INCH 5 = HAIL
GRTST 24HR 0.0 6 = FREEZING RAIN OR DRIZZLE
GRTST DEPTH: 0 7 = DUSTSTORM OR SANDSTORM:
VSBY 1/2 MILE OR LESS
8 = SMOKE OR HAZE
[NO. OF DAYS WITH] [WEATHER - DAYS WITH] 9 = BLOWING SNOW
X = TORNADO
MAX 32 OR BELOW: 0 0.01 INCH OR MORE: 1
MAX 90 OR ABOVE: 0 0.10 INCH OR MORE: 0
MIN 32 OR BELOW: 12 0.50 INCH OR MORE: 0
MIN 0 OR BELOW: 0 1.00 INCH OR MORE: 0
[HDD (BASE 65) ]
TOTAL THIS MO. 405 CLEAR (SCALE 0-3) 26
DPTR FM NORMAL 33 PTCLDY (SCALE 4-7) 2
TOTAL FM JUL 1 1910 CLOUDY (SCALE 8-10) 0
DPTR FM NORMAL 36
[CDD (BASE 65) ]
TOTAL THIS MO. 0
DPTR FM NORMAL 0 [PRESSURE DATA]
TOTAL FM JAN 1 0 HIGHEST SLP 30.48 ON 4
DPTR FM NORMAL 0 LOWEST SLP 29.83 ON 15
[REMARKS]
#FINAL-02-22#