000
CXUS52 KTAE 010800
CF6MAI
PRELIMINARY LOCAL CLIMATOLOGICAL DATA (WS FORM: F-6)
STATION: MARIANNA
MONTH: SEPTEMBER
YEAR: 2023
LATITUDE: 30 50 N
LONGITUDE: 85 11 W
TEMPERATURE IN F: :PCPN: SNOW: WIND :SUNSHINE: SKY :PK WND
================================================================================
1 2 3 4 5 6A 6B 7 8 9 10 11 12 13 14 15 16 17 18
12Z AVG MX 2MIN
DY MAX MIN AVG DEP HDD CDD WTR SNW DPTH SPD SPD DIR MIN PSBL S-S WX SPD DR
================================================================================
1 88 75 82 1 0 17 0.51 0.0 M 7.8 21 70 M M 7 13 25 60
2 85 71 78 -3 0 13 0.29 0.0 0 6.8 14 70 M M 7 1 17 70
3 89 72 81 0 0 16 0.00 0.0 0 4.3 10 140 M M 3 15 160
4 92 69 81 0 0 16 0.00 0.0 0 2.5 8 100 M M 1 13 110
5 92 69 81 1 0 16 0.00 0.0 0 3.1 9 60 M M 0 13 150
6 93 70 82 2 0 17 0.00 0.0 0 2.7 10 350 M M 1 15 360
7 95 71 83 3 0 18 0.00 0.0 0 5.7 15 270 M M 1 20 260
8 93 72 83 3 0 18 0.00 0.0 0 4.7 14 200 M M 1 18 210
9 92 71 82 2 0 17 0.00 0.0 0 3.6 14 180 M M 1 19 180
10 95 69 82 2 0 17 0.00 0.0 0 2.4 10 190 M M 1 1 14 190
11 95 69 82 2 0 17 0.00 0.0 0 3.3 12 160 M M 1 18 180
12 91 71 81 1 0 16 3.36 0.0 0 2.6 25 150 M M 2 123 36 150
13 91 69 80 1 0 15 T M M 2.3 15 280 M M 2 20 280
14 91 70 81 2 0 16 0.00 0.0 M 3.7 15 360 M M 1 23 10
15 89 71 80 1 0 15 0.00 0.0 0 6.2 14 60 M M 6 19 40
16 89 72 81 2 0 16 T 0.0 0 5.8 18 210 M M 6 3 24 200
17 89 68 79 0 0 14 0.09 0.0 M 4.3 14 340 M M 2 1 18 330
18 87 61 74 -4 0 9 0.00 0.0 M 2.8 14 340 M M 0 20 30
19 87 58 73 -5 0 8 0.00 M M 2.1 9 90 M M 0 14 80
20 85 62 74 -4 0 9 0.00 M M 5.9 14 100 M M 2 23 130
21 89 67 78 0 0 13 0.00 0.0 M 7.9 18 30 M M 2 24 40
22 87 63 75 -3 0 10 0.00 0.0 0 5.7 16 70 M M 2 22 90
23 89 58 74 -3 0 9 0.00 0.0 0 2.0 14 360 M M 0 19 340
24 91 60 76 -1 0 11 0.00 0.0 0 2.3 12 230 M M 1 19 280
25 91 61 76 -1 0 11 0.00 0.0 0 2.5 12 110 M M 1 16 110
26 81 71 76 0 0 11 0.42 0.0 M 6.2 16 60 M M 8 13 21 80
27 75 69 72 -4 0 7 0.00 0.0 0 10.7 16 60 M M 10 22 50
28 81 65 73 -3 0 8 0.00 0.0 0 8.8 17 50 M M 5 22 60
29 87 62 75 -1 0 10 0.00 M M 7.5 16 60 M M 0 21 50
30 90 65 78 3 0 13 0.00 0.0 0 7.4 18 70 M M 0 27 70
================================================================================
SM 2669 2021 0 403 4.67 0.0 143.6 M 74
================================================================================
AV 89.0 67.4 4.8 FASTST M M 2 MAX(MPH)
MISC ----> 25 150 36 150
================================================================================
NOTES:
# LAST OF SEVERAL OCCURRENCES
COLUMN 17 PEAK WIND IN M.P.H.
PRELIMINARY LOCAL CLIMATOLOGICAL DATA (WS FORM: F-6) , PAGE 2
STATION: MARIANNA
MONTH: SEPTEMBER
YEAR: 2023
LATITUDE: 30 50 N
LONGITUDE: 85 11 W
[TEMPERATURE DATA] [PRECIPITATION DATA] SYMBOLS USED IN COLUMN 16
AVERAGE MONTHLY: 78.2 TOTAL FOR MONTH: 4.67 1 = FOG OR MIST
DPTR FM NORMAL: -0.5 DPTR FM NORMAL: 0.61 2 = FOG REDUCING VISIBILITY
HIGHEST: 95 ON 11,10 GRTST 24HR 3.36 ON 12-12 TO 1/4 MILE OR LESS
LOWEST: 58 ON 23,19 3 = THUNDER
SNOW, ICE PELLETS, HAIL 4 = ICE PELLETS
TOTAL MONTH: 0.0 INCH 5 = HAIL
GRTST 24HR 0.0 6 = FREEZING RAIN OR DRIZZLE
GRTST DEPTH: 0 7 = DUSTSTORM OR SANDSTORM:
VSBY 1/2 MILE OR LESS
8 = SMOKE OR HAZE
[NO. OF DAYS WITH] [WEATHER - DAYS WITH] 9 = BLOWING SNOW
X = TORNADO
MAX 32 OR BELOW: 0 0.01 INCH OR MORE: 5
MAX 90 OR ABOVE: 14 0.10 INCH OR MORE: 4
MIN 32 OR BELOW: 0 0.50 INCH OR MORE: 2
MIN 0 OR BELOW: 0 1.00 INCH OR MORE: 1
[HDD (BASE 65) ]
TOTAL THIS MO. 0 CLEAR (SCALE 0-3) 23
DPTR FM NORMAL 0 PTCLDY (SCALE 4-7) 5
TOTAL FM JUL 1 0 CLOUDY (SCALE 8-10) 2
DPTR FM NORMAL 0
[CDD (BASE 65) ]
TOTAL THIS MO. 403
DPTR FM NORMAL -7 [PRESSURE DATA]
TOTAL FM JAN 1 2702 HIGHEST SLP M ON M
DPTR FM NORMAL 185 LOWEST SLP 29.80 ON 7
[REMARKS]
#FINAL-09-23#