000
CXUS53 KABR 041719
CLAMBG
CLIMATE REPORT
NATIONAL WEATHER SERVICE ABERDEEN SD
1119 AM CST WED JAN 04 2023
...................................
...THE MOBRIDGE SD CLIMATE SUMMARY FOR THE YEAR OF 2022...
CLIMATE NORMAL PERIOD 1991 TO 2020
CLIMATE RECORD PERIOD 1911 TO 2023
WEATHER OBSERVED NORMAL DEPART LAST YEAR`S
VALUE DATE(S) VALUE FROM VALUE DATE(S)
NORMAL
................................................................
TEMPERATURE (F)
RECORD
HIGH 116 07/15/2006
07/16/1936
LOW -44 02/19/1929
HIGHEST 106 08/02 MM MM 104 07/03
LOWEST -20 02/23 MM MM -30 02/14
AVG. MAXIMUM 58.3 58.2 0.1 62.1
AVG. MINIMUM 33.0 34.6 -1.6 36.3
MEAN 45.7 46.4 -0.7 49.2
DAYS MAX >= 90 39 28.9 10.1 55
DAYS MAX <= 32 70 64.9 5.1 42
DAYS MIN <= 32 179 170.8 8.2 165
DAYS MIN <= 0 36 29.0 7.0 20
PRECIPITATION (INCHES)
RECORD
MAXIMUM 29.53 2019
MINIMUM 6.15 1934
TOTALS 16.98 17.99 -1.01 15.91
DAILY AVG. 0.05 0.05 0.00 0.04
DAYS >= .01 86 91.2 -5.2 84
DAYS >= .10 31 38.1 -7.1 33
DAYS >= .50 12 9.8 2.2 10
DAYS >= 1.00 2 2.7 -0.7 3
SNOWFALL (INCHES)
RECORDS
TOTAL 104.1 2019
TOTALS 15.7 31.0 -15.3 7.8
LIQUID EQUIV 1.60 3.10 -1.50 0.80
SINCE 7/1 11.2 11.0 0.2 MM
LIQUID 7/1 1.12 1.00 0.12 MM
DAYS >= TRACE 66 23.0 43.0 57
DAYS >= 1.0 7 10.5 -3.5 4
DEGREE DAYS
HEATING TOTAL 7881 7549 332 6709
SINCE 7/1 3182 2961 221 MM
COOLING TOTAL 968 812 156 1133
SINCE 1/1 968 812 156 MM
................................................................
WIND (MPH)
AVERAGE WIND SPEED 11.3
HIGHEST WIND SPEED/DIRECTION 45/300 DATE 04/14
HIGHEST GUST SPEED/DIRECTION 65/300 DATE 04/14
- INDICATES NEGATIVE NUMBERS.
R INDICATES RECORD WAS SET OR TIED.
MM INDICATES DATA IS MISSING.
T INDICATES TRACE AMOUNT.
$$