000
CXUS53 KABR 011412
CLMMBG
CLIMATE REPORT
NATIONAL WEATHER SERVICE ABERDEEN SD
912 AM CDT SAT APR 01 2023
...................................
...THE MOBRIDGE SD CLIMATE SUMMARY FOR THE MONTH OF MARCH 2023...
CLIMATE NORMAL PERIOD 1991 TO 2020
CLIMATE RECORD PERIOD 1911 TO 2023
WEATHER OBSERVED NORMAL DEPART LAST YEAR`S
VALUE DATE(S) VALUE FROM VALUE DATE(S)
NORMAL
................................................................
TEMPERATURE (F)
RECORD
HIGH 84 03/27/1946
03/23/1939
LOW -22 03/10/1948
03/03/1916
HIGHEST 43 03/03 MM MM 77 03/20
LOWEST -6 03/13 MM MM -1 03/11
AVG. MAXIMUM 30.3 44.6 -14.3 46.9
AVG. MINIMUM 11.1 22.2 -11.1 19.5
MEAN 20.7 33.4 -12.7 33.2
DAYS MAX >= 90 0 0.0 0.0 0
DAYS MAX <= 32 21 7.0 14.0 6
DAYS MIN <= 32 31 26.8 4.2 30
DAYS MIN <= 0 3 2.3 0.7 2
PRECIPITATION (INCHES)
RECORD
MAXIMUM 3.98 1966
MINIMUM T 1927
TOTALS 1.19 0.71 0.48 0.18
DAYS >= .01 9 7.1 1.9 6
DAYS >= .10 5 1.8 3.2 0
DAYS >= .50 0 0.3 -0.3 0
DAYS >= 1.00 0 0.0 0.0 0
SNOWFALL (INCHES)
RECORDS
TOTAL 36.3 1966
SNOW DEPTH MM MM
TOTALS 14.5 4.1 10.4 0.5
SINCE 7/1 32.2 27.8 4.4 MM
SNOWDEPTH AVG. 7 -1
DAYS >= TRACE 17 4.0 13.0 9
DAYS >= 1.0 6 1.0 5.0 0
GREATEST
SNOW DEPTH 14 03/10 MM 03/30
03/11
03/10
03/14
DEGREE DAYS
HEATING TOTAL 1366 980 386 979
SINCE 7/1 7159 6666 493 MM
COOLING TOTAL 0 0 0 0
SINCE 1/1 0 0 0 MM
FREEZE DATES
RECORD
EARLIEST MM
LATEST MM
EARLIEST 10/07
LATEST 05/22
................................................................
WIND (MPH)
AVERAGE WIND SPEED 10.8
RESULTANT WIND SPEED/DIRECTION 4/040
HIGHEST WIND SPEED/DIRECTION 37/140 DATE 03/11
HIGHEST GUST SPEED/DIRECTION 49/130 DATE 03/11
SKY COVER
POSSIBLE SUNSHINE (PERCENT) MM
AVERAGE SKY COVER 0.48
NUMBER OF DAYS FAIR 14
NUMBER OF DAYS PC 7
NUMBER OF DAYS CLOUDY 10
AVERAGE RH (PERCENT) 74
WEATHER CONDITIONS. NUMBER OF DAYS WITH
THUNDERSTORM 0 MIXED PRECIP 0
HEAVY RAIN 0 RAIN 0
LIGHT RAIN 0 FREEZING RAIN 0
LT FREEZING RAIN 2 HAIL 0
HEAVY SNOW 2 SNOW 7
LIGHT SNOW 14 SLEET 0
FOG 19 FOG W/VIS <= 1/4 MILE 4
HAZE 15
- INDICATES NEGATIVE NUMBERS.
R INDICATES RECORD WAS SET OR TIED.
MM INDICATES DATA IS MISSING.
T INDICATES TRACE AMOUNT.
$$